{"id":4803,"date":"2024-02-16T09:45:57","date_gmt":"2024-02-16T09:45:57","guid":{"rendered":"http:\/\/bursa3radom.pl\/?page_id=4803"},"modified":"2025-11-01T10:49:15","modified_gmt":"2025-11-01T10:49:15","slug":"polityka-ochrony-maloletnich-przed-krzywdzeniem","status":"publish","type":"page","link":"https:\/\/bursa3radom.pl\/?page_id=4803","title":{"rendered":"Polityka ochrony ma\u0142oletnich przed krzywdzeniem"},"content":{"rendered":"\n<p>Bursa Szkolna Nr 3 w Radomiu wprowadzi\u0142a zgodnie z ustaw\u0105 Polityk\u0119 ochrony ma\u0142oletnich obowi\u0105zuj\u0105c\u0105 od 15 lutego 2024 r. Pe\u0142na tre\u015b\u0107 dokumentu znajduje si\u0119 w pliku poni\u017cej. Jest te\u017c dost\u0119pna do wgl\u0105du w naszej bibliotece. <\/p>\n\n\n\n<div data-wp-interactive=\"core\/file\" class=\"wp-block-file\"><object data-wp-bind--hidden=\"!state.hasPdfPreview\" hidden class=\"wp-block-file__embed\" data=\"http:\/\/bursa3radom.pl\/wp-content\/uploads\/2025\/11\/polityka-ochrony-maloletnich.pdf\" type=\"application\/pdf\" style=\"width:100%;height:600px\" aria-label=\"Osadzone z polityka ochrony ma\u0142oletnich.\"><\/object><a id=\"wp-block-file--media-c9139e17-e079-4d2f-8671-f38fd706449c\" href=\"http:\/\/bursa3radom.pl\/wp-content\/uploads\/2025\/11\/polityka-ochrony-maloletnich.pdf\">polityka ochrony ma\u0142oletnich<\/a><a href=\"http:\/\/bursa3radom.pl\/wp-content\/uploads\/2025\/11\/polityka-ochrony-maloletnich.pdf\" class=\"wp-block-file__button wp-element-button\" download aria-describedby=\"wp-block-file--media-c9139e17-e079-4d2f-8671-f38fd706449c\">Pobierz<\/a><\/div>\n\n\n\n<div data-wp-interactive=\"core\/file\" class=\"wp-block-file\"><object data-wp-bind--hidden=\"!state.hasPdfPreview\" hidden class=\"wp-block-file__embed\" data=\"http:\/\/bursa3radom.pl\/wp-content\/uploads\/2024\/08\/polityka-ochrony-maloletnich-.pdf\" type=\"application\/pdf\" style=\"width:100%;height:600px\" aria-label=\"Osadzone z polityka ochrony ma\u0142oletnich wersja skr\u00f3cona.\"><\/object><a id=\"wp-block-file--media-82c6002c-632e-4298-95a3-fc13baa3b223\" href=\"http:\/\/bursa3radom.pl\/wp-content\/uploads\/2024\/08\/polityka-ochrony-maloletnich-.pdf\">polityka ochrony ma\u0142oletnich wersja skr\u00f3cona<\/a><a href=\"http:\/\/bursa3radom.pl\/wp-content\/uploads\/2024\/08\/polityka-ochrony-maloletnich-.pdf\" class=\"wp-block-file__button wp-element-button\" download aria-describedby=\"wp-block-file--media-82c6002c-632e-4298-95a3-fc13baa3b223\">Pobierz<\/a><\/div>\n","protected":false},"excerpt":{"rendered":"<p>Bursa Szkolna Nr 3 w Radomiu wprowadzi\u0142a zgodnie z ustaw\u0105 Polityk\u0119 ochrony ma\u0142oletnich obowi\u0105zuj\u0105c\u0105 od 15 lutego 2024 r. Pe\u0142na tre\u015b\u0107 dokumentu znajduje si\u0119 w pliku poni\u017cej. Jest te\u017c dost\u0119pna do wgl\u0105du w naszej bibliotece.<\/p>\n","protected":false},"author":1,"featured_media":4998,"parent":0,"menu_order":0,"comment_status":"closed","ping_status":"closed","template":"","meta":{"footnotes":""},"class_list":["post-4803","page","type-page","status-publish","has-post-thumbnail","hentry"],"_links":{"self":[{"href":"https:\/\/bursa3radom.pl\/index.php?rest_route=\/wp\/v2\/pages\/4803","targetHints":{"allow":["GET"]}}],"collection":[{"href":"https:\/\/bursa3radom.pl\/index.php?rest_route=\/wp\/v2\/pages"}],"about":[{"href":"https:\/\/bursa3radom.pl\/index.php?rest_route=\/wp\/v2\/types\/page"}],"author":[{"embeddable":true,"href":"https:\/\/bursa3radom.pl\/index.php?rest_route=\/wp\/v2\/users\/1"}],"replies":[{"embeddable":true,"href":"https:\/\/bursa3radom.pl\/index.php?rest_route=%2Fwp%2Fv2%2Fcomments&post=4803"}],"version-history":[{"count":8,"href":"https:\/\/bursa3radom.pl\/index.php?rest_route=\/wp\/v2\/pages\/4803\/revisions"}],"predecessor-version":[{"id":5442,"href":"https:\/\/bursa3radom.pl\/index.php?rest_route=\/wp\/v2\/pages\/4803\/revisions\/5442"}],"wp:featuredmedia":[{"embeddable":true,"href":"https:\/\/bursa3radom.pl\/index.php?rest_route=\/wp\/v2\/media\/4998"}],"wp:attachment":[{"href":"https:\/\/bursa3radom.pl\/index.php?rest_route=%2Fwp%2Fv2%2Fmedia&parent=4803"}],"curies":[{"name":"wp","href":"https:\/\/api.w.org\/{rel}","templated":true}]}}

Polityka ochrony małoletnich przed krzywdzeniem

<p>Bursa Szkolna Nr 3 w Radomiu wprowadziła zgodnie z ustawą Politykę ochrony małoletnich obowiązującą od 15 lutego 2024 r. Pełna treść dokumentu znajduje się w pliku poniżej. Jest też dostępna do wglądu w naszej bibliotece. </p>



<div data-wp-interactive="core/file" class="wp-block-file"><object data-wp-bind--hidden="!state.hasPdfPreview" hidden class="wp-block-file__embed" data="http://bursa3radom.pl/wp-content/uploads/2025/11/polityka-ochrony-maloletnich.pdf" type="application/pdf" style="width:100%;height:600px" aria-label="Osadzone z polityka ochrony małoletnich."></object><a id="wp-block-file--media-c9139e17-e079-4d2f-8671-f38fd706449c" href="http://bursa3radom.pl/wp-content/uploads/2025/11/polityka-ochrony-maloletnich.pdf">polityka ochrony małoletnich</a><a href="http://bursa3radom.pl/wp-content/uploads/2025/11/polityka-ochrony-maloletnich.pdf" class="wp-block-file__button wp-element-button" download aria-describedby="wp-block-file--media-c9139e17-e079-4d2f-8671-f38fd706449c">Pobierz</a></div>



<div data-wp-interactive="core/file" class="wp-block-file"><object data-wp-bind--hidden="!state.hasPdfPreview" hidden class="wp-block-file__embed" data="http://bursa3radom.pl/wp-content/uploads/2024/08/polityka-ochrony-maloletnich-.pdf" type="application/pdf" style="width:100%;height:600px" aria-label="Osadzone z polityka ochrony małoletnich wersja skrócona."></object><a id="wp-block-file--media-82c6002c-632e-4298-95a3-fc13baa3b223" href="http://bursa3radom.pl/wp-content/uploads/2024/08/polityka-ochrony-maloletnich-.pdf">polityka ochrony małoletnich wersja skrócona</a><a href="http://bursa3radom.pl/wp-content/uploads/2024/08/polityka-ochrony-maloletnich-.pdf" class="wp-block-file__button wp-element-button" download aria-describedby="wp-block-file--media-82c6002c-632e-4298-95a3-fc13baa3b223">Pobierz</a></div>

<p>Bursa Szkolna Nr 3 w Radomiu wprowadziła zgodnie z ustawą Politykę ochrony małoletnich obowiązującą od 15 lutego 2024 r. Pełna treść dokumentu znajduje się w pliku poniżej. Jest też dostępna do wglądu w naszej bibliotece.</p>
