{"id":345,"date":"2014-04-12T13:53:21","date_gmt":"2014-04-12T13:53:21","guid":{"rendered":"http:\/\/bursa3radom.pl\/?page_id=345"},"modified":"2017-03-19T17:36:58","modified_gmt":"2017-03-19T17:36:58","slug":"sekcja-gospodarcza","status":"publish","type":"page","link":"https:\/\/bursa3radom.pl\/?page_id=345","title":{"rendered":"Sekcja gospodarcza"},"content":{"rendered":"<p><strong>Sekcja gospodarcza<\/strong><\/p>\n<p>W bursie dzia\u0142a sekcja gospodarcza, kt\u00f3rej zadaniem jest:<\/p>\n<p>* propagowanie zasad racjonalnego gospodarowania wod\u0105 i energi\u0105 elektryczn\u0105,<\/p>\n<p>* udzia\u0142 w pracach spo\u0142ecznie- u\u017cytecznych wok\u00f3\u0142 budynku polegaj\u0105cych m.in. na wysadzaniu kwiat\u00f3w na rabatach i jesiennych porz\u0105dkach tj. grabieniu li\u015bci jesieni\u0105, zabezpieczaniu krzew\u00f3w ozdobnych przed zim\u0105,<\/p>\n<p>* cz\u0142onkowie sekcji organizuj\u0105 wymian\u0119 bielizny po\u015bcielowej, prowadz\u0105 akcj\u0119 odzyskiwania naczy\u0144 wynoszonych z jadalni, akcj\u0119 przypominaj\u0105c\u0105 o zmianie obuwia i inne.<\/p>\n<p>* sekcja wsp\u00f3\u0142pracuje z konserwatorem w zakresie drobnych napraw i przeprowadzania akcji porz\u0105dkowych.<\/p>\n<p>* promuje zachowania ekologiczne poprzez segregacj\u0119 \u015bmieci, zbieranie nakr\u0119tek, makulatury, zu\u017cytych baterii.<\/p>\n<p>Ponadto :<\/p>\n<ul>\n<li>Cz\u0142onkowie sekcji maj\u0105 wp\u0142yw na funkcjonowanie pracowni kulinarnej, pralni i suszarni poprzez m.in. wnioskowanie o zakup urz\u0105dze\u0144, zasady udost\u0119pniania pomieszcze\u0144 i inne.<\/li>\n<li>M\u0142odzie\u017c Bursy opiekuje si\u0119 obeliskiem przy ulicy Warszawskiej upami\u0119tniaj\u0105cym pomordowanych w czasie II wojny \u015bwiatowej.<\/li>\n<\/ul>\n","protected":false},"excerpt":{"rendered":"<p>Sekcja gospodarcza W bursie dzia\u0142a sekcja gospodarcza, kt\u00f3rej zadaniem jest: * propagowanie zasad racjonalnego gospodarowania wod\u0105 i energi\u0105 elektryczn\u0105, * udzia\u0142 w pracach spo\u0142ecznie- u\u017cytecznych wok\u00f3\u0142 budynku polegaj\u0105cych m.in. na wysadzaniu kwiat\u00f3w na rabatach i jesiennych porz\u0105dkach tj. grabieniu li\u015bci jesieni\u0105, zabezpieczaniu krzew\u00f3w ozdobnych przed zim\u0105, * cz\u0142onkowie sekcji organizuj\u0105 wymian\u0119 bielizny po\u015bcielowej, prowadz\u0105 akcj\u0119 odzyskiwania naczy\u0144 wynoszonych z jadalni, akcj\u0119 przypominaj\u0105c\u0105 o zmianie obuwia i inne. * sekcja wsp\u00f3\u0142pracuje&#8230;<\/p>\n","protected":false},"author":1,"featured_media":0,"parent":0,"menu_order":0,"comment_status":"closed","ping_status":"open","template":"","meta":{"footnotes":""},"class_list":["post-345","page","type-page","status-publish","hentry"],"_links":{"self":[{"href":"https:\/\/bursa3radom.pl\/index.php?rest_route=\/wp\/v2\/pages\/345","targetHints":{"allow":["GET"]}}],"collection":[{"href":"https:\/\/bursa3radom.pl\/index.php?rest_route=\/wp\/v2\/pages"}],"about":[{"href":"https:\/\/bursa3radom.pl\/index.php?rest_route=\/wp\/v2\/types\/page"}],"author":[{"embeddable":true,"href":"https:\/\/bursa3radom.pl\/index.php?rest_route=\/wp\/v2\/users\/1"}],"replies":[{"embeddable":true,"href":"https:\/\/bursa3radom.pl\/index.php?rest_route=%2Fwp%2Fv2%2Fcomments&post=345"}],"version-history":[{"count":2,"href":"https:\/\/bursa3radom.pl\/index.php?rest_route=\/wp\/v2\/pages\/345\/revisions"}],"predecessor-version":[{"id":1800,"href":"https:\/\/bursa3radom.pl\/index.php?rest_route=\/wp\/v2\/pages\/345\/revisions\/1800"}],"wp:attachment":[{"href":"https:\/\/bursa3radom.pl\/index.php?rest_route=%2Fwp%2Fv2%2Fmedia&parent=345"}],"curies":[{"name":"wp","href":"https:\/\/api.w.org\/{rel}","templated":true}]}}

<p><strong>Sekcja gospodarcza</strong></p>
<p>W bursie działa sekcja gospodarcza, której zadaniem jest:</p>
<p>* propagowanie zasad racjonalnego gospodarowania wodą i energią elektryczną,</p>
<p>* udział w pracach społecznie- użytecznych wokół budynku polegających m.in. na wysadzaniu kwiatów na rabatach i jesiennych porządkach tj. grabieniu liści jesienią, zabezpieczaniu krzewów ozdobnych przed zimą,</p>
<p>* członkowie sekcji organizują wymianę bielizny pościelowej, prowadzą akcję odzyskiwania naczyń wynoszonych z jadalni, akcję przypominającą o zmianie obuwia i inne.</p>
<p>* sekcja współpracuje z konserwatorem w zakresie drobnych napraw i przeprowadzania akcji porządkowych.</p>
<p>* promuje zachowania ekologiczne poprzez segregację śmieci, zbieranie nakrętek, makulatury, zużytych baterii.</p>
<p>Ponadto :</p>
<ul>
<li>Członkowie sekcji mają wpływ na funkcjonowanie pracowni kulinarnej, pralni i suszarni poprzez m.in. wnioskowanie o zakup urządzeń, zasady udostępniania pomieszczeń i inne.</li>
<li>Młodzież Bursy opiekuje się obeliskiem przy ulicy Warszawskiej upamiętniającym pomordowanych w czasie II wojny światowej.</li>
</ul>

<p>Sekcja gospodarcza W bursie działa sekcja gospodarcza, której zadaniem jest: * propagowanie zasad racjonalnego gospodarowania wodą i energią elektryczną, * udział w pracach społecznie- użytecznych wokół budynku polegających m.in. na wysadzaniu kwiatów na rabatach i jesiennych porządkach tj. grabieniu liści jesienią, zabezpieczaniu krzewów ozdobnych przed zimą, * członkowie sekcji organizują wymianę bielizny pościelowej, prowadzą akcję odzyskiwania naczyń wynoszonych z jadalni, akcję przypominającą o zmianie obuwia i inne. * sekcja współpracuje&#8230;</p>
