{"id":3429,"date":"2021-04-01T21:48:08","date_gmt":"2021-04-01T21:48:08","guid":{"rendered":"http:\/\/bursa3radom.pl\/?page_id=3429"},"modified":"2024-01-28T11:55:08","modified_gmt":"2024-01-28T11:55:08","slug":"deklaracja-dostepnosci","status":"publish","type":"page","link":"https:\/\/bursa3radom.pl\/?page_id=3429","title":{"rendered":"Deklaracja dost\u0119pno\u015bci"},"content":{"rendered":"\n<div class=\"wp-block-file\"><a id=\"wp-block-file--media-09f40a0d-25fd-45fd-b356-b1fad20afe33\" href=\"http:\/\/bursa3radom.pl\/wp-content\/uploads\/2021\/04\/deklaracja-dostepnosci.pdf\">Deklaracja dost\u0119pno\u015bci<\/a><a href=\"http:\/\/bursa3radom.pl\/wp-content\/uploads\/2021\/04\/deklaracja-dostepnosci.pdf\" class=\"wp-block-file__button\" download aria-describedby=\"wp-block-file--media-09f40a0d-25fd-45fd-b356-b1fad20afe33\">Pobierz PDF<\/a><\/div>\n\n\n\n<h2 class=\"wp-block-heading\"><strong>Deklaracja Dost\u0119pno\u015bci<\/strong><\/h2>\n\n\n\n<h3 class=\"wp-block-heading\"><strong>Informacje\nwst\u0119pne&nbsp;<\/strong><\/h3>\n\n\n\n<p><strong>Bursa\nSzkolna Nr 3 w Radomiu&nbsp;<\/strong>zobowi\u0105zuje si\u0119 zapewni\u0107 dost\u0119pno\u015b\u0107 strony\ninternetowej http:\/\/www.bursa3radom.pl\/ zgodnie z ustaw\u0105 z dnia 4 kwietnia 2019\nr. o dost\u0119pno\u015bci cyfrowej stron internetowych i aplikacji mobilnych podmiot\u00f3w\npublicznych.<br>\nO\u015bwiadczenie w sprawie dost\u0119pno\u015bci ma zastosowanie do strony <a href=\"http:\/\/www.bursa3radom.pl\/\">http:\/\/www.bursa3radom.pl\/<\/a>.<\/p>\n\n\n\n<p>Data\npublikacji strony internetowej: 2013-09-11<\/p>\n\n\n\n<p><br>\nData ostatniej du\u017cej aktualizacji: strona aktualizowana jest na&nbsp;bie\u017c\u0105co, strona\njest responsywna od pa\u017adziernika 2019 r. <\/p>\n\n\n\n<p>Strona\ninternetowa jest cz\u0119\u015bciowo zgodna z&nbsp;ustaw\u0105 o&nbsp;dost\u0119pno\u015bci cyfrowej\nstron internetowych i&nbsp;aplikacji mobilnych podmiot\u00f3w publicznych.<br>\nO\u015bwiadczenie sporz\u0105dzono: 2021-04-01<br>\nDeklaracj\u0119 sporz\u0105dzono na&nbsp;podstawie samooceny przeprowadzonej\nprzez&nbsp;podmiot publiczny.<br>\nZale\u017cy nam, aby ka\u017cdy Internauta mia\u0142 pe\u0142ny dost\u0119p do&nbsp;zamieszczanych\nmateria\u0142\u00f3w i&nbsp;funkcjonalno\u015bci, a&nbsp;serwis by\u0142 zgodny\nz&nbsp;mi\u0119dzynarodowymi Wytycznymi dla dost\u0119pno\u015bci tre\u015bci internetowych 2.1\n(WCAG 2.1)<\/p>\n\n\n\n<h3 class=\"wp-block-heading\"><strong>Dost\u0119pno\u015b\u0107\nstrony.&nbsp;Poruszanie si\u0119 bez&nbsp;u\u017cycia myszki<\/strong><\/h3>\n\n\n\n<p>Obs\u0142uga\nstrony jest mo\u017cliwa r\u00f3wnie\u017c przy u\u017cyciu klawiatury. Strony portalu oparte s\u0105\no&nbsp;struktur\u0119 nag\u0142\u00f3wk\u00f3w, kt\u00f3ra&nbsp;umo\u017cliwia szybkie poruszanie si\u0119\npo&nbsp;stronie. Osoby, kt\u00f3re nie&nbsp;korzystaj\u0105 z&nbsp;myszki mog\u0105 swobodnie\nporusza\u0107 si\u0119 po&nbsp;portalu.<\/p>\n\n\n\n<p>Serwis\nzawiera wyszukiwark\u0119, kt\u00f3ra&nbsp;jest dost\u0119pna na&nbsp;stronie g\u0142\u00f3wnej\ni&nbsp;ka\u017cdej podstronie serwisu. Ka\u017cd\u0105 stron\u0119 serwisu mo\u017cna znacz\u0105co\npowi\u0119kszy\u0107 dost\u0119pnymi narz\u0119dziami przegl\u0105darki. W prawym g\u00f3rnym rogu strony\numieszczono narz\u0119dzia u\u0142atwiaj\u0105ce dost\u0119p.<\/p>\n\n\n\n<h3 class=\"wp-block-heading\"><strong>Dokumenty<\/strong><\/h3>\n\n\n\n<p>Na\nstronie Bursy Szkolnej Nr 3 w Radomiu znajduj\u0105 si\u0119 pliki do pobrania, m.in.\ndotycz\u0105ce zamieszkania w bursie, harmonogramu rekrutacji, dokumentacji przy\nzakwaterowaniu. S\u0105 one dost\u0119pne jako pliki nieedytowalne PDF. <strong><br>\n<\/strong><\/p>\n\n\n\n<h3 class=\"wp-block-heading\"><strong>Powi\u0119kszanie\nstrony<\/strong><\/h3>\n\n\n\n<p>Przegl\u0105darki internetowe za\u00a0pomoc\u0105 skr\u00f3t\u00f3w klawiaturowych (Ctrl +) lub odpowiednich ustawie\u0144 umo\u017cliwiaj\u0105 powi\u0119kszenie serwisu. Jest to\u00a0szczeg\u00f3lnie pomocne dla os\u00f3b z\u00a0wad\u0105 wzroku. Zgodnie z ustaw\u0105 po powi\u0119kszeniu do 200% na stronie widoczna jest ca\u0142a jej zawarto\u015b\u0107. Zmiana rozmiaru strony jest dost\u0119pna tak\u017ce z z poziomu narz\u0119dzia u\u0142atwiaj\u0105cego dost\u0119p (ikona bia\u0142ego ludzika na niebieskim tle). <\/p>\n\n\n\n<h3 class=\"wp-block-heading\"><strong>Kontrast<\/strong><\/h3>\n\n\n\n<p>Kontrast\nmo\u017cna ustawi\u0107 za pomoc\u0105 narz\u0119dzia u\u0142atwiaj\u0105cego dost\u0119p (j.w). Obejmuje on wyb\u00f3r\nkolor\u00f3w oraz odwr\u00f3cenie (negatyw). Dodatkowo mo\u017cna u\u017cy\u0107 opcji \u201epodkre\u015bl\nhiper\u0142\u0105cza\u201d. <\/p>\n\n\n\n<h3 class=\"wp-block-heading\"><strong>Filmy\nwideo<\/strong><\/h3>\n\n\n\n<p>Ze\nwzgl\u0119du na wysokie koszty pliki wideo nie obejm\u0105 audiodeskrypcji. <\/p>\n\n\n\n<h3 class=\"wp-block-heading\"><strong>Zrozumia\u0142o\u015b\u0107\ni&nbsp;czytelno\u015b\u0107 tre\u015bci<\/strong><\/h3>\n\n\n\n<p>Tre\u015bci\nzamieszczane na stronie Bursy Szkolnej Nr 3 w Radomiu musz\u0105 by\u0107 zrozumia\u0142e.\nSpos\u00f3b ich prezentowania wp\u0142ywa na lepsz\u0105 czytelno\u015b\u0107 materia\u0142\u00f3w i pomaga w\nodbiorze informacji. D\u0142ugie teksty s\u0105 dzielone na akapity, stosuje si\u0119\nwyr\u00f3\u017cnienia: cytaty i wa\u017cne informacje s\u0105 specjalnie wyr\u00f3\u017cnione.<\/p>\n\n\n\n<h3 class=\"wp-block-heading\"><strong>Wersja\nmobilna \u2014&nbsp;strona responsywna<\/strong><\/h3>\n\n\n\n<p>Serwis\nautomatycznie dostosowuje wy\u015bwietlanie do&nbsp;rozdzielczo\u015bci\noraz&nbsp;wielko\u015bci ekranu. Nie&nbsp;wymaga powi\u0119kszania, ani przewijania\nw&nbsp;kierunku poziomym.<br>\nW&nbsp;urz\u0105dzeniach takich jak tablety, smartfony, telefony kom\u00f3rkowe serwis\njest znacznie bardziej czytelny i&nbsp;przyjazny w&nbsp;obs\u0142udze.<\/p>\n\n\n\n<h3 class=\"wp-block-heading\"><strong>Zapewnienie\ndost\u0119pno\u015bci serwis\u00f3w to&nbsp;proces<\/strong><\/h3>\n\n\n\n<p>Administrator\nstrony stara si\u0119 zapewni\u0107 dost\u0119pno\u015b\u0107 strony, jednak je\u017celi by\u0142yby zauwa\u017cone\nb\u0142\u0119dy, pojawi\u0142yby si\u0119 uwagi lub ch\u0119\u0107 pomocy ze strony odbiorcy tre\u015bci, by\npoprawi\u0107 nasz\u0105 stron\u0119 &nbsp;\u2013 prosimy o\nkontakt pod adres e-mail:<strong> poczta@bs3.radom.pl<\/strong> w temacie wpisuj\u0105c \u201eUwagi do strony\u201d.<\/p>\n\n\n\n<h3 class=\"wp-block-heading\"><strong>Informacje\nzwrotne i&nbsp;dane kontaktowe<\/strong><\/h3>\n\n\n\n<p>W&nbsp;przypadku problem\u00f3w z&nbsp;dost\u0119pno\u015bci\u0105 strony internetowej prosimy o&nbsp;kontakt&nbsp;pod adresem poczty elektronicznej<strong>&nbsp;poczta@bs3.radom.pl<\/strong><\/p>\n\n\n\n<p>T\u0105\nsam\u0105 drog\u0105 mo\u017cna sk\u0142ada\u0107 wnioski o&nbsp;udost\u0119pnienie informacji niedost\u0119pnej\noraz&nbsp;sk\u0142ada\u0107 skargi na&nbsp;brak zapewnienia dost\u0119pno\u015bci.<\/p>\n\n\n\n<h3 class=\"wp-block-heading\"><strong>Procedura<\/strong><\/h3>\n\n\n\n<p>Ka\u017cdy\nma prawo do&nbsp;wyst\u0105pienia z&nbsp;\u017c\u0105daniem zapewnienia dost\u0119pno\u015bci cyfrowej\nstrony internetowej, aplikacji mobilnej lub jakiego\u015b ich elementu. Mo\u017cna tak\u017ce\nza\u017c\u0105da\u0107 udost\u0119pnienia informacji w&nbsp;formach alternatywnych,\nna&nbsp;przyk\u0142ad odczytanie niedost\u0119pnego cyfrowo dokumentu, opisania\nzawarto\u015bci filmu bez&nbsp;audiodeskrypcji itp. \u017b\u0105danie powinno zawiera\u0107 dane\nosoby zg\u0142aszaj\u0105cej \u017c\u0105danie, wskazanie, o&nbsp;kt\u00f3r\u0105 stron\u0119 internetow\u0105 lub\naplikacj\u0119 mobiln\u0105 chodzi oraz&nbsp;spos\u00f3b kontaktu. Je\u017celi osoba \u017c\u0105daj\u0105ca\nzg\u0142asza potrzeb\u0119 otrzymania informacji w&nbsp;formie alternatywnej, powinna\ntak\u017ce okre\u015bli\u0107 form\u0119 tej&nbsp;informacji.<br>\nPodmiot publiczny powinien zrealizowa\u0107 \u017c\u0105danie niezw\u0142ocznie, nie&nbsp;p\u00f3\u017aniej\nni\u017c w&nbsp;ci\u0105gu 7 dni. Je\u017celi dotrzymanie tego terminu nie&nbsp;jest mo\u017cliwe,\npodmiot publiczny niezw\u0142ocznie informuje o&nbsp;tym, kiedy realizacja \u017c\u0105dania\nb\u0119dzie mo\u017cliwa, przy czym termin ten nie&nbsp;mo\u017ce by\u0107 d\u0142u\u017cszy ni\u017c 2 miesi\u0105ce.\nJe\u017celi zapewnienie dost\u0119pno\u015bci nie&nbsp;jest mo\u017cliwe, podmiot publiczny mo\u017ce\nzaproponowa\u0107 alternatywny spos\u00f3b dost\u0119pu do&nbsp;informacji.<br>\nW&nbsp;przypadku, gdy&nbsp;podmiot odm\u00f3wi realizacji \u017c\u0105dania zapewnienia\ndost\u0119pno\u015bci lub alternatywnego dost\u0119pu do&nbsp;informacji, mo\u017cna z\u0142o\u017cy\u0107 skarg\u0119\nna&nbsp;takie dzia\u0142anie.<br>\nPo&nbsp;wyczerpaniu wszystkich mo\u017cliwo\u015bci skarg\u0119 mo\u017cna przes\u0142a\u0107 tak\u017ce\ndo&nbsp;Rzecznika Praw Obywatelskich.<\/p>\n","protected":false},"excerpt":{"rendered":"<p>Deklaracja Dost\u0119pno\u015bci Informacje wst\u0119pne&nbsp; Bursa Szkolna Nr 3 w Radomiu&nbsp;zobowi\u0105zuje si\u0119 zapewni\u0107 dost\u0119pno\u015b\u0107 strony internetowej http:\/\/www.bursa3radom.pl\/ zgodnie z ustaw\u0105 z dnia 4 kwietnia 2019 r. o dost\u0119pno\u015bci cyfrowej stron internetowych i aplikacji mobilnych podmiot\u00f3w publicznych. O\u015bwiadczenie w sprawie dost\u0119pno\u015bci ma zastosowanie do strony http:\/\/www.bursa3radom.pl\/. Data publikacji strony internetowej: 2013-09-11 Data ostatniej du\u017cej aktualizacji: strona aktualizowana jest na&nbsp;bie\u017c\u0105co, strona jest responsywna od pa\u017adziernika 2019 r. Strona internetowa jest cz\u0119\u015bciowo zgodna z&nbsp;ustaw\u0105&#8230;<\/p>\n","protected":false},"author":1,"featured_media":0,"parent":0,"menu_order":0,"comment_status":"closed","ping_status":"closed","template":"","meta":{"footnotes":""},"class_list":["post-3429","page","type-page","status-publish","hentry"],"_links":{"self":[{"href":"https:\/\/bursa3radom.pl\/index.php?rest_route=\/wp\/v2\/pages\/3429","targetHints":{"allow":["GET"]}}],"collection":[{"href":"https:\/\/bursa3radom.pl\/index.php?rest_route=\/wp\/v2\/pages"}],"about":[{"href":"https:\/\/bursa3radom.pl\/index.php?rest_route=\/wp\/v2\/types\/page"}],"author":[{"embeddable":true,"href":"https:\/\/bursa3radom.pl\/index.php?rest_route=\/wp\/v2\/users\/1"}],"replies":[{"embeddable":true,"href":"https:\/\/bursa3radom.pl\/index.php?rest_route=%2Fwp%2Fv2%2Fcomments&post=3429"}],"version-history":[{"count":3,"href":"https:\/\/bursa3radom.pl\/index.php?rest_route=\/wp\/v2\/pages\/3429\/revisions"}],"predecessor-version":[{"id":4774,"href":"https:\/\/bursa3radom.pl\/index.php?rest_route=\/wp\/v2\/pages\/3429\/revisions\/4774"}],"wp:attachment":[{"href":"https:\/\/bursa3radom.pl\/index.php?rest_route=%2Fwp%2Fv2%2Fmedia&parent=3429"}],"curies":[{"name":"wp","href":"https:\/\/api.w.org\/{rel}","templated":true}]}}

Deklaracja dostępności

<div class="wp-block-file"><a id="wp-block-file--media-09f40a0d-25fd-45fd-b356-b1fad20afe33" href="http://bursa3radom.pl/wp-content/uploads/2021/04/deklaracja-dostepnosci.pdf">Deklaracja dostępności</a><a href="http://bursa3radom.pl/wp-content/uploads/2021/04/deklaracja-dostepnosci.pdf" class="wp-block-file__button" download aria-describedby="wp-block-file--media-09f40a0d-25fd-45fd-b356-b1fad20afe33">Pobierz PDF</a></div>



<h2 class="wp-block-heading"><strong>Deklaracja Dostępności</strong></h2>



<h3 class="wp-block-heading"><strong>Informacje
wstępne&nbsp;</strong></h3>



<p><strong>Bursa
Szkolna Nr 3 w Radomiu&nbsp;</strong>zobowiązuje się zapewnić dostępność strony
internetowej http://www.bursa3radom.pl/ zgodnie z ustawą z dnia 4 kwietnia 2019
r. o dostępności cyfrowej stron internetowych i aplikacji mobilnych podmiotów
publicznych.<br>
Oświadczenie w sprawie dostępności ma zastosowanie do strony <a href="http://www.bursa3radom.pl/">http://www.bursa3radom.pl/</a>.</p>



<p>Data
publikacji strony internetowej: 2013-09-11</p>



<p><br>
Data ostatniej dużej aktualizacji: strona aktualizowana jest na&nbsp;bieżąco, strona
jest responsywna od października 2019 r. </p>



<p>Strona
internetowa jest częściowo zgodna z&nbsp;ustawą o&nbsp;dostępności cyfrowej
stron internetowych i&nbsp;aplikacji mobilnych podmiotów publicznych.<br>
Oświadczenie sporządzono: 2021-04-01<br>
Deklarację sporządzono na&nbsp;podstawie samooceny przeprowadzonej
przez&nbsp;podmiot publiczny.<br>
Zależy nam, aby każdy Internauta miał pełny dostęp do&nbsp;zamieszczanych
materiałów i&nbsp;funkcjonalności, a&nbsp;serwis był zgodny
z&nbsp;międzynarodowymi Wytycznymi dla dostępności treści internetowych 2.1
(WCAG 2.1)</p>



<h3 class="wp-block-heading"><strong>Dostępność
strony.&nbsp;Poruszanie się bez&nbsp;użycia myszki</strong></h3>



<p>Obsługa
strony jest możliwa również przy użyciu klawiatury. Strony portalu oparte są
o&nbsp;strukturę nagłówków, która&nbsp;umożliwia szybkie poruszanie się
po&nbsp;stronie. Osoby, które nie&nbsp;korzystają z&nbsp;myszki mogą swobodnie
poruszać się po&nbsp;portalu.</p>



<p>Serwis
zawiera wyszukiwarkę, która&nbsp;jest dostępna na&nbsp;stronie głównej
i&nbsp;każdej podstronie serwisu. Każdą stronę serwisu można znacząco
powiększyć dostępnymi narzędziami przeglądarki. W prawym górnym rogu strony
umieszczono narzędzia ułatwiające dostęp.</p>



<h3 class="wp-block-heading"><strong>Dokumenty</strong></h3>



<p>Na
stronie Bursy Szkolnej Nr 3 w Radomiu znajdują się pliki do pobrania, m.in.
dotyczące zamieszkania w bursie, harmonogramu rekrutacji, dokumentacji przy
zakwaterowaniu. Są one dostępne jako pliki nieedytowalne PDF. <strong><br>
</strong></p>



<h3 class="wp-block-heading"><strong>Powiększanie
strony</strong></h3>



<p>Przeglądarki internetowe za pomocą skrótów klawiaturowych (Ctrl +) lub odpowiednich ustawień umożliwiają powiększenie serwisu. Jest to szczególnie pomocne dla osób z wadą wzroku. Zgodnie z ustawą po powiększeniu do 200% na stronie widoczna jest cała jej zawartość. Zmiana rozmiaru strony jest dostępna także z z poziomu narzędzia ułatwiającego dostęp (ikona białego ludzika na niebieskim tle). </p>



<h3 class="wp-block-heading"><strong>Kontrast</strong></h3>



<p>Kontrast
można ustawić za pomocą narzędzia ułatwiającego dostęp (j.w). Obejmuje on wybór
kolorów oraz odwrócenie (negatyw). Dodatkowo można użyć opcji „podkreśl
hiperłącza”. </p>



<h3 class="wp-block-heading"><strong>Filmy
wideo</strong></h3>



<p>Ze
względu na wysokie koszty pliki wideo nie obejmą audiodeskrypcji. </p>



<h3 class="wp-block-heading"><strong>Zrozumiałość
i&nbsp;czytelność treści</strong></h3>



<p>Treści
zamieszczane na stronie Bursy Szkolnej Nr 3 w Radomiu muszą być zrozumiałe.
Sposób ich prezentowania wpływa na lepszą czytelność materiałów i pomaga w
odbiorze informacji. Długie teksty są dzielone na akapity, stosuje się
wyróżnienia: cytaty i ważne informacje są specjalnie wyróżnione.</p>



<h3 class="wp-block-heading"><strong>Wersja
mobilna —&nbsp;strona responsywna</strong></h3>



<p>Serwis
automatycznie dostosowuje wyświetlanie do&nbsp;rozdzielczości
oraz&nbsp;wielkości ekranu. Nie&nbsp;wymaga powiększania, ani przewijania
w&nbsp;kierunku poziomym.<br>
W&nbsp;urządzeniach takich jak tablety, smartfony, telefony komórkowe serwis
jest znacznie bardziej czytelny i&nbsp;przyjazny w&nbsp;obsłudze.</p>



<h3 class="wp-block-heading"><strong>Zapewnienie
dostępności serwisów to&nbsp;proces</strong></h3>



<p>Administrator
strony stara się zapewnić dostępność strony, jednak jeżeli byłyby zauważone
błędy, pojawiłyby się uwagi lub chęć pomocy ze strony odbiorcy treści, by
poprawić naszą stronę &nbsp;– prosimy o
kontakt pod adres e-mail:<strong> poczta@bs3.radom.pl</strong> w temacie wpisując „Uwagi do strony”.</p>



<h3 class="wp-block-heading"><strong>Informacje
zwrotne i&nbsp;dane kontaktowe</strong></h3>



<p>W&nbsp;przypadku problemów z&nbsp;dostępnością strony internetowej prosimy o&nbsp;kontakt&nbsp;pod adresem poczty elektronicznej<strong>&nbsp;poczta@bs3.radom.pl</strong></p>



<p>Tą
samą drogą można składać wnioski o&nbsp;udostępnienie informacji niedostępnej
oraz&nbsp;składać skargi na&nbsp;brak zapewnienia dostępności.</p>



<h3 class="wp-block-heading"><strong>Procedura</strong></h3>



<p>Każdy
ma prawo do&nbsp;wystąpienia z&nbsp;żądaniem zapewnienia dostępności cyfrowej
strony internetowej, aplikacji mobilnej lub jakiegoś ich elementu. Można także
zażądać udostępnienia informacji w&nbsp;formach alternatywnych,
na&nbsp;przykład odczytanie niedostępnego cyfrowo dokumentu, opisania
zawartości filmu bez&nbsp;audiodeskrypcji itp. Żądanie powinno zawierać dane
osoby zgłaszającej żądanie, wskazanie, o&nbsp;którą stronę internetową lub
aplikację mobilną chodzi oraz&nbsp;sposób kontaktu. Jeżeli osoba żądająca
zgłasza potrzebę otrzymania informacji w&nbsp;formie alternatywnej, powinna
także określić formę tej&nbsp;informacji.<br>
Podmiot publiczny powinien zrealizować żądanie niezwłocznie, nie&nbsp;później
niż w&nbsp;ciągu 7 dni. Jeżeli dotrzymanie tego terminu nie&nbsp;jest możliwe,
podmiot publiczny niezwłocznie informuje o&nbsp;tym, kiedy realizacja żądania
będzie możliwa, przy czym termin ten nie&nbsp;może być dłuższy niż 2 miesiące.
Jeżeli zapewnienie dostępności nie&nbsp;jest możliwe, podmiot publiczny może
zaproponować alternatywny sposób dostępu do&nbsp;informacji.<br>
W&nbsp;przypadku, gdy&nbsp;podmiot odmówi realizacji żądania zapewnienia
dostępności lub alternatywnego dostępu do&nbsp;informacji, można złożyć skargę
na&nbsp;takie działanie.<br>
Po&nbsp;wyczerpaniu wszystkich możliwości skargę można przesłać także
do&nbsp;Rzecznika Praw Obywatelskich.</p>

<p>Deklaracja Dostępności Informacje wstępne&nbsp; Bursa Szkolna Nr 3 w Radomiu&nbsp;zobowiązuje się zapewnić dostępność strony internetowej http://www.bursa3radom.pl/ zgodnie z ustawą z dnia 4 kwietnia 2019 r. o dostępności cyfrowej stron internetowych i aplikacji mobilnych podmiotów publicznych. Oświadczenie w sprawie dostępności ma zastosowanie do strony http://www.bursa3radom.pl/. Data publikacji strony internetowej: 2013-09-11 Data ostatniej dużej aktualizacji: strona aktualizowana jest na&nbsp;bieżąco, strona jest responsywna od października 2019 r. Strona internetowa jest częściowo zgodna z&nbsp;ustawą&#8230;</p>
