{"id":335,"date":"2014-04-12T13:43:39","date_gmt":"2014-04-12T13:43:39","guid":{"rendered":"http:\/\/bursa3radom.pl\/?page_id=335"},"modified":"2017-03-01T15:41:54","modified_gmt":"2017-03-01T15:41:54","slug":"sekcja-kulturalno-rozrywkowa","status":"publish","type":"page","link":"https:\/\/bursa3radom.pl\/?page_id=335","title":{"rendered":"Sekcja kulturalno &#8211; rozrywkowa"},"content":{"rendered":"<p>W bursie dzia\u0142a sekcja kulturalno-rozrywkowa w sk\u0142ad kt\u00f3rej wchodz\u0105 przedstawiciele wszystkich grup wychowawczych.<\/p>\n<p>Do zada\u0144 sekcji nale\u017cy:<\/p>\n<p>1\u00a0) opracowanie \u201e Kalendarza imprez i uroczysto\u015bci\u201d oraz \u201eKalendarza<\/p>\n<p>konkurs\u00f3w\u201d,<\/p>\n<p>2) organizowanie imprez i konkurs\u00f3w, itp.,<\/p>\n<p>3) rozwijanie zainteresowa\u0144 m\u0142odzie\u017cy w zakresie kultury i sztuki,<\/p>\n<p>4) odkrywanie w\u015br\u00f3d wychowank\u00f3w artystycznych talent\u00f3w,<\/p>\n<p>5) wsp\u00f3\u0142praca z instytucjami kulturalnymi ,<\/p>\n<p>6) podnoszenie estetyki pomieszcze\u0144 plac\u00f3wki,<\/p>\n<p>7) przygotowanie dekoracji i scenografii do organizowanych w bursie<\/p>\n<p>imprez.<\/p>\n","protected":false},"excerpt":{"rendered":"<p>W bursie dzia\u0142a sekcja kulturalno-rozrywkowa w sk\u0142ad kt\u00f3rej wchodz\u0105 przedstawiciele wszystkich grup wychowawczych. Do zada\u0144 sekcji nale\u017cy: 1\u00a0) opracowanie \u201e Kalendarza imprez i uroczysto\u015bci\u201d oraz \u201eKalendarza konkurs\u00f3w\u201d, 2) organizowanie imprez i konkurs\u00f3w, itp., 3) rozwijanie zainteresowa\u0144 m\u0142odzie\u017cy w zakresie kultury i sztuki, 4) odkrywanie w\u015br\u00f3d wychowank\u00f3w artystycznych talent\u00f3w, 5) wsp\u00f3\u0142praca z instytucjami kulturalnymi , 6) podnoszenie estetyki pomieszcze\u0144 plac\u00f3wki, 7) przygotowanie dekoracji i scenografii do organizowanych w bursie imprez.<\/p>\n","protected":false},"author":1,"featured_media":0,"parent":0,"menu_order":0,"comment_status":"closed","ping_status":"open","template":"","meta":{"footnotes":""},"class_list":["post-335","page","type-page","status-publish","hentry"],"_links":{"self":[{"href":"https:\/\/bursa3radom.pl\/index.php?rest_route=\/wp\/v2\/pages\/335","targetHints":{"allow":["GET"]}}],"collection":[{"href":"https:\/\/bursa3radom.pl\/index.php?rest_route=\/wp\/v2\/pages"}],"about":[{"href":"https:\/\/bursa3radom.pl\/index.php?rest_route=\/wp\/v2\/types\/page"}],"author":[{"embeddable":true,"href":"https:\/\/bursa3radom.pl\/index.php?rest_route=\/wp\/v2\/users\/1"}],"replies":[{"embeddable":true,"href":"https:\/\/bursa3radom.pl\/index.php?rest_route=%2Fwp%2Fv2%2Fcomments&post=335"}],"version-history":[{"count":3,"href":"https:\/\/bursa3radom.pl\/index.php?rest_route=\/wp\/v2\/pages\/335\/revisions"}],"predecessor-version":[{"id":1727,"href":"https:\/\/bursa3radom.pl\/index.php?rest_route=\/wp\/v2\/pages\/335\/revisions\/1727"}],"wp:attachment":[{"href":"https:\/\/bursa3radom.pl\/index.php?rest_route=%2Fwp%2Fv2%2Fmedia&parent=335"}],"curies":[{"name":"wp","href":"https:\/\/api.w.org\/{rel}","templated":true}]}}