{"id":2595,"date":"2019-11-23T14:29:49","date_gmt":"2019-11-23T14:29:49","guid":{"rendered":"http:\/\/bursa3radom.pl\/?page_id=2595"},"modified":"2020-05-18T13:00:27","modified_gmt":"2020-05-18T13:00:27","slug":"opieka-nad-pomnikiem-ofiar-ii-wojny-swiatowej","status":"publish","type":"page","link":"https:\/\/bursa3radom.pl\/?page_id=2595","title":{"rendered":"Opieka nad Pomnikiem Ofiar II Wojny \u015awiatowej"},"content":{"rendered":"\n<p>15 pa\u017adziernika 1942 r. stracono na szubienicy przy ulicy Warszawskiej 10 mieszka\u0144c\u00f3w Radomia. Obecnie znajduje si\u0119 tu pomnik w kszta\u0142cie g\u0142azu oraz tablica upami\u0119tniaj\u0105ca m\u0119cz\u0119\u0144sk\u0105 \u015bmier\u0107 Polak\u00f3w walcz\u0105cych o wyzwolenie. <\/p>\n\n\n\n<p> Jak dosz\u0142o do tej tragedii ? Pod koniec wrze\u015bnia 1942 roku na stacji kolejowej w Ro\u017ckach ko\u0142o Radomia dosz\u0142o do wymiany ognia mi\u0119dzy \u017co\u0142nierzami AK i patrolem niemieckiej policji bezpiecze\u0144stwa. Na miejscu okupanci znale\u017ali dwa pistolety \u201eVis&#8221;, zmontowane nielegalnie w radomskiej Fabryce Broni. W nast\u0119pnych dniach Niemcy przeprowadzili w Radomiu i okolicach masowe aresztowania, zatrzymuj\u0105c blisko 100 os\u00f3b \u2013 w wi\u0119kszo\u015bci zaanga\u017cowanych w ruch oporu. W dniach 12-15 pa\u017adziernika 1942 roku okupanci przeprowadzili w Radomiu&nbsp; egzekucje przy ulicach Kieleckiej i Warszawskiej, a tak\u017ce na terenie Fabryki Broni oraz w podradomskich Ro\u017ckach. Przez powieszenie stracono \u0142\u0105cznie 50 os\u00f3b, w tym 11 cz\u0142onk\u00f3w rodziny Winczewskich.Niemieccy okupanci powiesili 52-letni\u0105 &#8211; Stanis\u0142aw\u0119 i jej syn\u00f3w &#8211; &nbsp;Henryka Winczewskiego, a tak\u017ce jego 26-letniego brata Jana i jego 23-letni\u0105 \u017con\u0119 Ad\u0119, kt\u00f3ra spodziewa\u0142a si\u0119 dziecka. Zgin\u0119\u0142a r\u00f3wnie\u017c powi\u0105zana z rodzin\u0105 19-letnia Lena Szostak, a tak\u017ce bratanek Tadeusz Kozerski, student AGH. Aresztowano r\u00f3wnie\u017c najm\u0142odszego syna pani Stanis\u0142awy Wi\u0144czewskiej, niespe\u0142na 14-letniego J\u00f3zka. Rok p\u00f3\u017aniej zosta\u0142 zastrzelony w wi\u0119zieniu. Rodzina Winczewskich jeszcze d\u0142ugo by\u0142a represjonowana.Obecnie \u017cyje wnuczka pani Stanis\u0142awy Winczewskiej- Bo\u017cena.&nbsp; Pani Bo\u017cena twierdzi, i\u017c j\u0105, siostr\u0119 i mam\u0119 od \u015bmierci w obozie koncentracyjnym uratowa\u0142&nbsp; dr Adolf Tochterman pozoruj\u0105c tyfus.. Wywi\u00f3z\u0142 je do Krakowa .&nbsp; Rodzina by\u0142a silnie zwi\u0105zana z dzia\u0142alno\u015bci\u0105 Armii Krajowej i zaanga\u017cowana w walk\u0119 za ojczyzn\u0119. M\u00f3zgiem operacji by\u0142a babcia p. Bo\u017ceny- Stanis\u0142awa Winczewska . To ona koordynowa\u0142a dzia\u0142ania, a na zapleczu swojego sklepu przy ul. S\u0142owackiego mia\u0142a sk\u0142ad broni dla AK-owc\u00f3w. <\/p>\n\n\n\n<p>Jednym z priorytet\u00f3w polityki o\u015bwiatowej pa\u0144stwa jest kszta\u0142towanie postawy patriotycznej w\u015br\u00f3d m\u0142odzie\u017cy. Jako, \u017ce patriotyzm, to postawa, kt\u00f3rej nie mo\u017cna nauczy\u0107 si\u0119 w ci\u0105gu lekcji, my podchodzimy do tematu od strony praktycznej. <\/p>\n\n\n\n<p>Nasza m\u0142odzie\u017c opiekuje si\u0119 wspomnianym miejscem pami\u0119ci. Przynajmniej raz w miesi\u0105cu grupa wychowank\u00f3w pod opiek\u0105 wychowawcy poprz\u0105dkuje teren wok\u00f3\u0142 pomnika. Grabi\u0105, zamiataj\u0105, odsnie\u017caj\u0105, sadz\u0105 kwiaty, zapalaj\u0105 \u015bwiate\u0142ka pami\u0119ci.  <\/p>\n\n\n\n<blockquote class=\"wp-block-quote is-layout-flow wp-block-quote-is-layout-flow\"><p><br><em>&#8222;Bo ja uwa\u017cam si\u0119 za patriot\u0119. Co to znaczy? \u017be bior\u0119 odpowiedzialno\u015b\u0107 za <strong>przesz\u0142o\u015b\u0107 <\/strong>mojego narodu w dobrym i z\u0142ym, i za jego<strong> przysz\u0142o\u015b\u0107,<\/strong> tak jak bior\u0119 odpowiedzialno\u015b\u0107 <strong>za samego siebie<\/strong>.&#8221; <\/em><\/p><cite>Micha\u0142 Komar<\/cite><\/blockquote>\n\n\n\n<figure class=\"wp-block-image\"><img decoding=\"async\" src=\"http:\/\/bursa3radom.pl\/wp-content\/uploads\/2016\/11\/1617_5_5.jpg\" alt=\"\"\/><\/figure>\n\n\n\n\n\n<figure class=\"wp-block-image\"><img decoding=\"async\" src=\"http:\/\/bursa3radom.pl\/wp-content\/uploads\/2018\/12\/P1080968.jpg\" alt=\"\"\/><\/figure>\n\n\n\n<ul class=\"wp-block-gallery columns-3 is-cropped wp-block-gallery-1 is-layout-flex wp-block-gallery-is-layout-flex\"><li class=\"blocks-gallery-item\"><figure><a href=\"http:\/\/bursa3radom.pl\/wp-content\/uploads\/2019\/11\/IMG_20191031_080139-1024x768.jpg\"><img loading=\"lazy\" decoding=\"async\" width=\"1024\" height=\"768\" src=\"http:\/\/bursa3radom.pl\/wp-content\/uploads\/2019\/11\/IMG_20191031_080139-1024x768.jpg\" alt=\"\" data-id=\"2601\" data-link=\"http:\/\/bursa3radom.pl\/?attachment_id=2601\" class=\"wp-image-2601\" srcset=\"https:\/\/bursa3radom.pl\/wp-content\/uploads\/2019\/11\/IMG_20191031_080139-1024x768.jpg 1024w, https:\/\/bursa3radom.pl\/wp-content\/uploads\/2019\/11\/IMG_20191031_080139-300x225.jpg 300w, https:\/\/bursa3radom.pl\/wp-content\/uploads\/2019\/11\/IMG_20191031_080139-768x576.jpg 768w, https:\/\/bursa3radom.pl\/wp-content\/uploads\/2019\/11\/IMG_20191031_080139-100x75.jpg 100w\" sizes=\"auto, (max-width: 1024px) 100vw, 1024px\" \/><\/a><\/figure><\/li><li class=\"blocks-gallery-item\"><figure><a href=\"http:\/\/bursa3radom.pl\/wp-content\/uploads\/2019\/11\/IMG_20191031_080219-1024x768.jpg\"><img loading=\"lazy\" decoding=\"async\" width=\"1024\" height=\"768\" src=\"http:\/\/bursa3radom.pl\/wp-content\/uploads\/2019\/11\/IMG_20191031_080219-1024x768.jpg\" alt=\"\" data-id=\"2603\" data-link=\"http:\/\/bursa3radom.pl\/?attachment_id=2603\" class=\"wp-image-2603\" srcset=\"https:\/\/bursa3radom.pl\/wp-content\/uploads\/2019\/11\/IMG_20191031_080219-1024x768.jpg 1024w, https:\/\/bursa3radom.pl\/wp-content\/uploads\/2019\/11\/IMG_20191031_080219-300x225.jpg 300w, https:\/\/bursa3radom.pl\/wp-content\/uploads\/2019\/11\/IMG_20191031_080219-768x576.jpg 768w, https:\/\/bursa3radom.pl\/wp-content\/uploads\/2019\/11\/IMG_20191031_080219-100x75.jpg 100w\" sizes=\"auto, (max-width: 1024px) 100vw, 1024px\" \/><\/a><\/figure><\/li><li class=\"blocks-gallery-item\"><figure><a href=\"http:\/\/bursa3radom.pl\/wp-content\/uploads\/2019\/11\/IMG_20191031_080028-1-1024x768.jpg\"><img loading=\"lazy\" decoding=\"async\" width=\"1024\" height=\"768\" src=\"http:\/\/bursa3radom.pl\/wp-content\/uploads\/2019\/11\/IMG_20191031_080028-1-1024x768.jpg\" alt=\"\" data-id=\"2604\" data-link=\"http:\/\/bursa3radom.pl\/?attachment_id=2604\" class=\"wp-image-2604\" srcset=\"https:\/\/bursa3radom.pl\/wp-content\/uploads\/2019\/11\/IMG_20191031_080028-1-1024x768.jpg 1024w, https:\/\/bursa3radom.pl\/wp-content\/uploads\/2019\/11\/IMG_20191031_080028-1-300x225.jpg 300w, https:\/\/bursa3radom.pl\/wp-content\/uploads\/2019\/11\/IMG_20191031_080028-1-768x576.jpg 768w, https:\/\/bursa3radom.pl\/wp-content\/uploads\/2019\/11\/IMG_20191031_080028-1-100x75.jpg 100w\" sizes=\"auto, (max-width: 1024px) 100vw, 1024px\" \/><\/a><\/figure><\/li><\/ul>\n","protected":false},"excerpt":{"rendered":"<p>15 pa\u017adziernika 1942 r. stracono na szubienicy przy ulicy Warszawskiej 10 mieszka\u0144c\u00f3w Radomia. Obecnie znajduje si\u0119 tu pomnik w kszta\u0142cie g\u0142azu oraz tablica upami\u0119tniaj\u0105ca m\u0119cz\u0119\u0144sk\u0105 \u015bmier\u0107 Polak\u00f3w walcz\u0105cych o wyzwolenie. Jak dosz\u0142o do tej tragedii ? Pod koniec wrze\u015bnia 1942 roku na stacji kolejowej w Ro\u017ckach ko\u0142o Radomia dosz\u0142o do wymiany ognia mi\u0119dzy \u017co\u0142nierzami AK i patrolem niemieckiej policji bezpiecze\u0144stwa. Na miejscu okupanci znale\u017ali dwa pistolety \u201eVis&#8221;, zmontowane nielegalnie w&#8230;<\/p>\n","protected":false},"author":1,"featured_media":0,"parent":0,"menu_order":0,"comment_status":"closed","ping_status":"closed","template":"","meta":{"footnotes":""},"class_list":["post-2595","page","type-page","status-publish","hentry"],"_links":{"self":[{"href":"https:\/\/bursa3radom.pl\/index.php?rest_route=\/wp\/v2\/pages\/2595","targetHints":{"allow":["GET"]}}],"collection":[{"href":"https:\/\/bursa3radom.pl\/index.php?rest_route=\/wp\/v2\/pages"}],"about":[{"href":"https:\/\/bursa3radom.pl\/index.php?rest_route=\/wp\/v2\/types\/page"}],"author":[{"embeddable":true,"href":"https:\/\/bursa3radom.pl\/index.php?rest_route=\/wp\/v2\/users\/1"}],"replies":[{"embeddable":true,"href":"https:\/\/bursa3radom.pl\/index.php?rest_route=%2Fwp%2Fv2%2Fcomments&post=2595"}],"version-history":[{"count":7,"href":"https:\/\/bursa3radom.pl\/index.php?rest_route=\/wp\/v2\/pages\/2595\/revisions"}],"predecessor-version":[{"id":2981,"href":"https:\/\/bursa3radom.pl\/index.php?rest_route=\/wp\/v2\/pages\/2595\/revisions\/2981"}],"wp:attachment":[{"href":"https:\/\/bursa3radom.pl\/index.php?rest_route=%2Fwp%2Fv2%2Fmedia&parent=2595"}],"curies":[{"name":"wp","href":"https:\/\/api.w.org\/{rel}","templated":true}]}}

Opieka nad Pomnikiem Ofiar II Wojny Światowej

<p>15 października 1942 r. stracono na szubienicy przy ulicy Warszawskiej 10 mieszkańców Radomia. Obecnie znajduje się tu pomnik w kształcie głazu oraz tablica upamiętniająca męczęńską śmierć Polaków walczących o wyzwolenie. </p>



<p> Jak doszło do tej tragedii ? Pod koniec września 1942 roku na stacji kolejowej w Rożkach koło Radomia doszło do wymiany ognia między żołnierzami AK i patrolem niemieckiej policji bezpieczeństwa. Na miejscu okupanci znaleźli dwa pistolety „Vis&#8221;, zmontowane nielegalnie w radomskiej Fabryce Broni. W następnych dniach Niemcy przeprowadzili w Radomiu i okolicach masowe aresztowania, zatrzymując blisko 100 osób – w większości zaangażowanych w ruch oporu. W dniach 12-15 października 1942 roku okupanci przeprowadzili w Radomiu&nbsp; egzekucje przy ulicach Kieleckiej i Warszawskiej, a także na terenie Fabryki Broni oraz w podradomskich Rożkach. Przez powieszenie stracono łącznie 50 osób, w tym 11 członków rodziny Winczewskich.Niemieccy okupanci powiesili 52-letnią &#8211; Stanisławę i jej synów &#8211; &nbsp;Henryka Winczewskiego, a także jego 26-letniego brata Jana i jego 23-letnią żonę Adę, która spodziewała się dziecka. Zginęła również powiązana z rodziną 19-letnia Lena Szostak, a także bratanek Tadeusz Kozerski, student AGH. Aresztowano również najmłodszego syna pani Stanisławy Wińczewskiej, niespełna 14-letniego Józka. Rok później został zastrzelony w więzieniu. Rodzina Winczewskich jeszcze długo była represjonowana.Obecnie żyje wnuczka pani Stanisławy Winczewskiej- Bożena.&nbsp; Pani Bożena twierdzi, iż ją, siostrę i mamę od śmierci w obozie koncentracyjnym uratował&nbsp; dr Adolf Tochterman pozorując tyfus.. Wywiózł je do Krakowa .&nbsp; Rodzina była silnie związana z działalnością Armii Krajowej i zaangażowana w walkę za ojczyznę. Mózgiem operacji była babcia p. Bożeny- Stanisława Winczewska . To ona koordynowała działania, a na zapleczu swojego sklepu przy ul. Słowackiego miała skład broni dla AK-owców. </p>



<p>Jednym z priorytetów polityki oświatowej państwa jest kształtowanie postawy patriotycznej wśród młodzieży. Jako, że patriotyzm, to postawa, której nie można nauczyć się w ciągu lekcji, my podchodzimy do tematu od strony praktycznej. </p>



<p>Nasza młodzież opiekuje się wspomnianym miejscem pamięci. Przynajmniej raz w miesiącu grupa wychowanków pod opieką wychowawcy poprządkuje teren wokół pomnika. Grabią, zamiatają, odsnieżają, sadzą kwiaty, zapalają światełka pamięci.  </p>



<blockquote class="wp-block-quote is-layout-flow wp-block-quote-is-layout-flow"><p><br><em>&#8222;Bo ja uważam się za patriotę. Co to znaczy? Że biorę odpowiedzialność za <strong>przeszłość </strong>mojego narodu w dobrym i złym, i za jego<strong> przyszłość,</strong> tak jak biorę odpowiedzialność <strong>za samego siebie</strong>.&#8221; </em></p><cite>Michał Komar</cite></blockquote>



<figure class="wp-block-image"><img decoding="async" src="http://bursa3radom.pl/wp-content/uploads/2016/11/1617_5_5.jpg" alt=""/></figure>





<figure class="wp-block-image"><img decoding="async" src="http://bursa3radom.pl/wp-content/uploads/2018/12/P1080968.jpg" alt=""/></figure>



<ul class="wp-block-gallery columns-3 is-cropped wp-block-gallery-1 is-layout-flex wp-block-gallery-is-layout-flex"><li class="blocks-gallery-item"><figure><a href="http://bursa3radom.pl/wp-content/uploads/2019/11/IMG_20191031_080139-1024x768.jpg"><img loading="lazy" decoding="async" width="1024" height="768" src="http://bursa3radom.pl/wp-content/uploads/2019/11/IMG_20191031_080139-1024x768.jpg" alt="" data-id="2601" data-link="http://bursa3radom.pl/?attachment_id=2601" class="wp-image-2601" srcset="https://bursa3radom.pl/wp-content/uploads/2019/11/IMG_20191031_080139-1024x768.jpg 1024w, https://bursa3radom.pl/wp-content/uploads/2019/11/IMG_20191031_080139-300x225.jpg 300w, https://bursa3radom.pl/wp-content/uploads/2019/11/IMG_20191031_080139-768x576.jpg 768w, https://bursa3radom.pl/wp-content/uploads/2019/11/IMG_20191031_080139-100x75.jpg 100w" sizes="auto, (max-width: 1024px) 100vw, 1024px" /></a></figure></li><li class="blocks-gallery-item"><figure><a href="http://bursa3radom.pl/wp-content/uploads/2019/11/IMG_20191031_080219-1024x768.jpg"><img loading="lazy" decoding="async" width="1024" height="768" src="http://bursa3radom.pl/wp-content/uploads/2019/11/IMG_20191031_080219-1024x768.jpg" alt="" data-id="2603" data-link="http://bursa3radom.pl/?attachment_id=2603" class="wp-image-2603" srcset="https://bursa3radom.pl/wp-content/uploads/2019/11/IMG_20191031_080219-1024x768.jpg 1024w, https://bursa3radom.pl/wp-content/uploads/2019/11/IMG_20191031_080219-300x225.jpg 300w, https://bursa3radom.pl/wp-content/uploads/2019/11/IMG_20191031_080219-768x576.jpg 768w, https://bursa3radom.pl/wp-content/uploads/2019/11/IMG_20191031_080219-100x75.jpg 100w" sizes="auto, (max-width: 1024px) 100vw, 1024px" /></a></figure></li><li class="blocks-gallery-item"><figure><a href="http://bursa3radom.pl/wp-content/uploads/2019/11/IMG_20191031_080028-1-1024x768.jpg"><img loading="lazy" decoding="async" width="1024" height="768" src="http://bursa3radom.pl/wp-content/uploads/2019/11/IMG_20191031_080028-1-1024x768.jpg" alt="" data-id="2604" data-link="http://bursa3radom.pl/?attachment_id=2604" class="wp-image-2604" srcset="https://bursa3radom.pl/wp-content/uploads/2019/11/IMG_20191031_080028-1-1024x768.jpg 1024w, https://bursa3radom.pl/wp-content/uploads/2019/11/IMG_20191031_080028-1-300x225.jpg 300w, https://bursa3radom.pl/wp-content/uploads/2019/11/IMG_20191031_080028-1-768x576.jpg 768w, https://bursa3radom.pl/wp-content/uploads/2019/11/IMG_20191031_080028-1-100x75.jpg 100w" sizes="auto, (max-width: 1024px) 100vw, 1024px" /></a></figure></li></ul>

<p>15 października 1942 r. stracono na szubienicy przy ulicy Warszawskiej 10 mieszkańców Radomia. Obecnie znajduje się tu pomnik w kształcie głazu oraz tablica upamiętniająca męczęńską śmierć Polaków walczących o wyzwolenie. Jak doszło do tej tragedii ? Pod koniec września 1942 roku na stacji kolejowej w Rożkach koło Radomia doszło do wymiany ognia między żołnierzami AK i patrolem niemieckiej policji bezpieczeństwa. Na miejscu okupanci znaleźli dwa pistolety „Vis&#8221;, zmontowane nielegalnie w&#8230;</p>
