{"id":2314,"date":"2019-01-27T21:31:35","date_gmt":"2019-01-27T21:31:35","guid":{"rendered":"http:\/\/bursa3radom.pl\/?page_id=2314"},"modified":"2019-01-27T21:43:29","modified_gmt":"2019-01-27T21:43:29","slug":"wigilia","status":"publish","type":"page","link":"https:\/\/bursa3radom.pl\/?page_id=2314","title":{"rendered":"Wigilia"},"content":{"rendered":"<p>I zn\u00f3w za nami kolejna Wigilia.<\/p>\n<p>13 grudnia o godz. 18.45 wszyscy wychowankowie przybyli na uroczyst\u0105 kolacj\u0119. Wiecz\u00f3r wigilijny rozpocz\u0105\u0142 si\u0119 od wys\u0142uchania programu artystycznego wykonanego przez nasz\u0105 m\u0142odzie\u017c, kt\u00f3ry zosta\u0142 przygotowany pod kierunkiem wychowawc\u00f3w grupy I i II. Wiecz\u00f3r ten u\u015bwietni\u0142 swoj\u0105 obecno\u015bci\u0105 proboszcz parafii Matki Bo\u017cej Bolesnej ks. Gabriel Marciniak, kt\u00f3ry odczyta\u0142 fragment Ewangelii o narodzeniu Chrystusa oraz wyg\u0142osi\u0142 pasjonuj\u0105c\u0105 przemow\u0119 o mi\u0142o\u015bci i dobroci do drugiego cz\u0142owieka.<\/p>\n<p>Nie zabrak\u0142o ciep\u0142ych s\u0142\u00f3w oraz \u015bwi\u0105tecznych \u017cycze\u0144 od dyrektor p. Ewy Kwiatkowskiej. Na koniec odby\u0142o si\u0119 uroczyste \u0142amanie op\u0142atkiem, po kt\u00f3rym wszyscy zasiedli do wieczerzy wigilijnej. Na stole pojawi\u0142y si\u0119 tradycyjne potrawy: barszczyk czerwony z uszkami, ryba, pierogi z kapust\u0105 i grzybami, kompot z suszu, ciasta oraz owoce.<\/p>\n<p>Po kolacji og\u0142oszono wyniki konkurs\u00f3w:<\/p>\n<p>\u201e Nasza Polska Niepodleg\u0142a\u201d<\/p>\n<p>\u201e Okno bo\u017conarodzeniowe\u201d.<\/p>\n<p>Podzi\u0119kowania zosta\u0142y skierowane do m\u0142odzie\u017cy, kt\u00f3ra zaanga\u017cowa\u0142a si\u0119 w akcj\u0119 charytatywn\u0105 \u201eB\u0105d\u017amy anio\u0142ami cho\u0107 przez jeden dzie\u0144\u201d.<\/p>\n<p>W klimacie \u015bpiewanych kol\u0119d i pastora\u0142ek zako\u0144czono spotkanie.<\/p>\n\n\t\t<style type=\"text\/css\">\n\t\t\t#gallery-1 {\n\t\t\t\tmargin: auto;\n\t\t\t}\n\t\t\t#gallery-1 .gallery-item {\n\t\t\t\tfloat: left;\n\t\t\t\tmargin-top: 10px;\n\t\t\t\ttext-align: center;\n\t\t\t\twidth: 33%;\n\t\t\t}\n\t\t\t#gallery-1 img {\n\t\t\t\tborder: 2px solid #cfcfcf;\n\t\t\t}\n\t\t\t#gallery-1 .gallery-caption {\n\t\t\t\tmargin-left: 0;\n\t\t\t}\n\t\t\t\/* see gallery_shortcode() in wp-includes\/media.php *\/\n\t\t<\/style>\n\t\t<div id='gallery-1' class='gallery galleryid-2314 gallery-columns-3 gallery-size-thumbnail'><dl class='gallery-item'>\n\t\t\t<dt class='gallery-icon landscape'>\n\t\t\t\t<a href='https:\/\/bursa3radom.pl\/wp-content\/uploads\/2019\/01\/DSC_0491.jpg'><img loading=\"lazy\" decoding=\"async\" width=\"150\" height=\"150\" src=\"https:\/\/bursa3radom.pl\/wp-content\/uploads\/2019\/01\/DSC_0491-150x150.jpg\" class=\"attachment-thumbnail size-thumbnail\" alt=\"\" \/><\/a>\n\t\t\t<\/dt><\/dl><dl class='gallery-item'>\n\t\t\t<dt class='gallery-icon landscape'>\n\t\t\t\t<a href='https:\/\/bursa3radom.pl\/wp-content\/uploads\/2019\/01\/DSC_0497.jpg'><img loading=\"lazy\" decoding=\"async\" width=\"150\" height=\"150\" src=\"https:\/\/bursa3radom.pl\/wp-content\/uploads\/2019\/01\/DSC_0497-150x150.jpg\" class=\"attachment-thumbnail size-thumbnail\" alt=\"\" \/><\/a>\n\t\t\t<\/dt><\/dl><dl class='gallery-item'>\n\t\t\t<dt class='gallery-icon landscape'>\n\t\t\t\t<a href='https:\/\/bursa3radom.pl\/wp-content\/uploads\/2019\/01\/DSC_0501.jpg'><img loading=\"lazy\" decoding=\"async\" width=\"150\" height=\"150\" src=\"https:\/\/bursa3radom.pl\/wp-content\/uploads\/2019\/01\/DSC_0501-150x150.jpg\" class=\"attachment-thumbnail size-thumbnail\" alt=\"\" \/><\/a>\n\t\t\t<\/dt><\/dl><br style=\"clear: both\" \/><dl class='gallery-item'>\n\t\t\t<dt class='gallery-icon portrait'>\n\t\t\t\t<a href='https:\/\/bursa3radom.pl\/wp-content\/uploads\/2019\/01\/DSC_0505.jpg'><img loading=\"lazy\" decoding=\"async\" width=\"150\" height=\"150\" src=\"https:\/\/bursa3radom.pl\/wp-content\/uploads\/2019\/01\/DSC_0505-150x150.jpg\" class=\"attachment-thumbnail size-thumbnail\" alt=\"\" \/><\/a>\n\t\t\t<\/dt><\/dl><dl class='gallery-item'>\n\t\t\t<dt class='gallery-icon landscape'>\n\t\t\t\t<a href='https:\/\/bursa3radom.pl\/wp-content\/uploads\/2019\/01\/DSC_0508.jpg'><img loading=\"lazy\" decoding=\"async\" width=\"150\" height=\"150\" src=\"https:\/\/bursa3radom.pl\/wp-content\/uploads\/2019\/01\/DSC_0508-150x150.jpg\" class=\"attachment-thumbnail size-thumbnail\" alt=\"\" \/><\/a>\n\t\t\t<\/dt><\/dl><dl class='gallery-item'>\n\t\t\t<dt class='gallery-icon landscape'>\n\t\t\t\t<a href='https:\/\/bursa3radom.pl\/wp-content\/uploads\/2019\/01\/DSC_0512.jpg'><img loading=\"lazy\" decoding=\"async\" width=\"150\" height=\"150\" src=\"https:\/\/bursa3radom.pl\/wp-content\/uploads\/2019\/01\/DSC_0512-150x150.jpg\" class=\"attachment-thumbnail size-thumbnail\" alt=\"\" \/><\/a>\n\t\t\t<\/dt><\/dl><br style=\"clear: both\" \/><dl class='gallery-item'>\n\t\t\t<dt class='gallery-icon landscape'>\n\t\t\t\t<a href='https:\/\/bursa3radom.pl\/wp-content\/uploads\/2019\/01\/DSC_0514.jpg'><img loading=\"lazy\" decoding=\"async\" width=\"150\" height=\"150\" src=\"https:\/\/bursa3radom.pl\/wp-content\/uploads\/2019\/01\/DSC_0514-150x150.jpg\" class=\"attachment-thumbnail size-thumbnail\" alt=\"\" \/><\/a>\n\t\t\t<\/dt><\/dl><dl class='gallery-item'>\n\t\t\t<dt class='gallery-icon landscape'>\n\t\t\t\t<a href='https:\/\/bursa3radom.pl\/wp-content\/uploads\/2019\/01\/DSC_0516.jpg'><img loading=\"lazy\" decoding=\"async\" width=\"150\" height=\"150\" src=\"https:\/\/bursa3radom.pl\/wp-content\/uploads\/2019\/01\/DSC_0516-150x150.jpg\" class=\"attachment-thumbnail size-thumbnail\" alt=\"\" \/><\/a>\n\t\t\t<\/dt><\/dl><dl class='gallery-item'>\n\t\t\t<dt class='gallery-icon landscape'>\n\t\t\t\t<a href='https:\/\/bursa3radom.pl\/wp-content\/uploads\/2019\/01\/DSC_0519.jpg'><img loading=\"lazy\" decoding=\"async\" width=\"150\" height=\"150\" src=\"https:\/\/bursa3radom.pl\/wp-content\/uploads\/2019\/01\/DSC_0519-150x150.jpg\" class=\"attachment-thumbnail size-thumbnail\" alt=\"\" \/><\/a>\n\t\t\t<\/dt><\/dl><br style=\"clear: both\" \/>\n\t\t<\/div>\n\n<p><a href=\"http:\/\/bursa3radom.pl\/?page_id=2142\">Powr\u00f3t<\/a><\/p>\n","protected":false},"excerpt":{"rendered":"<p>I zn\u00f3w za nami kolejna Wigilia. 13 grudnia o godz. 18.45 wszyscy wychowankowie przybyli na uroczyst\u0105 kolacj\u0119. Wiecz\u00f3r wigilijny rozpocz\u0105\u0142 si\u0119 od wys\u0142uchania programu artystycznego wykonanego przez nasz\u0105 m\u0142odzie\u017c, kt\u00f3ry zosta\u0142 przygotowany pod kierunkiem wychowawc\u00f3w grupy I i II. Wiecz\u00f3r ten u\u015bwietni\u0142 swoj\u0105 obecno\u015bci\u0105 proboszcz parafii Matki Bo\u017cej Bolesnej ks. Gabriel Marciniak, kt\u00f3ry odczyta\u0142 fragment Ewangelii o narodzeniu Chrystusa oraz wyg\u0142osi\u0142 pasjonuj\u0105c\u0105 przemow\u0119 o mi\u0142o\u015bci i dobroci do drugiego cz\u0142owieka&#8230;.<\/p>\n","protected":false},"author":1,"featured_media":0,"parent":2142,"menu_order":0,"comment_status":"closed","ping_status":"open","template":"","meta":{"footnotes":""},"class_list":["post-2314","page","type-page","status-publish","hentry"],"_links":{"self":[{"href":"https:\/\/bursa3radom.pl\/index.php?rest_route=\/wp\/v2\/pages\/2314","targetHints":{"allow":["GET"]}}],"collection":[{"href":"https:\/\/bursa3radom.pl\/index.php?rest_route=\/wp\/v2\/pages"}],"about":[{"href":"https:\/\/bursa3radom.pl\/index.php?rest_route=\/wp\/v2\/types\/page"}],"author":[{"embeddable":true,"href":"https:\/\/bursa3radom.pl\/index.php?rest_route=\/wp\/v2\/users\/1"}],"replies":[{"embeddable":true,"href":"https:\/\/bursa3radom.pl\/index.php?rest_route=%2Fwp%2Fv2%2Fcomments&post=2314"}],"version-history":[{"count":2,"href":"https:\/\/bursa3radom.pl\/index.php?rest_route=\/wp\/v2\/pages\/2314\/revisions"}],"predecessor-version":[{"id":2332,"href":"https:\/\/bursa3radom.pl\/index.php?rest_route=\/wp\/v2\/pages\/2314\/revisions\/2332"}],"up":[{"embeddable":true,"href":"https:\/\/bursa3radom.pl\/index.php?rest_route=\/wp\/v2\/pages\/2142"}],"wp:attachment":[{"href":"https:\/\/bursa3radom.pl\/index.php?rest_route=%2Fwp%2Fv2%2Fmedia&parent=2314"}],"curies":[{"name":"wp","href":"https:\/\/api.w.org\/{rel}","templated":true}]}}

<p>I znów za nami kolejna Wigilia.</p>
<p>13 grudnia o godz. 18.45 wszyscy wychowankowie przybyli na uroczystą kolację. Wieczór wigilijny rozpoczął się od wysłuchania programu artystycznego wykonanego przez naszą młodzież, który został przygotowany pod kierunkiem wychowawców grupy I i II. Wieczór ten uświetnił swoją obecnością proboszcz parafii Matki Bożej Bolesnej ks. Gabriel Marciniak, który odczytał fragment Ewangelii o narodzeniu Chrystusa oraz wygłosił pasjonującą przemowę o miłości i dobroci do drugiego człowieka.</p>
<p>Nie zabrakło ciepłych słów oraz świątecznych życzeń od dyrektor p. Ewy Kwiatkowskiej. Na koniec odbyło się uroczyste łamanie opłatkiem, po którym wszyscy zasiedli do wieczerzy wigilijnej. Na stole pojawiły się tradycyjne potrawy: barszczyk czerwony z uszkami, ryba, pierogi z kapustą i grzybami, kompot z suszu, ciasta oraz owoce.</p>
<p>Po kolacji ogłoszono wyniki konkursów:</p>
<p>„ Nasza Polska Niepodległa”</p>
<p>„ Okno bożonarodzeniowe”.</p>
<p>Podziękowania zostały skierowane do młodzieży, która zaangażowała się w akcję charytatywną „Bądźmy aniołami choć przez jeden dzień”.</p>
<p>W klimacie śpiewanych kolęd i pastorałek zakończono spotkanie.</p>

		<style type="text/css">
			#gallery-1 {
				margin: auto;
			}
			#gallery-1 .gallery-item {
				float: left;
				margin-top: 10px;
				text-align: center;
				width: 33%;
			}
			#gallery-1 img {
				border: 2px solid #cfcfcf;
			}
			#gallery-1 .gallery-caption {
				margin-left: 0;
			}
			/* see gallery_shortcode() in wp-includes/media.php */
		</style>
		<div id='gallery-1' class='gallery galleryid-2314 gallery-columns-3 gallery-size-thumbnail'><dl class='gallery-item'>
			<dt class='gallery-icon landscape'>
				<a href='https://bursa3radom.pl/wp-content/uploads/2019/01/DSC_0491.jpg'><img loading="lazy" decoding="async" width="150" height="150" src="https://bursa3radom.pl/wp-content/uploads/2019/01/DSC_0491-150x150.jpg" class="attachment-thumbnail size-thumbnail" alt="" /></a>
			</dt></dl><dl class='gallery-item'>
			<dt class='gallery-icon landscape'>
				<a href='https://bursa3radom.pl/wp-content/uploads/2019/01/DSC_0497.jpg'><img loading="lazy" decoding="async" width="150" height="150" src="https://bursa3radom.pl/wp-content/uploads/2019/01/DSC_0497-150x150.jpg" class="attachment-thumbnail size-thumbnail" alt="" /></a>
			</dt></dl><dl class='gallery-item'>
			<dt class='gallery-icon landscape'>
				<a href='https://bursa3radom.pl/wp-content/uploads/2019/01/DSC_0501.jpg'><img loading="lazy" decoding="async" width="150" height="150" src="https://bursa3radom.pl/wp-content/uploads/2019/01/DSC_0501-150x150.jpg" class="attachment-thumbnail size-thumbnail" alt="" /></a>
			</dt></dl><br style="clear: both" /><dl class='gallery-item'>
			<dt class='gallery-icon portrait'>
				<a href='https://bursa3radom.pl/wp-content/uploads/2019/01/DSC_0505.jpg'><img loading="lazy" decoding="async" width="150" height="150" src="https://bursa3radom.pl/wp-content/uploads/2019/01/DSC_0505-150x150.jpg" class="attachment-thumbnail size-thumbnail" alt="" /></a>
			</dt></dl><dl class='gallery-item'>
			<dt class='gallery-icon landscape'>
				<a href='https://bursa3radom.pl/wp-content/uploads/2019/01/DSC_0508.jpg'><img loading="lazy" decoding="async" width="150" height="150" src="https://bursa3radom.pl/wp-content/uploads/2019/01/DSC_0508-150x150.jpg" class="attachment-thumbnail size-thumbnail" alt="" /></a>
			</dt></dl><dl class='gallery-item'>
			<dt class='gallery-icon landscape'>
				<a href='https://bursa3radom.pl/wp-content/uploads/2019/01/DSC_0512.jpg'><img loading="lazy" decoding="async" width="150" height="150" src="https://bursa3radom.pl/wp-content/uploads/2019/01/DSC_0512-150x150.jpg" class="attachment-thumbnail size-thumbnail" alt="" /></a>
			</dt></dl><br style="clear: both" /><dl class='gallery-item'>
			<dt class='gallery-icon landscape'>
				<a href='https://bursa3radom.pl/wp-content/uploads/2019/01/DSC_0514.jpg'><img loading="lazy" decoding="async" width="150" height="150" src="https://bursa3radom.pl/wp-content/uploads/2019/01/DSC_0514-150x150.jpg" class="attachment-thumbnail size-thumbnail" alt="" /></a>
			</dt></dl><dl class='gallery-item'>
			<dt class='gallery-icon landscape'>
				<a href='https://bursa3radom.pl/wp-content/uploads/2019/01/DSC_0516.jpg'><img loading="lazy" decoding="async" width="150" height="150" src="https://bursa3radom.pl/wp-content/uploads/2019/01/DSC_0516-150x150.jpg" class="attachment-thumbnail size-thumbnail" alt="" /></a>
			</dt></dl><dl class='gallery-item'>
			<dt class='gallery-icon landscape'>
				<a href='https://bursa3radom.pl/wp-content/uploads/2019/01/DSC_0519.jpg'><img loading="lazy" decoding="async" width="150" height="150" src="https://bursa3radom.pl/wp-content/uploads/2019/01/DSC_0519-150x150.jpg" class="attachment-thumbnail size-thumbnail" alt="" /></a>
			</dt></dl><br style="clear: both" />
		</div>

<p><a href="http://bursa3radom.pl/?page_id=2142">Powrót</a></p>

<p>I znów za nami kolejna Wigilia. 13 grudnia o godz. 18.45 wszyscy wychowankowie przybyli na uroczystą kolację. Wieczór wigilijny rozpoczął się od wysłuchania programu artystycznego wykonanego przez naszą młodzież, który został przygotowany pod kierunkiem wychowawców grupy I i II. Wieczór ten uświetnił swoją obecnością proboszcz parafii Matki Bożej Bolesnej ks. Gabriel Marciniak, który odczytał fragment Ewangelii o narodzeniu Chrystusa oraz wygłosił pasjonującą przemowę o miłości i dobroci do drugiego człowieka&#8230;.</p>
