{"id":2296,"date":"2019-01-27T21:20:35","date_gmt":"2019-01-27T21:20:35","guid":{"rendered":"http:\/\/bursa3radom.pl\/?page_id=2296"},"modified":"2019-01-27T21:44:17","modified_gmt":"2019-01-27T21:44:17","slug":"dzien-aniola","status":"publish","type":"page","link":"https:\/\/bursa3radom.pl\/?page_id=2296","title":{"rendered":"Dzie\u0144 Anio\u0142a"},"content":{"rendered":"<p>Obchody ,,Dnia Anio\u0142a\u201d staj\u0105 si\u0119 coraz popularniejsze. Pod has\u0142em ,,B\u0105d\u017amy anio\u0142ami cho\u0107 przez jeden dzie\u0144\u201d wychowawca grupy IV zorganizowa\u0142a akcj\u0119 charytatywn\u0105 \u2013 zbi\u00f3rk\u0119 s\u0142odyczy, zabawek, kredek itp\u2026 Odby\u0142a si\u0119 ona pod patronatem ,, Armii \u015awi\u0119tych U\u015bmiechni\u0119tych dla chorych dzieci\u201d oraz animator\u00f3w Foto-Anim. Sekcja k-r przygotowa\u0142a dekoracj\u0119 okoliczno\u015bciow\u0105 promuj\u0105c\u0105 akcj\u0119. Zebrane rzeczy zosta\u0142y przekazane organizatorom na paczki \u015bwi\u0105teczne dla dzieci z CZDz w Warszawie i radomskich szpitali. Zbi\u00f3rka odby\u0142a si\u0119 ku czci \u015aP Marysi i innych dzieci, kt\u00f3re przegra\u0142y swoj\u0105 walk\u0119 z chorob\u0105 i dla tych, kt\u00f3re trwaj\u0105 w chorobie. Dzi\u0119kujemy wszystkim, kt\u00f3rzy si\u0119 w ni\u0105 w\u0142\u0105czyli a szczeg\u00f3lne Yuzefinie z grupy III.<\/p>\n\n\t\t<style type=\"text\/css\">\n\t\t\t#gallery-1 {\n\t\t\t\tmargin: auto;\n\t\t\t}\n\t\t\t#gallery-1 .gallery-item {\n\t\t\t\tfloat: left;\n\t\t\t\tmargin-top: 10px;\n\t\t\t\ttext-align: center;\n\t\t\t\twidth: 33%;\n\t\t\t}\n\t\t\t#gallery-1 img {\n\t\t\t\tborder: 2px solid #cfcfcf;\n\t\t\t}\n\t\t\t#gallery-1 .gallery-caption {\n\t\t\t\tmargin-left: 0;\n\t\t\t}\n\t\t\t\/* see gallery_shortcode() in wp-includes\/media.php *\/\n\t\t<\/style>\n\t\t<div id='gallery-1' class='gallery galleryid-2296 gallery-columns-3 gallery-size-thumbnail'><dl class='gallery-item'>\n\t\t\t<dt class='gallery-icon landscape'>\n\t\t\t\t<a href='https:\/\/bursa3radom.pl\/wp-content\/uploads\/2019\/01\/P1090062.jpg'><img loading=\"lazy\" decoding=\"async\" width=\"150\" height=\"150\" src=\"https:\/\/bursa3radom.pl\/wp-content\/uploads\/2019\/01\/P1090062-150x150.jpg\" class=\"attachment-thumbnail size-thumbnail\" alt=\"\" \/><\/a>\n\t\t\t<\/dt><\/dl><dl class='gallery-item'>\n\t\t\t<dt class='gallery-icon landscape'>\n\t\t\t\t<a href='https:\/\/bursa3radom.pl\/wp-content\/uploads\/2019\/01\/P1090065.jpg'><img loading=\"lazy\" decoding=\"async\" width=\"150\" height=\"150\" src=\"https:\/\/bursa3radom.pl\/wp-content\/uploads\/2019\/01\/P1090065-150x150.jpg\" class=\"attachment-thumbnail size-thumbnail\" alt=\"\" \/><\/a>\n\t\t\t<\/dt><\/dl><dl class='gallery-item'>\n\t\t\t<dt class='gallery-icon landscape'>\n\t\t\t\t<a href='https:\/\/bursa3radom.pl\/wp-content\/uploads\/2019\/01\/P1090073.jpg'><img loading=\"lazy\" decoding=\"async\" width=\"150\" height=\"150\" src=\"https:\/\/bursa3radom.pl\/wp-content\/uploads\/2019\/01\/P1090073-150x150.jpg\" class=\"attachment-thumbnail size-thumbnail\" alt=\"\" \/><\/a>\n\t\t\t<\/dt><\/dl><br style=\"clear: both\" \/><dl class='gallery-item'>\n\t\t\t<dt class='gallery-icon landscape'>\n\t\t\t\t<a href='https:\/\/bursa3radom.pl\/wp-content\/uploads\/2019\/01\/P1090075.jpg'><img loading=\"lazy\" decoding=\"async\" width=\"150\" height=\"150\" src=\"https:\/\/bursa3radom.pl\/wp-content\/uploads\/2019\/01\/P1090075-150x150.jpg\" class=\"attachment-thumbnail size-thumbnail\" alt=\"\" \/><\/a>\n\t\t\t<\/dt><\/dl>\n\t\t\t<br style='clear: both' \/>\n\t\t<\/div>\n\n<p><a href=\"http:\/\/bursa3radom.pl\/?page_id=2142\">Powr\u00f3t<\/a><\/p>\n","protected":false},"excerpt":{"rendered":"<p>Obchody ,,Dnia Anio\u0142a\u201d staj\u0105 si\u0119 coraz popularniejsze. Pod has\u0142em ,,B\u0105d\u017amy anio\u0142ami cho\u0107 przez jeden dzie\u0144\u201d wychowawca grupy IV zorganizowa\u0142a akcj\u0119 charytatywn\u0105 \u2013 zbi\u00f3rk\u0119 s\u0142odyczy, zabawek, kredek itp\u2026 Odby\u0142a si\u0119 ona pod patronatem ,, Armii \u015awi\u0119tych U\u015bmiechni\u0119tych dla chorych dzieci\u201d oraz animator\u00f3w Foto-Anim. Sekcja k-r przygotowa\u0142a dekoracj\u0119 okoliczno\u015bciow\u0105 promuj\u0105c\u0105 akcj\u0119. Zebrane rzeczy zosta\u0142y przekazane organizatorom na paczki \u015bwi\u0105teczne dla dzieci z CZDz w Warszawie i radomskich szpitali. Zbi\u00f3rka odby\u0142a si\u0119 ku&#8230;<\/p>\n","protected":false},"author":1,"featured_media":0,"parent":2142,"menu_order":0,"comment_status":"closed","ping_status":"open","template":"","meta":{"footnotes":""},"class_list":["post-2296","page","type-page","status-publish","hentry"],"_links":{"self":[{"href":"https:\/\/bursa3radom.pl\/index.php?rest_route=\/wp\/v2\/pages\/2296","targetHints":{"allow":["GET"]}}],"collection":[{"href":"https:\/\/bursa3radom.pl\/index.php?rest_route=\/wp\/v2\/pages"}],"about":[{"href":"https:\/\/bursa3radom.pl\/index.php?rest_route=\/wp\/v2\/types\/page"}],"author":[{"embeddable":true,"href":"https:\/\/bursa3radom.pl\/index.php?rest_route=\/wp\/v2\/users\/1"}],"replies":[{"embeddable":true,"href":"https:\/\/bursa3radom.pl\/index.php?rest_route=%2Fwp%2Fv2%2Fcomments&post=2296"}],"version-history":[{"count":2,"href":"https:\/\/bursa3radom.pl\/index.php?rest_route=\/wp\/v2\/pages\/2296\/revisions"}],"predecessor-version":[{"id":2334,"href":"https:\/\/bursa3radom.pl\/index.php?rest_route=\/wp\/v2\/pages\/2296\/revisions\/2334"}],"up":[{"embeddable":true,"href":"https:\/\/bursa3radom.pl\/index.php?rest_route=\/wp\/v2\/pages\/2142"}],"wp:attachment":[{"href":"https:\/\/bursa3radom.pl\/index.php?rest_route=%2Fwp%2Fv2%2Fmedia&parent=2296"}],"curies":[{"name":"wp","href":"https:\/\/api.w.org\/{rel}","templated":true}]}}

Dzień Anioła

<p>Obchody ,,Dnia Anioła” stają się coraz popularniejsze. Pod hasłem ,,Bądźmy aniołami choć przez jeden dzień” wychowawca grupy IV zorganizowała akcję charytatywną – zbiórkę słodyczy, zabawek, kredek itp… Odbyła się ona pod patronatem ,, Armii Świętych Uśmiechniętych dla chorych dzieci” oraz animatorów Foto-Anim. Sekcja k-r przygotowała dekorację okolicznościową promującą akcję. Zebrane rzeczy zostały przekazane organizatorom na paczki świąteczne dla dzieci z CZDz w Warszawie i radomskich szpitali. Zbiórka odbyła się ku czci ŚP Marysi i innych dzieci, które przegrały swoją walkę z chorobą i dla tych, które trwają w chorobie. Dziękujemy wszystkim, którzy się w nią włączyli a szczególne Yuzefinie z grupy III.</p>

		<style type="text/css">
			#gallery-1 {
				margin: auto;
			}
			#gallery-1 .gallery-item {
				float: left;
				margin-top: 10px;
				text-align: center;
				width: 33%;
			}
			#gallery-1 img {
				border: 2px solid #cfcfcf;
			}
			#gallery-1 .gallery-caption {
				margin-left: 0;
			}
			/* see gallery_shortcode() in wp-includes/media.php */
		</style>
		<div id='gallery-1' class='gallery galleryid-2296 gallery-columns-3 gallery-size-thumbnail'><dl class='gallery-item'>
			<dt class='gallery-icon landscape'>
				<a href='https://bursa3radom.pl/wp-content/uploads/2019/01/P1090062.jpg'><img loading="lazy" decoding="async" width="150" height="150" src="https://bursa3radom.pl/wp-content/uploads/2019/01/P1090062-150x150.jpg" class="attachment-thumbnail size-thumbnail" alt="" /></a>
			</dt></dl><dl class='gallery-item'>
			<dt class='gallery-icon landscape'>
				<a href='https://bursa3radom.pl/wp-content/uploads/2019/01/P1090065.jpg'><img loading="lazy" decoding="async" width="150" height="150" src="https://bursa3radom.pl/wp-content/uploads/2019/01/P1090065-150x150.jpg" class="attachment-thumbnail size-thumbnail" alt="" /></a>
			</dt></dl><dl class='gallery-item'>
			<dt class='gallery-icon landscape'>
				<a href='https://bursa3radom.pl/wp-content/uploads/2019/01/P1090073.jpg'><img loading="lazy" decoding="async" width="150" height="150" src="https://bursa3radom.pl/wp-content/uploads/2019/01/P1090073-150x150.jpg" class="attachment-thumbnail size-thumbnail" alt="" /></a>
			</dt></dl><br style="clear: both" /><dl class='gallery-item'>
			<dt class='gallery-icon landscape'>
				<a href='https://bursa3radom.pl/wp-content/uploads/2019/01/P1090075.jpg'><img loading="lazy" decoding="async" width="150" height="150" src="https://bursa3radom.pl/wp-content/uploads/2019/01/P1090075-150x150.jpg" class="attachment-thumbnail size-thumbnail" alt="" /></a>
			</dt></dl>
			<br style='clear: both' />
		</div>

<p><a href="http://bursa3radom.pl/?page_id=2142">Powrót</a></p>

<p>Obchody ,,Dnia Anioła” stają się coraz popularniejsze. Pod hasłem ,,Bądźmy aniołami choć przez jeden dzień” wychowawca grupy IV zorganizowała akcję charytatywną – zbiórkę słodyczy, zabawek, kredek itp… Odbyła się ona pod patronatem ,, Armii Świętych Uśmiechniętych dla chorych dzieci” oraz animatorów Foto-Anim. Sekcja k-r przygotowała dekorację okolicznościową promującą akcję. Zebrane rzeczy zostały przekazane organizatorom na paczki świąteczne dla dzieci z CZDz w Warszawie i radomskich szpitali. Zbiórka odbyła się ku&#8230;</p>
