{"id":2219,"date":"2019-01-27T20:41:20","date_gmt":"2019-01-27T20:41:20","guid":{"rendered":"http:\/\/bursa3radom.pl\/?page_id=2219"},"modified":"2019-01-27T21:35:10","modified_gmt":"2019-01-27T21:35:10","slug":"inauguracja-dzialalnosci-nowego-samorzadu","status":"publish","type":"page","link":"https:\/\/bursa3radom.pl\/?page_id=2219","title":{"rendered":"Inauguracja dzia\u0142alno\u015bci nowego Samorz\u0105du"},"content":{"rendered":"<p>Po\u00a0przeprowadzonych w dniu 25.10.2018r wyborach do\u00a0M\u0142odzie\u017cowej Rady Bursy, nadszed\u0142 czas na\u00a0przekazanie w\u0142adzy nowym cz\u0142onkom Samorz\u0105du Bursy. Nast\u0105pi\u0142o to\u00a0w\u00a0dniu 15 listopada w \u015bwietlicy sportowej bursy, gdzie zebrali si\u0119 wszyscy wychowankowie z poszczeg\u00f3lnych grup pod\u00a0opiek\u0105 wychowawc\u00f3w. Uroczysto\u015b\u0107 poprowadzi\u0142a opiekun MRB \u2013 mgr M. St\u0119pnikowska. Zosta\u0142 przypomniany sk\u0142ad ust\u0119puj\u0105cego Samorz\u0105du Bursy oraz przedstawieni cz\u0142onkowie Samorz\u0105du przejmuj\u0105cego w\u0142adz\u0119. M. Potrz\u0105saj odda\u0142a uroczy\u015bcie w\u0142adz\u0119 nowemu przewodnicz\u0105cemu Arkadiuszowi Kniotkowi przekazuj\u0105c mu symboliczne klucze. Nast\u0119pnie, opiekun Samorz\u0105du Bursy wr\u0119czy\u0142a\u00a0drobne upominki ust\u0119puj\u0105cym \u00a0cz\u0142onkom. Na zako\u0144czenie uroczysto\u015bci Samorz\u0105d Bursy uwieczni\u0142 t\u0105 pi\u0119kn\u0105 chwil\u0119 na\u00a0pami\u0105tkowym zdj\u0119ciu.<\/p>\n\n\t\t<style type=\"text\/css\">\n\t\t\t#gallery-1 {\n\t\t\t\tmargin: auto;\n\t\t\t}\n\t\t\t#gallery-1 .gallery-item {\n\t\t\t\tfloat: left;\n\t\t\t\tmargin-top: 10px;\n\t\t\t\ttext-align: center;\n\t\t\t\twidth: 33%;\n\t\t\t}\n\t\t\t#gallery-1 img {\n\t\t\t\tborder: 2px solid #cfcfcf;\n\t\t\t}\n\t\t\t#gallery-1 .gallery-caption {\n\t\t\t\tmargin-left: 0;\n\t\t\t}\n\t\t\t\/* see gallery_shortcode() in wp-includes\/media.php *\/\n\t\t<\/style>\n\t\t<div id='gallery-1' class='gallery galleryid-2219 gallery-columns-3 gallery-size-thumbnail'><dl class='gallery-item'>\n\t\t\t<dt class='gallery-icon portrait'>\n\t\t\t\t<a href='https:\/\/bursa3radom.pl\/wp-content\/uploads\/2019\/01\/DSC_0173.jpg'><img loading=\"lazy\" decoding=\"async\" width=\"150\" height=\"150\" src=\"https:\/\/bursa3radom.pl\/wp-content\/uploads\/2019\/01\/DSC_0173-150x150.jpg\" class=\"attachment-thumbnail size-thumbnail\" alt=\"\" \/><\/a>\n\t\t\t<\/dt><\/dl><dl class='gallery-item'>\n\t\t\t<dt class='gallery-icon portrait'>\n\t\t\t\t<a href='https:\/\/bursa3radom.pl\/wp-content\/uploads\/2019\/01\/DSC_0174.jpg'><img loading=\"lazy\" decoding=\"async\" width=\"150\" height=\"150\" src=\"https:\/\/bursa3radom.pl\/wp-content\/uploads\/2019\/01\/DSC_0174-150x150.jpg\" class=\"attachment-thumbnail size-thumbnail\" alt=\"\" \/><\/a>\n\t\t\t<\/dt><\/dl><dl class='gallery-item'>\n\t\t\t<dt class='gallery-icon landscape'>\n\t\t\t\t<a href='https:\/\/bursa3radom.pl\/wp-content\/uploads\/2019\/01\/DSC_0178.jpg'><img loading=\"lazy\" decoding=\"async\" width=\"150\" height=\"150\" src=\"https:\/\/bursa3radom.pl\/wp-content\/uploads\/2019\/01\/DSC_0178-150x150.jpg\" class=\"attachment-thumbnail size-thumbnail\" alt=\"\" \/><\/a>\n\t\t\t<\/dt><\/dl><br style=\"clear: both\" \/><dl class='gallery-item'>\n\t\t\t<dt class='gallery-icon landscape'>\n\t\t\t\t<a href='https:\/\/bursa3radom.pl\/wp-content\/uploads\/2019\/01\/DSC_0189.jpg'><img loading=\"lazy\" decoding=\"async\" width=\"150\" height=\"150\" src=\"https:\/\/bursa3radom.pl\/wp-content\/uploads\/2019\/01\/DSC_0189-150x150.jpg\" class=\"attachment-thumbnail size-thumbnail\" alt=\"\" \/><\/a>\n\t\t\t<\/dt><\/dl><dl class='gallery-item'>\n\t\t\t<dt class='gallery-icon landscape'>\n\t\t\t\t<a href='https:\/\/bursa3radom.pl\/wp-content\/uploads\/2019\/01\/DSC_0192.jpg'><img loading=\"lazy\" decoding=\"async\" width=\"150\" height=\"150\" src=\"https:\/\/bursa3radom.pl\/wp-content\/uploads\/2019\/01\/DSC_0192-150x150.jpg\" class=\"attachment-thumbnail size-thumbnail\" alt=\"\" \/><\/a>\n\t\t\t<\/dt><\/dl><dl class='gallery-item'>\n\t\t\t<dt class='gallery-icon landscape'>\n\t\t\t\t<a href='https:\/\/bursa3radom.pl\/wp-content\/uploads\/2019\/01\/DSC_0196.jpg'><img loading=\"lazy\" decoding=\"async\" width=\"150\" height=\"150\" src=\"https:\/\/bursa3radom.pl\/wp-content\/uploads\/2019\/01\/DSC_0196-150x150.jpg\" class=\"attachment-thumbnail size-thumbnail\" alt=\"\" \/><\/a>\n\t\t\t<\/dt><\/dl><br style=\"clear: both\" \/><dl class='gallery-item'>\n\t\t\t<dt class='gallery-icon portrait'>\n\t\t\t\t<a href='https:\/\/bursa3radom.pl\/wp-content\/uploads\/2019\/01\/DSC_0204.jpg'><img loading=\"lazy\" decoding=\"async\" width=\"150\" height=\"150\" src=\"https:\/\/bursa3radom.pl\/wp-content\/uploads\/2019\/01\/DSC_0204-150x150.jpg\" class=\"attachment-thumbnail size-thumbnail\" alt=\"\" \/><\/a>\n\t\t\t<\/dt><\/dl><dl class='gallery-item'>\n\t\t\t<dt class='gallery-icon portrait'>\n\t\t\t\t<a href='https:\/\/bursa3radom.pl\/wp-content\/uploads\/2019\/01\/DSC_0208.jpg'><img loading=\"lazy\" decoding=\"async\" width=\"150\" height=\"150\" src=\"https:\/\/bursa3radom.pl\/wp-content\/uploads\/2019\/01\/DSC_0208-150x150.jpg\" class=\"attachment-thumbnail size-thumbnail\" alt=\"\" \/><\/a>\n\t\t\t<\/dt><\/dl>\n\t\t\t<br style='clear: both' \/>\n\t\t<\/div>\n\n<p><a title=\"Rok szkolny 2018\/2019\" href=\"http:\/\/bursa3radom.pl\/?page_id=2142\">Powr\u00f3t<\/a><\/p>\n","protected":false},"excerpt":{"rendered":"<p>Po\u00a0przeprowadzonych w dniu 25.10.2018r wyborach do\u00a0M\u0142odzie\u017cowej Rady Bursy, nadszed\u0142 czas na\u00a0przekazanie w\u0142adzy nowym cz\u0142onkom Samorz\u0105du Bursy. Nast\u0105pi\u0142o to\u00a0w\u00a0dniu 15 listopada w \u015bwietlicy sportowej bursy, gdzie zebrali si\u0119 wszyscy wychowankowie z poszczeg\u00f3lnych grup pod\u00a0opiek\u0105 wychowawc\u00f3w. Uroczysto\u015b\u0107 poprowadzi\u0142a opiekun MRB \u2013 mgr M. St\u0119pnikowska. Zosta\u0142 przypomniany sk\u0142ad ust\u0119puj\u0105cego Samorz\u0105du Bursy oraz przedstawieni cz\u0142onkowie Samorz\u0105du przejmuj\u0105cego w\u0142adz\u0119. M. Potrz\u0105saj odda\u0142a uroczy\u015bcie w\u0142adz\u0119 nowemu przewodnicz\u0105cemu Arkadiuszowi Kniotkowi przekazuj\u0105c mu symboliczne klucze. Nast\u0119pnie, opiekun Samorz\u0105du&#8230;<\/p>\n","protected":false},"author":1,"featured_media":0,"parent":2142,"menu_order":0,"comment_status":"closed","ping_status":"open","template":"","meta":{"footnotes":""},"class_list":["post-2219","page","type-page","status-publish","hentry"],"_links":{"self":[{"href":"https:\/\/bursa3radom.pl\/index.php?rest_route=\/wp\/v2\/pages\/2219","targetHints":{"allow":["GET"]}}],"collection":[{"href":"https:\/\/bursa3radom.pl\/index.php?rest_route=\/wp\/v2\/pages"}],"about":[{"href":"https:\/\/bursa3radom.pl\/index.php?rest_route=\/wp\/v2\/types\/page"}],"author":[{"embeddable":true,"href":"https:\/\/bursa3radom.pl\/index.php?rest_route=\/wp\/v2\/users\/1"}],"replies":[{"embeddable":true,"href":"https:\/\/bursa3radom.pl\/index.php?rest_route=%2Fwp%2Fv2%2Fcomments&post=2219"}],"version-history":[{"count":2,"href":"https:\/\/bursa3radom.pl\/index.php?rest_route=\/wp\/v2\/pages\/2219\/revisions"}],"predecessor-version":[{"id":2326,"href":"https:\/\/bursa3radom.pl\/index.php?rest_route=\/wp\/v2\/pages\/2219\/revisions\/2326"}],"up":[{"embeddable":true,"href":"https:\/\/bursa3radom.pl\/index.php?rest_route=\/wp\/v2\/pages\/2142"}],"wp:attachment":[{"href":"https:\/\/bursa3radom.pl\/index.php?rest_route=%2Fwp%2Fv2%2Fmedia&parent=2219"}],"curies":[{"name":"wp","href":"https:\/\/api.w.org\/{rel}","templated":true}]}}

Inauguracja działalności nowego Samorządu

<p>Po przeprowadzonych w dniu 25.10.2018r wyborach do Młodzieżowej Rady Bursy, nadszedł czas na przekazanie władzy nowym członkom Samorządu Bursy. Nastąpiło to w dniu 15 listopada w świetlicy sportowej bursy, gdzie zebrali się wszyscy wychowankowie z poszczególnych grup pod opieką wychowawców. Uroczystość poprowadziła opiekun MRB – mgr M. Stępnikowska. Został przypomniany skład ustępującego Samorządu Bursy oraz przedstawieni członkowie Samorządu przejmującego władzę. M. Potrząsaj oddała uroczyście władzę nowemu przewodniczącemu Arkadiuszowi Kniotkowi przekazując mu symboliczne klucze. Następnie, opiekun Samorządu Bursy wręczyła drobne upominki ustępującym  członkom. Na zakończenie uroczystości Samorząd Bursy uwiecznił tą piękną chwilę na pamiątkowym zdjęciu.</p>

		<style type="text/css">
			#gallery-1 {
				margin: auto;
			}
			#gallery-1 .gallery-item {
				float: left;
				margin-top: 10px;
				text-align: center;
				width: 33%;
			}
			#gallery-1 img {
				border: 2px solid #cfcfcf;
			}
			#gallery-1 .gallery-caption {
				margin-left: 0;
			}
			/* see gallery_shortcode() in wp-includes/media.php */
		</style>
		<div id='gallery-1' class='gallery galleryid-2219 gallery-columns-3 gallery-size-thumbnail'><dl class='gallery-item'>
			<dt class='gallery-icon portrait'>
				<a href='https://bursa3radom.pl/wp-content/uploads/2019/01/DSC_0173.jpg'><img loading="lazy" decoding="async" width="150" height="150" src="https://bursa3radom.pl/wp-content/uploads/2019/01/DSC_0173-150x150.jpg" class="attachment-thumbnail size-thumbnail" alt="" /></a>
			</dt></dl><dl class='gallery-item'>
			<dt class='gallery-icon portrait'>
				<a href='https://bursa3radom.pl/wp-content/uploads/2019/01/DSC_0174.jpg'><img loading="lazy" decoding="async" width="150" height="150" src="https://bursa3radom.pl/wp-content/uploads/2019/01/DSC_0174-150x150.jpg" class="attachment-thumbnail size-thumbnail" alt="" /></a>
			</dt></dl><dl class='gallery-item'>
			<dt class='gallery-icon landscape'>
				<a href='https://bursa3radom.pl/wp-content/uploads/2019/01/DSC_0178.jpg'><img loading="lazy" decoding="async" width="150" height="150" src="https://bursa3radom.pl/wp-content/uploads/2019/01/DSC_0178-150x150.jpg" class="attachment-thumbnail size-thumbnail" alt="" /></a>
			</dt></dl><br style="clear: both" /><dl class='gallery-item'>
			<dt class='gallery-icon landscape'>
				<a href='https://bursa3radom.pl/wp-content/uploads/2019/01/DSC_0189.jpg'><img loading="lazy" decoding="async" width="150" height="150" src="https://bursa3radom.pl/wp-content/uploads/2019/01/DSC_0189-150x150.jpg" class="attachment-thumbnail size-thumbnail" alt="" /></a>
			</dt></dl><dl class='gallery-item'>
			<dt class='gallery-icon landscape'>
				<a href='https://bursa3radom.pl/wp-content/uploads/2019/01/DSC_0192.jpg'><img loading="lazy" decoding="async" width="150" height="150" src="https://bursa3radom.pl/wp-content/uploads/2019/01/DSC_0192-150x150.jpg" class="attachment-thumbnail size-thumbnail" alt="" /></a>
			</dt></dl><dl class='gallery-item'>
			<dt class='gallery-icon landscape'>
				<a href='https://bursa3radom.pl/wp-content/uploads/2019/01/DSC_0196.jpg'><img loading="lazy" decoding="async" width="150" height="150" src="https://bursa3radom.pl/wp-content/uploads/2019/01/DSC_0196-150x150.jpg" class="attachment-thumbnail size-thumbnail" alt="" /></a>
			</dt></dl><br style="clear: both" /><dl class='gallery-item'>
			<dt class='gallery-icon portrait'>
				<a href='https://bursa3radom.pl/wp-content/uploads/2019/01/DSC_0204.jpg'><img loading="lazy" decoding="async" width="150" height="150" src="https://bursa3radom.pl/wp-content/uploads/2019/01/DSC_0204-150x150.jpg" class="attachment-thumbnail size-thumbnail" alt="" /></a>
			</dt></dl><dl class='gallery-item'>
			<dt class='gallery-icon portrait'>
				<a href='https://bursa3radom.pl/wp-content/uploads/2019/01/DSC_0208.jpg'><img loading="lazy" decoding="async" width="150" height="150" src="https://bursa3radom.pl/wp-content/uploads/2019/01/DSC_0208-150x150.jpg" class="attachment-thumbnail size-thumbnail" alt="" /></a>
			</dt></dl>
			<br style='clear: both' />
		</div>

<p><a title="Rok szkolny 2018/2019" href="http://bursa3radom.pl/?page_id=2142">Powrót</a></p>

<p>Po przeprowadzonych w dniu 25.10.2018r wyborach do Młodzieżowej Rady Bursy, nadszedł czas na przekazanie władzy nowym członkom Samorządu Bursy. Nastąpiło to w dniu 15 listopada w świetlicy sportowej bursy, gdzie zebrali się wszyscy wychowankowie z poszczególnych grup pod opieką wychowawców. Uroczystość poprowadziła opiekun MRB – mgr M. Stępnikowska. Został przypomniany skład ustępującego Samorządu Bursy oraz przedstawieni członkowie Samorządu przejmującego władzę. M. Potrząsaj oddała uroczyście władzę nowemu przewodniczącemu Arkadiuszowi Kniotkowi przekazując mu symboliczne klucze. Następnie, opiekun Samorządu&#8230;</p>
