{"id":2185,"date":"2018-12-15T14:39:34","date_gmt":"2018-12-15T14:39:34","guid":{"rendered":"http:\/\/bursa3radom.pl\/?page_id=2185"},"modified":"2019-11-12T09:57:47","modified_gmt":"2019-11-12T09:57:47","slug":"dzien-edukacji-narodowej-20182019","status":"publish","type":"page","link":"https:\/\/bursa3radom.pl\/?page_id=2185","title":{"rendered":"Dzie\u0144 Edukacji Narodowej 2018"},"content":{"rendered":"<p><strong>Dzie\u0144 Edukacji Narodowej<\/strong><\/p>\n<p>Z okazji Dnia Edukacji Narodowej w dniu 15.X.2018r M\u0142odzie\u017cowa Rada Bursy przygotowa\u0142a program artystyczny dedykowany wszystkim nauczycielom \u2013 wychowawcom. Wychowankowie podzi\u0119kowali za opiek\u0119 i wychowanie. Nie zabrak\u0142o wyst\u0119p\u00f3w artystycznych. Zarz\u0105d MRB , przewodnicz\u0105cy grup z\u0142o\u017cyli \u017cyczenia p. Dyrektor oraz wychowawcom. M\u0142odzie\u017c wr\u0119czy\u0142a drobne upominki, a pracownicy Bursy otrzymali okoliczno\u015bciowe karty z \u017cyczeniami.<\/p>\n\n\t\t<style type=\"text\/css\">\n\t\t\t#gallery-1 {\n\t\t\t\tmargin: auto;\n\t\t\t}\n\t\t\t#gallery-1 .gallery-item {\n\t\t\t\tfloat: left;\n\t\t\t\tmargin-top: 10px;\n\t\t\t\ttext-align: center;\n\t\t\t\twidth: 33%;\n\t\t\t}\n\t\t\t#gallery-1 img {\n\t\t\t\tborder: 2px solid #cfcfcf;\n\t\t\t}\n\t\t\t#gallery-1 .gallery-caption {\n\t\t\t\tmargin-left: 0;\n\t\t\t}\n\t\t\t\/* see gallery_shortcode() in wp-includes\/media.php *\/\n\t\t<\/style>\n\t\t<div id='gallery-1' class='gallery galleryid-2185 gallery-columns-3 gallery-size-thumbnail'><dl class='gallery-item'>\n\t\t\t<dt class='gallery-icon landscape'>\n\t\t\t\t<a href='https:\/\/bursa3radom.pl\/wp-content\/uploads\/2018\/12\/DSC_0029.jpg'><img loading=\"lazy\" decoding=\"async\" width=\"150\" height=\"150\" src=\"https:\/\/bursa3radom.pl\/wp-content\/uploads\/2018\/12\/DSC_0029-150x150.jpg\" class=\"attachment-thumbnail size-thumbnail\" alt=\"\" \/><\/a>\n\t\t\t<\/dt><\/dl><dl class='gallery-item'>\n\t\t\t<dt class='gallery-icon landscape'>\n\t\t\t\t<a href='https:\/\/bursa3radom.pl\/wp-content\/uploads\/2018\/12\/DSC_0036.jpg'><img loading=\"lazy\" decoding=\"async\" width=\"150\" height=\"150\" src=\"https:\/\/bursa3radom.pl\/wp-content\/uploads\/2018\/12\/DSC_0036-150x150.jpg\" class=\"attachment-thumbnail size-thumbnail\" alt=\"\" \/><\/a>\n\t\t\t<\/dt><\/dl><dl class='gallery-item'>\n\t\t\t<dt class='gallery-icon portrait'>\n\t\t\t\t<a href='https:\/\/bursa3radom.pl\/wp-content\/uploads\/2018\/12\/DSC_0041.jpg'><img loading=\"lazy\" decoding=\"async\" width=\"150\" height=\"150\" src=\"https:\/\/bursa3radom.pl\/wp-content\/uploads\/2018\/12\/DSC_0041-150x150.jpg\" class=\"attachment-thumbnail size-thumbnail\" alt=\"\" \/><\/a>\n\t\t\t<\/dt><\/dl><br style=\"clear: both\" \/><dl class='gallery-item'>\n\t\t\t<dt class='gallery-icon portrait'>\n\t\t\t\t<a href='https:\/\/bursa3radom.pl\/wp-content\/uploads\/2018\/12\/DSC_0045.jpg'><img loading=\"lazy\" decoding=\"async\" width=\"150\" height=\"150\" src=\"https:\/\/bursa3radom.pl\/wp-content\/uploads\/2018\/12\/DSC_0045-150x150.jpg\" class=\"attachment-thumbnail size-thumbnail\" alt=\"\" \/><\/a>\n\t\t\t<\/dt><\/dl><dl class='gallery-item'>\n\t\t\t<dt class='gallery-icon portrait'>\n\t\t\t\t<a href='https:\/\/bursa3radom.pl\/wp-content\/uploads\/2018\/12\/DSC_0075.jpg'><img loading=\"lazy\" decoding=\"async\" width=\"150\" height=\"150\" src=\"https:\/\/bursa3radom.pl\/wp-content\/uploads\/2018\/12\/DSC_0075-150x150.jpg\" class=\"attachment-thumbnail size-thumbnail\" alt=\"\" aria-describedby=\"gallery-1-2190\" \/><\/a>\n\t\t\t<\/dt>\n\t\t\t\t<dd class='wp-caption-text gallery-caption' id='gallery-1-2190'>\n\t\t\t\tNa zdj\u0119ciu wychowawcy, kt\u00f3rzy dostali Nagrod\u0119 Dyrektora: p. Wojciech Chmielewski i p. Barbara Pa\u0144czyk-Sieradz.\n\t\t\t\t<\/dd><\/dl>\n\t\t\t<br style='clear: both' \/>\n\t\t<\/div>\n\n<p><a href=\"http:\/\/bursa3radom.pl\/?page_id=2142http:\/\/\">Powr\u00f3t<\/a><\/p>\n","protected":false},"excerpt":{"rendered":"<p>Dzie\u0144 Edukacji Narodowej Z okazji Dnia Edukacji Narodowej w dniu 15.X.2018r M\u0142odzie\u017cowa Rada Bursy przygotowa\u0142a program artystyczny dedykowany wszystkim nauczycielom \u2013 wychowawcom. Wychowankowie podzi\u0119kowali za opiek\u0119 i wychowanie. Nie zabrak\u0142o wyst\u0119p\u00f3w artystycznych. Zarz\u0105d MRB , przewodnicz\u0105cy grup z\u0142o\u017cyli \u017cyczenia p. Dyrektor oraz wychowawcom. M\u0142odzie\u017c wr\u0119czy\u0142a drobne upominki, a pracownicy Bursy otrzymali okoliczno\u015bciowe karty z \u017cyczeniami. Powr\u00f3t<\/p>\n","protected":false},"author":1,"featured_media":0,"parent":2142,"menu_order":0,"comment_status":"closed","ping_status":"open","template":"","meta":{"footnotes":""},"class_list":["post-2185","page","type-page","status-publish","hentry"],"_links":{"self":[{"href":"https:\/\/bursa3radom.pl\/index.php?rest_route=\/wp\/v2\/pages\/2185","targetHints":{"allow":["GET"]}}],"collection":[{"href":"https:\/\/bursa3radom.pl\/index.php?rest_route=\/wp\/v2\/pages"}],"about":[{"href":"https:\/\/bursa3radom.pl\/index.php?rest_route=\/wp\/v2\/types\/page"}],"author":[{"embeddable":true,"href":"https:\/\/bursa3radom.pl\/index.php?rest_route=\/wp\/v2\/users\/1"}],"replies":[{"embeddable":true,"href":"https:\/\/bursa3radom.pl\/index.php?rest_route=%2Fwp%2Fv2%2Fcomments&post=2185"}],"version-history":[{"count":2,"href":"https:\/\/bursa3radom.pl\/index.php?rest_route=\/wp\/v2\/pages\/2185\/revisions"}],"predecessor-version":[{"id":2452,"href":"https:\/\/bursa3radom.pl\/index.php?rest_route=\/wp\/v2\/pages\/2185\/revisions\/2452"}],"up":[{"embeddable":true,"href":"https:\/\/bursa3radom.pl\/index.php?rest_route=\/wp\/v2\/pages\/2142"}],"wp:attachment":[{"href":"https:\/\/bursa3radom.pl\/index.php?rest_route=%2Fwp%2Fv2%2Fmedia&parent=2185"}],"curies":[{"name":"wp","href":"https:\/\/api.w.org\/{rel}","templated":true}]}}

Dzień Edukacji Narodowej 2018

<p><strong>Dzień Edukacji Narodowej</strong></p>
<p>Z okazji Dnia Edukacji Narodowej w dniu 15.X.2018r Młodzieżowa Rada Bursy przygotowała program artystyczny dedykowany wszystkim nauczycielom – wychowawcom. Wychowankowie podziękowali za opiekę i wychowanie. Nie zabrakło występów artystycznych. Zarząd MRB , przewodniczący grup złożyli życzenia p. Dyrektor oraz wychowawcom. Młodzież wręczyła drobne upominki, a pracownicy Bursy otrzymali okolicznościowe karty z życzeniami.</p>

		<style type="text/css">
			#gallery-1 {
				margin: auto;
			}
			#gallery-1 .gallery-item {
				float: left;
				margin-top: 10px;
				text-align: center;
				width: 33%;
			}
			#gallery-1 img {
				border: 2px solid #cfcfcf;
			}
			#gallery-1 .gallery-caption {
				margin-left: 0;
			}
			/* see gallery_shortcode() in wp-includes/media.php */
		</style>
		<div id='gallery-1' class='gallery galleryid-2185 gallery-columns-3 gallery-size-thumbnail'><dl class='gallery-item'>
			<dt class='gallery-icon landscape'>
				<a href='https://bursa3radom.pl/wp-content/uploads/2018/12/DSC_0029.jpg'><img loading="lazy" decoding="async" width="150" height="150" src="https://bursa3radom.pl/wp-content/uploads/2018/12/DSC_0029-150x150.jpg" class="attachment-thumbnail size-thumbnail" alt="" /></a>
			</dt></dl><dl class='gallery-item'>
			<dt class='gallery-icon landscape'>
				<a href='https://bursa3radom.pl/wp-content/uploads/2018/12/DSC_0036.jpg'><img loading="lazy" decoding="async" width="150" height="150" src="https://bursa3radom.pl/wp-content/uploads/2018/12/DSC_0036-150x150.jpg" class="attachment-thumbnail size-thumbnail" alt="" /></a>
			</dt></dl><dl class='gallery-item'>
			<dt class='gallery-icon portrait'>
				<a href='https://bursa3radom.pl/wp-content/uploads/2018/12/DSC_0041.jpg'><img loading="lazy" decoding="async" width="150" height="150" src="https://bursa3radom.pl/wp-content/uploads/2018/12/DSC_0041-150x150.jpg" class="attachment-thumbnail size-thumbnail" alt="" /></a>
			</dt></dl><br style="clear: both" /><dl class='gallery-item'>
			<dt class='gallery-icon portrait'>
				<a href='https://bursa3radom.pl/wp-content/uploads/2018/12/DSC_0045.jpg'><img loading="lazy" decoding="async" width="150" height="150" src="https://bursa3radom.pl/wp-content/uploads/2018/12/DSC_0045-150x150.jpg" class="attachment-thumbnail size-thumbnail" alt="" /></a>
			</dt></dl><dl class='gallery-item'>
			<dt class='gallery-icon portrait'>
				<a href='https://bursa3radom.pl/wp-content/uploads/2018/12/DSC_0075.jpg'><img loading="lazy" decoding="async" width="150" height="150" src="https://bursa3radom.pl/wp-content/uploads/2018/12/DSC_0075-150x150.jpg" class="attachment-thumbnail size-thumbnail" alt="" aria-describedby="gallery-1-2190" /></a>
			</dt>
				<dd class='wp-caption-text gallery-caption' id='gallery-1-2190'>
				Na zdjęciu wychowawcy, którzy dostali Nagrodę Dyrektora: p. Wojciech Chmielewski i p. Barbara Pańczyk-Sieradz.
				</dd></dl>
			<br style='clear: both' />
		</div>

<p><a href="http://bursa3radom.pl/?page_id=2142http://">Powrót</a></p>

<p>Dzień Edukacji Narodowej Z okazji Dnia Edukacji Narodowej w dniu 15.X.2018r Młodzieżowa Rada Bursy przygotowała program artystyczny dedykowany wszystkim nauczycielom – wychowawcom. Wychowankowie podziękowali za opiekę i wychowanie. Nie zabrakło występów artystycznych. Zarząd MRB , przewodniczący grup złożyli życzenia p. Dyrektor oraz wychowawcom. Młodzież wręczyła drobne upominki, a pracownicy Bursy otrzymali okolicznościowe karty z życzeniami. Powrót</p>
