{"id":2155,"date":"2018-12-09T20:25:43","date_gmt":"2018-12-09T20:25:43","guid":{"rendered":"http:\/\/bursa3radom.pl\/?page_id=2155"},"modified":"2018-12-09T20:28:49","modified_gmt":"2018-12-09T20:28:49","slug":"gabloty-grup-2","status":"publish","type":"page","link":"https:\/\/bursa3radom.pl\/?page_id=2155","title":{"rendered":"Gabloty grup"},"content":{"rendered":"<p><strong>Konkurs na naj\u0142adniejsz\u0105 gablot\u0119 samorz\u0105du grupy<\/strong><\/p>\n<p>M\u0142odzie\u017cowa Rada Bursy w dniu 14.IX.2018 r og\u0142osi\u0142a konkurs dla wszystkich grup na wykonanie gabloty samorz\u0105du grupy. Powo\u0142ane jury konkursowe w sk\u0142adzie: opiekun MRB, przewodnicz\u0105cy MRB oraz 4 przedstawicieli grup b\u0119d\u0105cych cz\u0142onkami sekcji kulturalno \u2013 rozrywkowej dokona\u0142o w dn. 11.X.2018 r oceny naj\u0142adniejszej i najciekawszej gabloty. Zwyci\u0119zc\u0105 konkursu zosta\u0142a grupa III. Nagrodzeni zostali wszyscy wychowankowie, kt\u00f3rzy wzi\u0119li udzia\u0142 w konkursie.<\/p>\n\n\t\t<style type=\"text\/css\">\n\t\t\t#gallery-1 {\n\t\t\t\tmargin: auto;\n\t\t\t}\n\t\t\t#gallery-1 .gallery-item {\n\t\t\t\tfloat: left;\n\t\t\t\tmargin-top: 10px;\n\t\t\t\ttext-align: center;\n\t\t\t\twidth: 33%;\n\t\t\t}\n\t\t\t#gallery-1 img {\n\t\t\t\tborder: 2px solid #cfcfcf;\n\t\t\t}\n\t\t\t#gallery-1 .gallery-caption {\n\t\t\t\tmargin-left: 0;\n\t\t\t}\n\t\t\t\/* see gallery_shortcode() in wp-includes\/media.php *\/\n\t\t<\/style>\n\t\t<div id='gallery-1' class='gallery galleryid-2155 gallery-columns-3 gallery-size-thumbnail'><dl class='gallery-item'>\n\t\t\t<dt class='gallery-icon landscape'>\n\t\t\t\t<a href='https:\/\/bursa3radom.pl\/wp-content\/uploads\/2018\/12\/Grupa-I1.jpg'><img loading=\"lazy\" decoding=\"async\" width=\"150\" height=\"150\" src=\"https:\/\/bursa3radom.pl\/wp-content\/uploads\/2018\/12\/Grupa-I1-150x150.jpg\" class=\"attachment-thumbnail size-thumbnail\" alt=\"\" aria-describedby=\"gallery-1-2156\" \/><\/a>\n\t\t\t<\/dt>\n\t\t\t\t<dd class='wp-caption-text gallery-caption' id='gallery-1-2156'>\n\t\t\t\tGrupa I\n\t\t\t\t<\/dd><\/dl><dl class='gallery-item'>\n\t\t\t<dt class='gallery-icon landscape'>\n\t\t\t\t<a href='https:\/\/bursa3radom.pl\/wp-content\/uploads\/2018\/12\/Grupa-II1.jpg'><img loading=\"lazy\" decoding=\"async\" width=\"150\" height=\"150\" src=\"https:\/\/bursa3radom.pl\/wp-content\/uploads\/2018\/12\/Grupa-II1-150x150.jpg\" class=\"attachment-thumbnail size-thumbnail\" alt=\"\" aria-describedby=\"gallery-1-2157\" \/><\/a>\n\t\t\t<\/dt>\n\t\t\t\t<dd class='wp-caption-text gallery-caption' id='gallery-1-2157'>\n\t\t\t\tGrupa II\n\t\t\t\t<\/dd><\/dl><dl class='gallery-item'>\n\t\t\t<dt class='gallery-icon landscape'>\n\t\t\t\t<a href='https:\/\/bursa3radom.pl\/wp-content\/uploads\/2018\/12\/Grupa-III1.jpg'><img loading=\"lazy\" decoding=\"async\" width=\"150\" height=\"150\" src=\"https:\/\/bursa3radom.pl\/wp-content\/uploads\/2018\/12\/Grupa-III1-150x150.jpg\" class=\"attachment-thumbnail size-thumbnail\" alt=\"\" aria-describedby=\"gallery-1-2158\" \/><\/a>\n\t\t\t<\/dt>\n\t\t\t\t<dd class='wp-caption-text gallery-caption' id='gallery-1-2158'>\n\t\t\t\tGrupa III\n\t\t\t\t<\/dd><\/dl><br style=\"clear: both\" \/><dl class='gallery-item'>\n\t\t\t<dt class='gallery-icon landscape'>\n\t\t\t\t<a href='https:\/\/bursa3radom.pl\/wp-content\/uploads\/2018\/12\/Grupa-IV1.jpg'><img loading=\"lazy\" decoding=\"async\" width=\"150\" height=\"150\" src=\"https:\/\/bursa3radom.pl\/wp-content\/uploads\/2018\/12\/Grupa-IV1-150x150.jpg\" class=\"attachment-thumbnail size-thumbnail\" alt=\"\" aria-describedby=\"gallery-1-2159\" \/><\/a>\n\t\t\t<\/dt>\n\t\t\t\t<dd class='wp-caption-text gallery-caption' id='gallery-1-2159'>\n\t\t\t\tGrupa IV\n\t\t\t\t<\/dd><\/dl>\n\t\t\t<br style='clear: both' \/>\n\t\t<\/div>\n\n<p><a href=\"http:\/\/bursa3radom.pl\/?page_id=2142\">Powr\u00f3t<\/a><\/p>\n","protected":false},"excerpt":{"rendered":"<p>Konkurs na naj\u0142adniejsz\u0105 gablot\u0119 samorz\u0105du grupy M\u0142odzie\u017cowa Rada Bursy w dniu 14.IX.2018 r og\u0142osi\u0142a konkurs dla wszystkich grup na wykonanie gabloty samorz\u0105du grupy. Powo\u0142ane jury konkursowe w sk\u0142adzie: opiekun MRB, przewodnicz\u0105cy MRB oraz 4 przedstawicieli grup b\u0119d\u0105cych cz\u0142onkami sekcji kulturalno \u2013 rozrywkowej dokona\u0142o w dn. 11.X.2018 r oceny naj\u0142adniejszej i najciekawszej gabloty. Zwyci\u0119zc\u0105 konkursu zosta\u0142a grupa III. Nagrodzeni zostali wszyscy wychowankowie, kt\u00f3rzy wzi\u0119li udzia\u0142 w konkursie. Powr\u00f3t<\/p>\n","protected":false},"author":1,"featured_media":0,"parent":2142,"menu_order":0,"comment_status":"closed","ping_status":"open","template":"","meta":{"footnotes":""},"class_list":["post-2155","page","type-page","status-publish","hentry"],"_links":{"self":[{"href":"https:\/\/bursa3radom.pl\/index.php?rest_route=\/wp\/v2\/pages\/2155","targetHints":{"allow":["GET"]}}],"collection":[{"href":"https:\/\/bursa3radom.pl\/index.php?rest_route=\/wp\/v2\/pages"}],"about":[{"href":"https:\/\/bursa3radom.pl\/index.php?rest_route=\/wp\/v2\/types\/page"}],"author":[{"embeddable":true,"href":"https:\/\/bursa3radom.pl\/index.php?rest_route=\/wp\/v2\/users\/1"}],"replies":[{"embeddable":true,"href":"https:\/\/bursa3radom.pl\/index.php?rest_route=%2Fwp%2Fv2%2Fcomments&post=2155"}],"version-history":[{"count":2,"href":"https:\/\/bursa3radom.pl\/index.php?rest_route=\/wp\/v2\/pages\/2155\/revisions"}],"predecessor-version":[{"id":2163,"href":"https:\/\/bursa3radom.pl\/index.php?rest_route=\/wp\/v2\/pages\/2155\/revisions\/2163"}],"up":[{"embeddable":true,"href":"https:\/\/bursa3radom.pl\/index.php?rest_route=\/wp\/v2\/pages\/2142"}],"wp:attachment":[{"href":"https:\/\/bursa3radom.pl\/index.php?rest_route=%2Fwp%2Fv2%2Fmedia&parent=2155"}],"curies":[{"name":"wp","href":"https:\/\/api.w.org\/{rel}","templated":true}]}}

<p><strong>Konkurs na najładniejszą gablotę samorządu grupy</strong></p>
<p>Młodzieżowa Rada Bursy w dniu 14.IX.2018 r ogłosiła konkurs dla wszystkich grup na wykonanie gabloty samorządu grupy. Powołane jury konkursowe w składzie: opiekun MRB, przewodniczący MRB oraz 4 przedstawicieli grup będących członkami sekcji kulturalno – rozrywkowej dokonało w dn. 11.X.2018 r oceny najładniejszej i najciekawszej gabloty. Zwycięzcą konkursu została grupa III. Nagrodzeni zostali wszyscy wychowankowie, którzy wzięli udział w konkursie.</p>

		<style type="text/css">
			#gallery-1 {
				margin: auto;
			}
			#gallery-1 .gallery-item {
				float: left;
				margin-top: 10px;
				text-align: center;
				width: 33%;
			}
			#gallery-1 img {
				border: 2px solid #cfcfcf;
			}
			#gallery-1 .gallery-caption {
				margin-left: 0;
			}
			/* see gallery_shortcode() in wp-includes/media.php */
		</style>
		<div id='gallery-1' class='gallery galleryid-2155 gallery-columns-3 gallery-size-thumbnail'><dl class='gallery-item'>
			<dt class='gallery-icon landscape'>
				<a href='https://bursa3radom.pl/wp-content/uploads/2018/12/Grupa-I1.jpg'><img loading="lazy" decoding="async" width="150" height="150" src="https://bursa3radom.pl/wp-content/uploads/2018/12/Grupa-I1-150x150.jpg" class="attachment-thumbnail size-thumbnail" alt="" aria-describedby="gallery-1-2156" /></a>
			</dt>
				<dd class='wp-caption-text gallery-caption' id='gallery-1-2156'>
				Grupa I
				</dd></dl><dl class='gallery-item'>
			<dt class='gallery-icon landscape'>
				<a href='https://bursa3radom.pl/wp-content/uploads/2018/12/Grupa-II1.jpg'><img loading="lazy" decoding="async" width="150" height="150" src="https://bursa3radom.pl/wp-content/uploads/2018/12/Grupa-II1-150x150.jpg" class="attachment-thumbnail size-thumbnail" alt="" aria-describedby="gallery-1-2157" /></a>
			</dt>
				<dd class='wp-caption-text gallery-caption' id='gallery-1-2157'>
				Grupa II
				</dd></dl><dl class='gallery-item'>
			<dt class='gallery-icon landscape'>
				<a href='https://bursa3radom.pl/wp-content/uploads/2018/12/Grupa-III1.jpg'><img loading="lazy" decoding="async" width="150" height="150" src="https://bursa3radom.pl/wp-content/uploads/2018/12/Grupa-III1-150x150.jpg" class="attachment-thumbnail size-thumbnail" alt="" aria-describedby="gallery-1-2158" /></a>
			</dt>
				<dd class='wp-caption-text gallery-caption' id='gallery-1-2158'>
				Grupa III
				</dd></dl><br style="clear: both" /><dl class='gallery-item'>
			<dt class='gallery-icon landscape'>
				<a href='https://bursa3radom.pl/wp-content/uploads/2018/12/Grupa-IV1.jpg'><img loading="lazy" decoding="async" width="150" height="150" src="https://bursa3radom.pl/wp-content/uploads/2018/12/Grupa-IV1-150x150.jpg" class="attachment-thumbnail size-thumbnail" alt="" aria-describedby="gallery-1-2159" /></a>
			</dt>
				<dd class='wp-caption-text gallery-caption' id='gallery-1-2159'>
				Grupa IV
				</dd></dl>
			<br style='clear: both' />
		</div>

<p><a href="http://bursa3radom.pl/?page_id=2142">Powrót</a></p>

<p>Konkurs na najładniejszą gablotę samorządu grupy Młodzieżowa Rada Bursy w dniu 14.IX.2018 r ogłosiła konkurs dla wszystkich grup na wykonanie gabloty samorządu grupy. Powołane jury konkursowe w składzie: opiekun MRB, przewodniczący MRB oraz 4 przedstawicieli grup będących członkami sekcji kulturalno – rozrywkowej dokonało w dn. 11.X.2018 r oceny najładniejszej i najciekawszej gabloty. Zwycięzcą konkursu została grupa III. Nagrodzeni zostali wszyscy wychowankowie, którzy wzięli udział w konkursie. Powrót</p>
