{"id":2142,"date":"2018-12-09T15:38:32","date_gmt":"2018-12-09T15:38:32","guid":{"rendered":"http:\/\/bursa3radom.pl\/?page_id=2142"},"modified":"2019-11-13T15:43:41","modified_gmt":"2019-11-13T15:43:41","slug":"rok-szkolny-20182019","status":"publish","type":"page","link":"https:\/\/bursa3radom.pl\/?page_id=2142","title":{"rendered":"Rok szkolny 2018\/2019"},"content":{"rendered":"<div id=\"attachment_2146\" style=\"width: 160px\" class=\"wp-caption alignleft\"><a href=\"http:\/\/bursa3radom.pl\/?page_id=2144\"><img loading=\"lazy\" decoding=\"async\" aria-describedby=\"caption-attachment-2146\" class=\"wp-image-2146 size-thumbnail\" src=\"http:\/\/bursa3radom.pl\/wp-content\/uploads\/2018\/12\/Grupa-I-150x150.jpg\" alt=\"Grupa I\" width=\"150\" height=\"150\" \/><\/a><p id=\"caption-attachment-2146\" class=\"wp-caption-text\"><\/span> <span style=\"font-size: 14pt; font-family: 'EB Garamond';\">Grupy<\/span><\/p><\/div>\n<div id=\"attachment_2158\" style=\"width: 160px\" class=\"wp-caption alignleft\"><a href=\"http:\/\/bursa3radom.pl\/?page_id=2155\"><img loading=\"lazy\" decoding=\"async\" aria-describedby=\"caption-attachment-2158\" class=\"wp-image-2158 size-thumbnail\" src=\"http:\/\/bursa3radom.pl\/wp-content\/uploads\/2018\/12\/Grupa-III1-150x150.jpg\" alt=\"Grupa III\" width=\"150\" height=\"150\" \/><\/a><p id=\"caption-attachment-2158\" class=\"wp-caption-text\"><\/span> <span style=\"font-family: 'EB Garamond'; font-size: 14pt;\">Gabloty<\/span><\/p><\/div>\n<div id=\"attachment_2174\" style=\"width: 160px\" class=\"wp-caption alignleft\"><a href=\"http:\/\/bursa3radom.pl\/?page_id=2173\" rel=\"attachment wp-att-2174\"><img loading=\"lazy\" decoding=\"async\" aria-describedby=\"caption-attachment-2174\" class=\"wp-image-2174 size-thumbnail\" src=\"http:\/\/bursa3radom.pl\/wp-content\/uploads\/2018\/12\/IMG_0738.1-150x150.jpg\" alt=\"IMG_0738.1\" width=\"150\" height=\"150\" \/><\/a><p id=\"caption-attachment-2174\" class=\"wp-caption-text\"><\/span> <span style=\"font-family: 'EB Garamond'; font-size: 14pt;\">Otrz\u0119siny<\/span><\/p><\/div>\n<div id=\"attachment_2186\" style=\"width: 160px\" class=\"wp-caption alignleft\"><a href=\"http:\/\/bursa3radom.pl\/?page_id=2185\"><img loading=\"lazy\" decoding=\"async\" aria-describedby=\"caption-attachment-2186\" class=\"wp-image-2186 size-thumbnail\" src=\"http:\/\/bursa3radom.pl\/wp-content\/uploads\/2018\/12\/DSC_0029-150x150.jpg\" alt=\"DSC_0029\" width=\"150\" height=\"150\" \/><\/a><p id=\"caption-attachment-2186\" class=\"wp-caption-text\"><\/span> <span style=\"font-family: 'EB Garamond'; font-size: 14pt;\">Dzie\u0144 Edukacji Narodowej<\/span><\/p><\/div>\n<div id=\"attachment_2197\" style=\"width: 160px\" class=\"wp-caption alignleft\"><a href=\"http:\/\/bursa3radom.pl\/?page_id=2195\"><img loading=\"lazy\" decoding=\"async\" aria-describedby=\"caption-attachment-2197\" class=\"wp-image-2197 size-thumbnail\" src=\"http:\/\/bursa3radom.pl\/wp-content\/uploads\/2018\/12\/P1080945-150x150.jpg\" alt=\"P1080945\" width=\"150\" height=\"150\" \/><\/a><p id=\"caption-attachment-2197\" class=\"wp-caption-text\"><\/span> <span style=\"font-family: 'EB Garamond'; font-size: 14pt;\">Wybory do MRB<\/span><\/p><\/div>\n<div id=\"attachment_2208\" style=\"width: 160px\" class=\"wp-caption alignleft\"><a href=\"http:\/\/bursa3radom.pl\/?page_id=2204\"><img loading=\"lazy\" decoding=\"async\" aria-describedby=\"caption-attachment-2208\" class=\"wp-image-2208 size-thumbnail\" src=\"http:\/\/bursa3radom.pl\/wp-content\/uploads\/2018\/12\/P1080971-150x150.jpg\" alt=\"P1080971\" width=\"150\" height=\"150\" \/><\/a><p id=\"caption-attachment-2208\" class=\"wp-caption-text\"><\/span> <span style=\"font-family: 'EB Garamond'; font-size: 14pt;\">Opieka nad pomnikiem przy ul.Warszawskiej<\/span><\/p><\/div>\n<div id=\"attachment_2216\" style=\"width: 160px\" class=\"wp-caption alignleft\"><a href=\"http:\/\/bursa3radom.pl\/?page_id=2214\"><img loading=\"lazy\" decoding=\"async\" aria-describedby=\"caption-attachment-2216\" class=\"wp-image-2216 size-thumbnail\" src=\"http:\/\/bursa3radom.pl\/wp-content\/uploads\/2019\/01\/DSC_0164-150x150.jpg\" alt=\"DSC_0164\" width=\"150\" height=\"150\" \/><\/a><p id=\"caption-attachment-2216\" class=\"wp-caption-text\"><\/span> <span style=\"font-family: 'EB Garamond'; font-size: 14pt;\">Prelekcja &#8222;Dieta dla m\u00f3zgu&#8221;<\/span><\/p><\/div>\n<div id=\"attachment_2222\" style=\"width: 160px\" class=\"wp-caption alignleft\"><a href=\"http:\/\/bursa3radom.pl\/?page_id=2219\"><img loading=\"lazy\" decoding=\"async\" aria-describedby=\"caption-attachment-2222\" class=\"wp-image-2222 size-thumbnail\" src=\"http:\/\/bursa3radom.pl\/wp-content\/uploads\/2019\/01\/DSC_0178-150x150.jpg\" alt=\"DSC_0178\" width=\"150\" height=\"150\" \/><\/a><p id=\"caption-attachment-2222\" class=\"wp-caption-text\"><\/span> <span style=\"font-family: 'EB Garamond'; font-size: 14pt;\">Inauguracja dzia\u0142alno\u015bci nowego Samorz\u0105du \u2013 przekazanie w\u0142adzy<\/span><\/p><\/div>\n<div id=\"attachment_2235\" style=\"width: 160px\" class=\"wp-caption alignleft\"><a href=\"http:\/\/bursa3radom.pl\/?page_id=2231\"><img loading=\"lazy\" decoding=\"async\" aria-describedby=\"caption-attachment-2235\" class=\"wp-image-2235 size-thumbnail\" src=\"http:\/\/bursa3radom.pl\/wp-content\/uploads\/2019\/01\/DSC_0230-150x150.jpg\" alt=\"DSC_0230\" width=\"150\" height=\"150\" \/><\/a><p id=\"caption-attachment-2235\" class=\"wp-caption-text\"><\/span> <span style=\"font-family: 'EB Garamond'; font-size: 14pt;\">Turniej ping \u2013 pong<\/span><\/p><\/div>\n<div id=\"attachment_2244\" style=\"width: 160px\" class=\"wp-caption alignleft\"><a href=\"http:\/\/bursa3radom.pl\/?page_id=2241\"><img loading=\"lazy\" decoding=\"async\" aria-describedby=\"caption-attachment-2244\" class=\"wp-image-2244 size-thumbnail\" src=\"http:\/\/bursa3radom.pl\/wp-content\/uploads\/2019\/01\/P1090070-150x150.jpg\" alt=\"P1090070\" width=\"150\" height=\"150\" \/><\/a><p id=\"caption-attachment-2244\" class=\"wp-caption-text\"><\/span> <span style=\"font-family: 'EB Garamond'; font-size: 14pt;\">Ksi\u0119ga bicia rekord\u00f3w<\/span><\/p><\/div>\n<div id=\"attachment_2254\" style=\"width: 160px\" class=\"wp-caption alignleft\"><a href=\"http:\/\/bursa3radom.pl\/?page_id=2248\"><img loading=\"lazy\" decoding=\"async\" aria-describedby=\"caption-attachment-2254\" class=\"wp-image-2254 size-thumbnail\" src=\"http:\/\/bursa3radom.pl\/wp-content\/uploads\/2019\/01\/DSC00919-150x150.jpg\" alt=\"DSC00919\" width=\"150\" height=\"150\" \/><\/a><p id=\"caption-attachment-2254\" class=\"wp-caption-text\"><\/span> <span style=\"font-family: 'EB Garamond'; font-size: 14pt;\">Uroczysto\u015bci 100 \u2013 lecia Niepodleg\u0142o\u015bci Polski w Bursie<\/span><\/p><\/div>\n<div id=\"attachment_2265\" style=\"width: 160px\" class=\"wp-caption alignleft\"><a href=\"http:\/\/bursa3radom.pl\/?page_id=2264\"><img loading=\"lazy\" decoding=\"async\" aria-describedby=\"caption-attachment-2265\" class=\"wp-image-2265 size-thumbnail\" src=\"http:\/\/bursa3radom.pl\/wp-content\/uploads\/2019\/01\/DSC_0279-150x150.jpg\" alt=\"DSC_0279\" width=\"150\" height=\"150\" \/><\/a><p id=\"caption-attachment-2265\" class=\"wp-caption-text\"><\/span> <span style=\"font-family: 'EB Garamond'; font-size: 14pt;\">Andrzejki<\/span><\/p><\/div>\n<div id=\"attachment_2277\" style=\"width: 160px\" class=\"wp-caption alignleft\"><a href=\"http:\/\/bursa3radom.pl\/?page_id=2276\"><img loading=\"lazy\" decoding=\"async\" aria-describedby=\"caption-attachment-2277\" class=\"wp-image-2277 size-thumbnail\" src=\"http:\/\/bursa3radom.pl\/wp-content\/uploads\/2019\/01\/DSC00956-150x150.jpg\" alt=\"DSC00956\" width=\"150\" height=\"150\" \/><\/a><p id=\"caption-attachment-2277\" class=\"wp-caption-text\"><\/span> <span style=\"font-family: 'EB Garamond'; font-size: 14pt;\">Konkurs historyczny \u2013 Nasza Polska Niepodleg\u0142a<\/span><\/p><\/div>\n<div id=\"attachment_2286\" style=\"width: 160px\" class=\"wp-caption alignleft\"><a href=\"http:\/\/bursa3radom.pl\/?page_id=2283\"><img loading=\"lazy\" decoding=\"async\" aria-describedby=\"caption-attachment-2286\" class=\"wp-image-2286 size-thumbnail\" src=\"http:\/\/bursa3radom.pl\/wp-content\/uploads\/2019\/01\/DSC_0402-150x150.jpg\" alt=\"DSC_0402\" width=\"150\" height=\"150\" \/><\/a><p id=\"caption-attachment-2286\" class=\"wp-caption-text\"><\/span> <span style=\"font-family: 'EB Garamond'; font-size: 14pt;\">Miko\u0142aj w Bursie<\/span><\/p><\/div>\n<div id=\"attachment_2298\" style=\"width: 160px\" class=\"wp-caption alignleft\"><a href=\"http:\/\/bursa3radom.pl\/?page_id=2296\"><img loading=\"lazy\" decoding=\"async\" aria-describedby=\"caption-attachment-2298\" class=\"wp-image-2298 size-thumbnail\" src=\"http:\/\/bursa3radom.pl\/wp-content\/uploads\/2019\/01\/P1090065-150x150.jpg\" alt=\"P1090065\" width=\"150\" height=\"150\" \/><\/a><p id=\"caption-attachment-2298\" class=\"wp-caption-text\"><\/span> <span style=\"font-family: 'EB Garamond'; font-size: 14pt;\">Dzie\u0144 Anio\u0142a<\/span><\/p><\/div>\n<div id=\"attachment_2306\" style=\"width: 160px\" class=\"wp-caption alignleft\"><a href=\"http:\/\/bursa3radom.pl\/?page_id=2304\"><img loading=\"lazy\" decoding=\"async\" aria-describedby=\"caption-attachment-2306\" class=\"wp-image-2306 size-thumbnail\" src=\"http:\/\/bursa3radom.pl\/wp-content\/uploads\/2019\/01\/P1090079-150x150.jpg\" alt=\"P1090079\" width=\"150\" height=\"150\" \/><\/a><p id=\"caption-attachment-2306\" class=\"wp-caption-text\"><\/span> <span style=\"font-family: 'EB Garamond'; font-size: 14pt;\">Konkurs ,,Okno bo\u017conarodzeniowe\u201d<\/span><\/p><\/div>\n<div id=\"attachment_2315\" style=\"width: 160px\" class=\"wp-caption alignleft\"><a href=\"http:\/\/bursa3radom.pl\/?page_id=2314\"><img loading=\"lazy\" decoding=\"async\" aria-describedby=\"caption-attachment-2315\" class=\"wp-image-2315 size-thumbnail\" src=\"http:\/\/bursa3radom.pl\/wp-content\/uploads\/2019\/01\/DSC_0491-150x150.jpg\" alt=\"DSC_0491\" width=\"150\" height=\"150\" \/><\/a><p id=\"caption-attachment-2315\" class=\"wp-caption-text\"><\/span> <span style=\"font-family: 'EB Garamond'; font-size: 14pt;\">Wigilia<\/span><\/p><\/div>\n","protected":false},"excerpt":{"rendered":"","protected":false},"author":1,"featured_media":0,"parent":0,"menu_order":0,"comment_status":"closed","ping_status":"open","template":"","meta":{"footnotes":""},"class_list":["post-2142","page","type-page","status-publish","hentry"],"_links":{"self":[{"href":"https:\/\/bursa3radom.pl\/index.php?rest_route=\/wp\/v2\/pages\/2142","targetHints":{"allow":["GET"]}}],"collection":[{"href":"https:\/\/bursa3radom.pl\/index.php?rest_route=\/wp\/v2\/pages"}],"about":[{"href":"https:\/\/bursa3radom.pl\/index.php?rest_route=\/wp\/v2\/types\/page"}],"author":[{"embeddable":true,"href":"https:\/\/bursa3radom.pl\/index.php?rest_route=\/wp\/v2\/users\/1"}],"replies":[{"embeddable":true,"href":"https:\/\/bursa3radom.pl\/index.php?rest_route=%2Fwp%2Fv2%2Fcomments&post=2142"}],"version-history":[{"count":24,"href":"https:\/\/bursa3radom.pl\/index.php?rest_route=\/wp\/v2\/pages\/2142\/revisions"}],"predecessor-version":[{"id":2499,"href":"https:\/\/bursa3radom.pl\/index.php?rest_route=\/wp\/v2\/pages\/2142\/revisions\/2499"}],"wp:attachment":[{"href":"https:\/\/bursa3radom.pl\/index.php?rest_route=%2Fwp%2Fv2%2Fmedia&parent=2142"}],"curies":[{"name":"wp","href":"https:\/\/api.w.org\/{rel}","templated":true}]}}