{"id":2089,"date":"2018-06-19T21:04:47","date_gmt":"2018-06-19T21:04:47","guid":{"rendered":"http:\/\/bursa3radom.pl\/?page_id=2089"},"modified":"2018-06-19T21:04:47","modified_gmt":"2018-06-19T21:04:47","slug":"rocznica-uchwalenia-konstytucji-3-maja","status":"publish","type":"page","link":"https:\/\/bursa3radom.pl\/?page_id=2089","title":{"rendered":"Rocznica Uchwalenia Konstytucji  3 \u2013 Maja"},"content":{"rendered":"<p>25.04.2018 r odby\u0142a si\u0119 Wieczornica z okazji \u015awi\u0105t Majowych (\u015awi\u0119to 1 \u2013 Maja, \u015awi\u0119to Flagi Rzeczpospolitej Polskiej oraz Rocznicy Uchwalenia Konstytucji 3 \u2013 Maja).<\/p>\n<p>M\u0142odzie\u017c przedstawi\u0142a monta\u017c s\u0142owno \u2013 muzyczny na temat: \u015bwi\u0105t majowych oraz \u015bpiewano pie\u015bni patriotyczne.<\/p>\n\n\t\t<style type=\"text\/css\">\n\t\t\t#gallery-1 {\n\t\t\t\tmargin: auto;\n\t\t\t}\n\t\t\t#gallery-1 .gallery-item {\n\t\t\t\tfloat: left;\n\t\t\t\tmargin-top: 10px;\n\t\t\t\ttext-align: center;\n\t\t\t\twidth: 33%;\n\t\t\t}\n\t\t\t#gallery-1 img {\n\t\t\t\tborder: 2px solid #cfcfcf;\n\t\t\t}\n\t\t\t#gallery-1 .gallery-caption {\n\t\t\t\tmargin-left: 0;\n\t\t\t}\n\t\t\t\/* see gallery_shortcode() in wp-includes\/media.php *\/\n\t\t<\/style>\n\t\t<div id='gallery-1' class='gallery galleryid-2089 gallery-columns-3 gallery-size-thumbnail'><dl class='gallery-item'>\n\t\t\t<dt class='gallery-icon landscape'>\n\t\t\t\t<a href='https:\/\/bursa3radom.pl\/wp-content\/uploads\/2018\/06\/P1080787.jpg'><img loading=\"lazy\" decoding=\"async\" width=\"150\" height=\"150\" src=\"https:\/\/bursa3radom.pl\/wp-content\/uploads\/2018\/06\/P1080787-150x150.jpg\" class=\"attachment-thumbnail size-thumbnail\" alt=\"\" \/><\/a>\n\t\t\t<\/dt><\/dl><dl class='gallery-item'>\n\t\t\t<dt class='gallery-icon landscape'>\n\t\t\t\t<a href='https:\/\/bursa3radom.pl\/wp-content\/uploads\/2018\/06\/P1080788.jpg'><img loading=\"lazy\" decoding=\"async\" width=\"150\" height=\"150\" src=\"https:\/\/bursa3radom.pl\/wp-content\/uploads\/2018\/06\/P1080788-150x150.jpg\" class=\"attachment-thumbnail size-thumbnail\" alt=\"\" \/><\/a>\n\t\t\t<\/dt><\/dl><dl class='gallery-item'>\n\t\t\t<dt class='gallery-icon landscape'>\n\t\t\t\t<a href='https:\/\/bursa3radom.pl\/wp-content\/uploads\/2018\/06\/P1080790.jpg'><img loading=\"lazy\" decoding=\"async\" width=\"150\" height=\"150\" src=\"https:\/\/bursa3radom.pl\/wp-content\/uploads\/2018\/06\/P1080790-150x150.jpg\" class=\"attachment-thumbnail size-thumbnail\" alt=\"\" aria-describedby=\"gallery-1-2092\" \/><\/a>\n\t\t\t<\/dt>\n\t\t\t\t<dd class='wp-caption-text gallery-caption' id='gallery-1-2092'>\n\t\t\t\tRocznica Uchwalenia Konstytucji  3 \u2013 Maja\n\t\t\t\t<\/dd><\/dl><br style=\"clear: both\" \/><dl class='gallery-item'>\n\t\t\t<dt class='gallery-icon landscape'>\n\t\t\t\t<a href='https:\/\/bursa3radom.pl\/wp-content\/uploads\/2018\/06\/P1080791.jpg'><img loading=\"lazy\" decoding=\"async\" width=\"150\" height=\"150\" src=\"https:\/\/bursa3radom.pl\/wp-content\/uploads\/2018\/06\/P1080791-150x150.jpg\" class=\"attachment-thumbnail size-thumbnail\" alt=\"\" \/><\/a>\n\t\t\t<\/dt><\/dl><dl class='gallery-item'>\n\t\t\t<dt class='gallery-icon landscape'>\n\t\t\t\t<a href='https:\/\/bursa3radom.pl\/wp-content\/uploads\/2018\/06\/P1080792.jpg'><img loading=\"lazy\" decoding=\"async\" width=\"150\" height=\"150\" src=\"https:\/\/bursa3radom.pl\/wp-content\/uploads\/2018\/06\/P1080792-150x150.jpg\" class=\"attachment-thumbnail size-thumbnail\" alt=\"\" \/><\/a>\n\t\t\t<\/dt><\/dl>\n\t\t\t<br style='clear: both' \/>\n\t\t<\/div>\n\n","protected":false},"excerpt":{"rendered":"<p>25.04.2018 r odby\u0142a si\u0119 Wieczornica z okazji \u015awi\u0105t Majowych (\u015awi\u0119to 1 \u2013 Maja, \u015awi\u0119to Flagi Rzeczpospolitej Polskiej oraz Rocznicy Uchwalenia Konstytucji 3 \u2013 Maja). M\u0142odzie\u017c przedstawi\u0142a monta\u017c s\u0142owno \u2013 muzyczny na temat: \u015bwi\u0105t majowych oraz \u015bpiewano pie\u015bni patriotyczne.<\/p>\n","protected":false},"author":1,"featured_media":0,"parent":1926,"menu_order":0,"comment_status":"closed","ping_status":"open","template":"","meta":{"footnotes":""},"class_list":["post-2089","page","type-page","status-publish","hentry"],"_links":{"self":[{"href":"https:\/\/bursa3radom.pl\/index.php?rest_route=\/wp\/v2\/pages\/2089","targetHints":{"allow":["GET"]}}],"collection":[{"href":"https:\/\/bursa3radom.pl\/index.php?rest_route=\/wp\/v2\/pages"}],"about":[{"href":"https:\/\/bursa3radom.pl\/index.php?rest_route=\/wp\/v2\/types\/page"}],"author":[{"embeddable":true,"href":"https:\/\/bursa3radom.pl\/index.php?rest_route=\/wp\/v2\/users\/1"}],"replies":[{"embeddable":true,"href":"https:\/\/bursa3radom.pl\/index.php?rest_route=%2Fwp%2Fv2%2Fcomments&post=2089"}],"version-history":[{"count":1,"href":"https:\/\/bursa3radom.pl\/index.php?rest_route=\/wp\/v2\/pages\/2089\/revisions"}],"predecessor-version":[{"id":2095,"href":"https:\/\/bursa3radom.pl\/index.php?rest_route=\/wp\/v2\/pages\/2089\/revisions\/2095"}],"up":[{"embeddable":true,"href":"https:\/\/bursa3radom.pl\/index.php?rest_route=\/wp\/v2\/pages\/1926"}],"wp:attachment":[{"href":"https:\/\/bursa3radom.pl\/index.php?rest_route=%2Fwp%2Fv2%2Fmedia&parent=2089"}],"curies":[{"name":"wp","href":"https:\/\/api.w.org\/{rel}","templated":true}]}}

<p>25.04.2018 r odbyła się Wieczornica z okazji Świąt Majowych (Święto 1 – Maja, Święto Flagi Rzeczpospolitej Polskiej oraz Rocznicy Uchwalenia Konstytucji 3 – Maja).</p>
<p>Młodzież przedstawiła montaż słowno – muzyczny na temat: świąt majowych oraz śpiewano pieśni patriotyczne.</p>

		<style type="text/css">
			#gallery-1 {
				margin: auto;
			}
			#gallery-1 .gallery-item {
				float: left;
				margin-top: 10px;
				text-align: center;
				width: 33%;
			}
			#gallery-1 img {
				border: 2px solid #cfcfcf;
			}
			#gallery-1 .gallery-caption {
				margin-left: 0;
			}
			/* see gallery_shortcode() in wp-includes/media.php */
		</style>
		<div id='gallery-1' class='gallery galleryid-2089 gallery-columns-3 gallery-size-thumbnail'><dl class='gallery-item'>
			<dt class='gallery-icon landscape'>
				<a href='https://bursa3radom.pl/wp-content/uploads/2018/06/P1080787.jpg'><img loading="lazy" decoding="async" width="150" height="150" src="https://bursa3radom.pl/wp-content/uploads/2018/06/P1080787-150x150.jpg" class="attachment-thumbnail size-thumbnail" alt="" /></a>
			</dt></dl><dl class='gallery-item'>
			<dt class='gallery-icon landscape'>
				<a href='https://bursa3radom.pl/wp-content/uploads/2018/06/P1080788.jpg'><img loading="lazy" decoding="async" width="150" height="150" src="https://bursa3radom.pl/wp-content/uploads/2018/06/P1080788-150x150.jpg" class="attachment-thumbnail size-thumbnail" alt="" /></a>
			</dt></dl><dl class='gallery-item'>
			<dt class='gallery-icon landscape'>
				<a href='https://bursa3radom.pl/wp-content/uploads/2018/06/P1080790.jpg'><img loading="lazy" decoding="async" width="150" height="150" src="https://bursa3radom.pl/wp-content/uploads/2018/06/P1080790-150x150.jpg" class="attachment-thumbnail size-thumbnail" alt="" aria-describedby="gallery-1-2092" /></a>
			</dt>
				<dd class='wp-caption-text gallery-caption' id='gallery-1-2092'>
				Rocznica Uchwalenia Konstytucji  3 – Maja
				</dd></dl><br style="clear: both" /><dl class='gallery-item'>
			<dt class='gallery-icon landscape'>
				<a href='https://bursa3radom.pl/wp-content/uploads/2018/06/P1080791.jpg'><img loading="lazy" decoding="async" width="150" height="150" src="https://bursa3radom.pl/wp-content/uploads/2018/06/P1080791-150x150.jpg" class="attachment-thumbnail size-thumbnail" alt="" /></a>
			</dt></dl><dl class='gallery-item'>
			<dt class='gallery-icon landscape'>
				<a href='https://bursa3radom.pl/wp-content/uploads/2018/06/P1080792.jpg'><img loading="lazy" decoding="async" width="150" height="150" src="https://bursa3radom.pl/wp-content/uploads/2018/06/P1080792-150x150.jpg" class="attachment-thumbnail size-thumbnail" alt="" /></a>
			</dt></dl>
			<br style='clear: both' />
		</div>

<p>25.04.2018 r odbyła się Wieczornica z okazji Świąt Majowych (Święto 1 – Maja, Święto Flagi Rzeczpospolitej Polskiej oraz Rocznicy Uchwalenia Konstytucji 3 – Maja). Młodzież przedstawiła montaż słowno – muzyczny na temat: świąt majowych oraz śpiewano pieśni patriotyczne.</p>
