{"id":2079,"date":"2018-06-19T20:56:43","date_gmt":"2018-06-19T20:56:43","guid":{"rendered":"http:\/\/bursa3radom.pl\/?page_id=2079"},"modified":"2018-06-19T20:56:43","modified_gmt":"2018-06-19T20:56:43","slug":"pozegnanie-absolwentow","status":"publish","type":"page","link":"https:\/\/bursa3radom.pl\/?page_id=2079","title":{"rendered":"Po\u017cegnanie absolwent\u00f3w"},"content":{"rendered":"<p>Tradycj\u0105 w naszej Bursie jest uroczyste po\u017cegnanie absolwent\u00f3w.<\/p>\n<p>Uroczysto\u015b\u0107 rozpocz\u0105\u0142 monta\u017c s\u0142owno \u2013 muzyczny przygotowany przez m\u0142odzie\u017c, pod kierunkiem opiekuna MRB.<\/p>\n<p>M\u0142odzie\u017c przygotowa\u0142a wiersze i piosenki dla starszych koleg\u00f3w i kole\u017canek. Wyst\u0119py podsumowa\u0142y serdeczne \u017cyczenia wszelkiej pomy\u015blno\u015bci w doros\u0142ym \u017cyciu. Przygotowany zosta\u0142 s\u0142odki pocz\u0119stunek i pokaz multimedialnej prezentacji z\u0142o\u017conej ze zdj\u0119\u0107 dokumentuj\u0105cych kilkuletni pobyt tegorocznych absolwent\u00f3w w Bursie.<\/p>\n<p>Na zako\u0144czenie uroczysto\u015bci P. Dyrektor wr\u0119czy\u0142a wszystkim absolwentom dyplomy. Wyr\u00f3\u017cniaj\u0105cy si\u0119 absolwenci otrzymali ksi\u0105\u017cki za zaanga\u017cowanie i prac\u0119 na rzecz spo\u0142eczno\u015bci bursy. Absolwenci w dow\u00f3d wdzi\u0119czno\u015bci wr\u0119czyli Pani Dyrektor oraz wychowawcom kwiaty. Uwie\u0144czeniem spotkania by\u0142o wsp\u00f3lne pami\u0105tkowe zdj\u0119cie.<\/p>\n\n\t\t<style type=\"text\/css\">\n\t\t\t#gallery-1 {\n\t\t\t\tmargin: auto;\n\t\t\t}\n\t\t\t#gallery-1 .gallery-item {\n\t\t\t\tfloat: left;\n\t\t\t\tmargin-top: 10px;\n\t\t\t\ttext-align: center;\n\t\t\t\twidth: 33%;\n\t\t\t}\n\t\t\t#gallery-1 img {\n\t\t\t\tborder: 2px solid #cfcfcf;\n\t\t\t}\n\t\t\t#gallery-1 .gallery-caption {\n\t\t\t\tmargin-left: 0;\n\t\t\t}\n\t\t\t\/* see gallery_shortcode() in wp-includes\/media.php *\/\n\t\t<\/style>\n\t\t<div id='gallery-1' class='gallery galleryid-2079 gallery-columns-3 gallery-size-thumbnail'><dl class='gallery-item'>\n\t\t\t<dt class='gallery-icon landscape'>\n\t\t\t\t<a href='https:\/\/bursa3radom.pl\/wp-content\/uploads\/2018\/06\/DSC_0645.jpg'><img loading=\"lazy\" decoding=\"async\" width=\"150\" height=\"150\" src=\"https:\/\/bursa3radom.pl\/wp-content\/uploads\/2018\/06\/DSC_0645-150x150.jpg\" class=\"attachment-thumbnail size-thumbnail\" alt=\"\" \/><\/a>\n\t\t\t<\/dt><\/dl><dl class='gallery-item'>\n\t\t\t<dt class='gallery-icon landscape'>\n\t\t\t\t<a href='https:\/\/bursa3radom.pl\/wp-content\/uploads\/2018\/06\/DSC_0659.jpg'><img loading=\"lazy\" decoding=\"async\" width=\"150\" height=\"150\" src=\"https:\/\/bursa3radom.pl\/wp-content\/uploads\/2018\/06\/DSC_0659-150x150.jpg\" class=\"attachment-thumbnail size-thumbnail\" alt=\"\" \/><\/a>\n\t\t\t<\/dt><\/dl><dl class='gallery-item'>\n\t\t\t<dt class='gallery-icon landscape'>\n\t\t\t\t<a href='https:\/\/bursa3radom.pl\/wp-content\/uploads\/2018\/06\/DSC_0662.jpg'><img loading=\"lazy\" decoding=\"async\" width=\"150\" height=\"150\" src=\"https:\/\/bursa3radom.pl\/wp-content\/uploads\/2018\/06\/DSC_0662-150x150.jpg\" class=\"attachment-thumbnail size-thumbnail\" alt=\"\" \/><\/a>\n\t\t\t<\/dt><\/dl><br style=\"clear: both\" \/><dl class='gallery-item'>\n\t\t\t<dt class='gallery-icon portrait'>\n\t\t\t\t<a href='https:\/\/bursa3radom.pl\/wp-content\/uploads\/2018\/06\/DSC_0674.jpg'><img loading=\"lazy\" decoding=\"async\" width=\"150\" height=\"150\" src=\"https:\/\/bursa3radom.pl\/wp-content\/uploads\/2018\/06\/DSC_0674-150x150.jpg\" class=\"attachment-thumbnail size-thumbnail\" alt=\"\" \/><\/a>\n\t\t\t<\/dt><\/dl><dl class='gallery-item'>\n\t\t\t<dt class='gallery-icon landscape'>\n\t\t\t\t<a href='https:\/\/bursa3radom.pl\/wp-content\/uploads\/2018\/06\/DSC_0683.jpg'><img loading=\"lazy\" decoding=\"async\" width=\"150\" height=\"150\" src=\"https:\/\/bursa3radom.pl\/wp-content\/uploads\/2018\/06\/DSC_0683-150x150.jpg\" class=\"attachment-thumbnail size-thumbnail\" alt=\"\" \/><\/a>\n\t\t\t<\/dt><\/dl><dl class='gallery-item'>\n\t\t\t<dt class='gallery-icon portrait'>\n\t\t\t\t<a href='https:\/\/bursa3radom.pl\/wp-content\/uploads\/2018\/06\/DSC_0688.jpg'><img loading=\"lazy\" decoding=\"async\" width=\"150\" height=\"150\" src=\"https:\/\/bursa3radom.pl\/wp-content\/uploads\/2018\/06\/DSC_0688-150x150.jpg\" class=\"attachment-thumbnail size-thumbnail\" alt=\"\" \/><\/a>\n\t\t\t<\/dt><\/dl><br style=\"clear: both\" \/><dl class='gallery-item'>\n\t\t\t<dt class='gallery-icon landscape'>\n\t\t\t\t<a href='https:\/\/bursa3radom.pl\/wp-content\/uploads\/2018\/06\/DSC_0716.jpg'><img loading=\"lazy\" decoding=\"async\" width=\"150\" height=\"150\" src=\"https:\/\/bursa3radom.pl\/wp-content\/uploads\/2018\/06\/DSC_0716-150x150.jpg\" class=\"attachment-thumbnail size-thumbnail\" alt=\"\" aria-describedby=\"gallery-1-2086\" \/><\/a>\n\t\t\t<\/dt>\n\t\t\t\t<dd class='wp-caption-text gallery-caption' id='gallery-1-2086'>\n\t\t\t\tPo\u017cegnanie absolwent\u00f3w\n\t\t\t\t<\/dd><\/dl>\n\t\t\t<br style='clear: both' \/>\n\t\t<\/div>\n\n","protected":false},"excerpt":{"rendered":"<p>Tradycj\u0105 w naszej Bursie jest uroczyste po\u017cegnanie absolwent\u00f3w. Uroczysto\u015b\u0107 rozpocz\u0105\u0142 monta\u017c s\u0142owno \u2013 muzyczny przygotowany przez m\u0142odzie\u017c, pod kierunkiem opiekuna MRB. M\u0142odzie\u017c przygotowa\u0142a wiersze i piosenki dla starszych koleg\u00f3w i kole\u017canek. Wyst\u0119py podsumowa\u0142y serdeczne \u017cyczenia wszelkiej pomy\u015blno\u015bci w doros\u0142ym \u017cyciu. Przygotowany zosta\u0142 s\u0142odki pocz\u0119stunek i pokaz multimedialnej prezentacji z\u0142o\u017conej ze zdj\u0119\u0107 dokumentuj\u0105cych kilkuletni pobyt tegorocznych absolwent\u00f3w w Bursie. Na zako\u0144czenie uroczysto\u015bci P. Dyrektor wr\u0119czy\u0142a wszystkim absolwentom dyplomy. Wyr\u00f3\u017cniaj\u0105cy si\u0119 absolwenci&#8230;<\/p>\n","protected":false},"author":1,"featured_media":0,"parent":1926,"menu_order":0,"comment_status":"closed","ping_status":"open","template":"","meta":{"footnotes":""},"class_list":["post-2079","page","type-page","status-publish","hentry"],"_links":{"self":[{"href":"https:\/\/bursa3radom.pl\/index.php?rest_route=\/wp\/v2\/pages\/2079","targetHints":{"allow":["GET"]}}],"collection":[{"href":"https:\/\/bursa3radom.pl\/index.php?rest_route=\/wp\/v2\/pages"}],"about":[{"href":"https:\/\/bursa3radom.pl\/index.php?rest_route=\/wp\/v2\/types\/page"}],"author":[{"embeddable":true,"href":"https:\/\/bursa3radom.pl\/index.php?rest_route=\/wp\/v2\/users\/1"}],"replies":[{"embeddable":true,"href":"https:\/\/bursa3radom.pl\/index.php?rest_route=%2Fwp%2Fv2%2Fcomments&post=2079"}],"version-history":[{"count":1,"href":"https:\/\/bursa3radom.pl\/index.php?rest_route=\/wp\/v2\/pages\/2079\/revisions"}],"predecessor-version":[{"id":2087,"href":"https:\/\/bursa3radom.pl\/index.php?rest_route=\/wp\/v2\/pages\/2079\/revisions\/2087"}],"up":[{"embeddable":true,"href":"https:\/\/bursa3radom.pl\/index.php?rest_route=\/wp\/v2\/pages\/1926"}],"wp:attachment":[{"href":"https:\/\/bursa3radom.pl\/index.php?rest_route=%2Fwp%2Fv2%2Fmedia&parent=2079"}],"curies":[{"name":"wp","href":"https:\/\/api.w.org\/{rel}","templated":true}]}}

Pożegnanie absolwentów

<p>Tradycją w naszej Bursie jest uroczyste pożegnanie absolwentów.</p>
<p>Uroczystość rozpoczął montaż słowno – muzyczny przygotowany przez młodzież, pod kierunkiem opiekuna MRB.</p>
<p>Młodzież przygotowała wiersze i piosenki dla starszych kolegów i koleżanek. Występy podsumowały serdeczne życzenia wszelkiej pomyślności w dorosłym życiu. Przygotowany został słodki poczęstunek i pokaz multimedialnej prezentacji złożonej ze zdjęć dokumentujących kilkuletni pobyt tegorocznych absolwentów w Bursie.</p>
<p>Na zakończenie uroczystości P. Dyrektor wręczyła wszystkim absolwentom dyplomy. Wyróżniający się absolwenci otrzymali książki za zaangażowanie i pracę na rzecz społeczności bursy. Absolwenci w dowód wdzięczności wręczyli Pani Dyrektor oraz wychowawcom kwiaty. Uwieńczeniem spotkania było wspólne pamiątkowe zdjęcie.</p>

		<style type="text/css">
			#gallery-1 {
				margin: auto;
			}
			#gallery-1 .gallery-item {
				float: left;
				margin-top: 10px;
				text-align: center;
				width: 33%;
			}
			#gallery-1 img {
				border: 2px solid #cfcfcf;
			}
			#gallery-1 .gallery-caption {
				margin-left: 0;
			}
			/* see gallery_shortcode() in wp-includes/media.php */
		</style>
		<div id='gallery-1' class='gallery galleryid-2079 gallery-columns-3 gallery-size-thumbnail'><dl class='gallery-item'>
			<dt class='gallery-icon landscape'>
				<a href='https://bursa3radom.pl/wp-content/uploads/2018/06/DSC_0645.jpg'><img loading="lazy" decoding="async" width="150" height="150" src="https://bursa3radom.pl/wp-content/uploads/2018/06/DSC_0645-150x150.jpg" class="attachment-thumbnail size-thumbnail" alt="" /></a>
			</dt></dl><dl class='gallery-item'>
			<dt class='gallery-icon landscape'>
				<a href='https://bursa3radom.pl/wp-content/uploads/2018/06/DSC_0659.jpg'><img loading="lazy" decoding="async" width="150" height="150" src="https://bursa3radom.pl/wp-content/uploads/2018/06/DSC_0659-150x150.jpg" class="attachment-thumbnail size-thumbnail" alt="" /></a>
			</dt></dl><dl class='gallery-item'>
			<dt class='gallery-icon landscape'>
				<a href='https://bursa3radom.pl/wp-content/uploads/2018/06/DSC_0662.jpg'><img loading="lazy" decoding="async" width="150" height="150" src="https://bursa3radom.pl/wp-content/uploads/2018/06/DSC_0662-150x150.jpg" class="attachment-thumbnail size-thumbnail" alt="" /></a>
			</dt></dl><br style="clear: both" /><dl class='gallery-item'>
			<dt class='gallery-icon portrait'>
				<a href='https://bursa3radom.pl/wp-content/uploads/2018/06/DSC_0674.jpg'><img loading="lazy" decoding="async" width="150" height="150" src="https://bursa3radom.pl/wp-content/uploads/2018/06/DSC_0674-150x150.jpg" class="attachment-thumbnail size-thumbnail" alt="" /></a>
			</dt></dl><dl class='gallery-item'>
			<dt class='gallery-icon landscape'>
				<a href='https://bursa3radom.pl/wp-content/uploads/2018/06/DSC_0683.jpg'><img loading="lazy" decoding="async" width="150" height="150" src="https://bursa3radom.pl/wp-content/uploads/2018/06/DSC_0683-150x150.jpg" class="attachment-thumbnail size-thumbnail" alt="" /></a>
			</dt></dl><dl class='gallery-item'>
			<dt class='gallery-icon portrait'>
				<a href='https://bursa3radom.pl/wp-content/uploads/2018/06/DSC_0688.jpg'><img loading="lazy" decoding="async" width="150" height="150" src="https://bursa3radom.pl/wp-content/uploads/2018/06/DSC_0688-150x150.jpg" class="attachment-thumbnail size-thumbnail" alt="" /></a>
			</dt></dl><br style="clear: both" /><dl class='gallery-item'>
			<dt class='gallery-icon landscape'>
				<a href='https://bursa3radom.pl/wp-content/uploads/2018/06/DSC_0716.jpg'><img loading="lazy" decoding="async" width="150" height="150" src="https://bursa3radom.pl/wp-content/uploads/2018/06/DSC_0716-150x150.jpg" class="attachment-thumbnail size-thumbnail" alt="" aria-describedby="gallery-1-2086" /></a>
			</dt>
				<dd class='wp-caption-text gallery-caption' id='gallery-1-2086'>
				Pożegnanie absolwentów
				</dd></dl>
			<br style='clear: both' />
		</div>

<p>Tradycją w naszej Bursie jest uroczyste pożegnanie absolwentów. Uroczystość rozpoczął montaż słowno – muzyczny przygotowany przez młodzież, pod kierunkiem opiekuna MRB. Młodzież przygotowała wiersze i piosenki dla starszych kolegów i koleżanek. Występy podsumowały serdeczne życzenia wszelkiej pomyślności w dorosłym życiu. Przygotowany został słodki poczęstunek i pokaz multimedialnej prezentacji złożonej ze zdjęć dokumentujących kilkuletni pobyt tegorocznych absolwentów w Bursie. Na zakończenie uroczystości P. Dyrektor wręczyła wszystkim absolwentom dyplomy. Wyróżniający się absolwenci&#8230;</p>
