{"id":2,"date":"2014-01-20T16:19:33","date_gmt":"2014-01-20T16:19:33","guid":{"rendered":"http:\/\/localhost\/wordpress-3.8\/wordpress\/?page_id=2"},"modified":"2021-09-14T14:15:42","modified_gmt":"2021-09-14T14:15:42","slug":"sample-page","status":"publish","type":"page","link":"https:\/\/bursa3radom.pl\/?page_id=2","title":{"rendered":"O nas"},"content":{"rendered":"<h4><\/h4>\n<p align=\"justify\"><span style=\"font-size: xx-small;\"><a href=\"http:\/\/bursa3radom.pl\/wp-content\/uploads\/2015\/01\/DSC8068.jpg\"><img loading=\"lazy\" decoding=\"async\" class=\"size-thumbnail wp-image-756 alignleft\" src=\"http:\/\/bursa3radom.pl\/wp-content\/uploads\/2015\/01\/DSC8068-150x150.jpg\" alt=\"_DSC8068\" width=\"150\" height=\"150\" \/><\/a><\/span><\/p>\n<p>Bursa Szkolna Nr 3 \u00a0w Radomiu jest plac\u00f3wk\u0105 wychowania pozaszkolnego zapewniaj\u0105c\u0105 opiek\u0119 i wychowanie uczniom w okresie pobierania nauki poza miejscem sta\u0142ego zamieszkania. Wychowankami bursy mog\u0105 by\u0107 uczniowie szk\u00f3\u0142 ponadpodstawowych dla m\u0142odzie\u017cy, w tym uczniowie wymagaj\u0105cy stosowania specjalnej organizacji nauki, metod pracy i wychowania oraz s\u0142uchacze zak\u0142ad\u00f3w kszta\u0142cenia nauczycieli i kolegi\u00f3w pracownik\u00f3w s\u0142u\u017cb spo\u0142ecznych, w wieku do 24 roku \u017cycia, a tak\u017ce uczniowie klas VII i VIII szk\u00f3\u0142 podstawowych.<br \/>\nBursa zapewnia wychowankom ca\u0142odobow\u0105 opiek\u0119, warunki do nauki, pomoc w nauce, warunki do rozwijania zainteresowa\u0144 i szczeg\u00f3lnych uzdolnie\u0144, warunki umo\u017cliwiaj\u0105ce uczestnictwo w kulturze, sporcie i turystyce. Swoje zadania realizuje z rodzicami wychowanka, szko\u0142\u0105, do kt\u00f3rej ucz\u0119szcza wychowanek, oraz z poradniami psychologiczno-pedagogicznymi, w tym poradniami specjalistycznymi. Bursa prowadzi dzia\u0142alno\u015b\u0107 przez ca\u0142y rok szkolny jako plac\u00f3wka, w kt\u00f3rej s\u0105 przewidziane ferie szkolne. Podstawow\u0105 form\u0105 organizacyjn\u0105 pracy z wychowankami w bursie jest grupa wychowawcza, kt\u00f3r\u0105 opiekuje si\u0119 wychowawca grupy wychowawczej. Opiek\u0119 w bursie w porze nocnej r\u00f3wnie\u017c sprawuje wychowawca.<\/p>\n<p style=\"text-align: left;\"><em><strong>Rodzice dzieci i m\u0142odzie\u017cy przebywaj\u0105cych w bursie wnosz\u0105 op\u0142aty za:<\/strong><\/em><\/p>\n<ol style=\"text-align: left;\">\n<li>posi\u0142ki w sto\u0142\u00f3wce bursy r\u00f3wne wysoko\u015bci koszt\u00f3w surowca przeznaczonego na wy\u017cywienie<\/li>\n<li>zakwaterowania w bursie w wysoko\u015bci do 50% kosztu utrzymania miejsca<\/li>\n<\/ol>\n<p style=\"text-align: left;\">Je\u017celi dziecko z uzasadnionych powod\u00f3w nie mog\u0142o przebywa\u0107 w plac\u00f3wce, op\u0142aty, o kt\u00f3rych mowa, nale\u017cne s\u0105 w wysoko\u015bci proporcjonalnej do czasu faktycznego pobytu dziecka.<\/p>\n<p style=\"text-align: center;\" align=\"center\"><strong><span style=\"font-family: 'EB Garamond'; font-size: 12pt;\"><em><span style=\"color: #ff0000;\"><span style=\"color: #000000;\">Misj\u0105 Bursy jest stworzenie optymalnych warunk\u00f3w<br \/>\ndo wszechstronnego rozwoju i nauki wychowanka,<br \/>\nprzygotowania go do samodzielnego,aktywnego,<br \/>\nzdrowego i tw\u00f3rczego \u017cycia.<\/span><\/span><\/em><\/span><\/strong><\/p>\n","protected":false},"excerpt":{"rendered":"<p>Bursa Szkolna Nr 3 \u00a0w Radomiu jest plac\u00f3wk\u0105 wychowania pozaszkolnego zapewniaj\u0105c\u0105 opiek\u0119 i wychowanie uczniom w okresie pobierania nauki poza miejscem sta\u0142ego zamieszkania. Wychowankami bursy mog\u0105 by\u0107 uczniowie szk\u00f3\u0142 ponadpodstawowych dla m\u0142odzie\u017cy, w tym uczniowie wymagaj\u0105cy stosowania specjalnej organizacji nauki, metod pracy i wychowania oraz s\u0142uchacze zak\u0142ad\u00f3w kszta\u0142cenia nauczycieli i kolegi\u00f3w pracownik\u00f3w s\u0142u\u017cb spo\u0142ecznych, w wieku do 24 roku \u017cycia, a tak\u017ce uczniowie klas VII i VIII szk\u00f3\u0142 podstawowych. Bursa&#8230;<\/p>\n","protected":false},"author":1,"featured_media":0,"parent":0,"menu_order":1,"comment_status":"open","ping_status":"closed","template":"","meta":{"footnotes":""},"class_list":["post-2","page","type-page","status-publish","hentry"],"_links":{"self":[{"href":"https:\/\/bursa3radom.pl\/index.php?rest_route=\/wp\/v2\/pages\/2","targetHints":{"allow":["GET"]}}],"collection":[{"href":"https:\/\/bursa3radom.pl\/index.php?rest_route=\/wp\/v2\/pages"}],"about":[{"href":"https:\/\/bursa3radom.pl\/index.php?rest_route=\/wp\/v2\/types\/page"}],"author":[{"embeddable":true,"href":"https:\/\/bursa3radom.pl\/index.php?rest_route=\/wp\/v2\/users\/1"}],"replies":[{"embeddable":true,"href":"https:\/\/bursa3radom.pl\/index.php?rest_route=%2Fwp%2Fv2%2Fcomments&post=2"}],"version-history":[{"count":65,"href":"https:\/\/bursa3radom.pl\/index.php?rest_route=\/wp\/v2\/pages\/2\/revisions"}],"predecessor-version":[{"id":3622,"href":"https:\/\/bursa3radom.pl\/index.php?rest_route=\/wp\/v2\/pages\/2\/revisions\/3622"}],"wp:attachment":[{"href":"https:\/\/bursa3radom.pl\/index.php?rest_route=%2Fwp%2Fv2%2Fmedia&parent=2"}],"curies":[{"name":"wp","href":"https:\/\/api.w.org\/{rel}","templated":true}]}}