{"id":1941,"date":"2017-11-19T16:39:21","date_gmt":"2017-11-19T16:39:21","guid":{"rendered":"http:\/\/bursa3radom.pl\/?page_id=1941"},"modified":"2017-11-19T16:45:06","modified_gmt":"2017-11-19T16:45:06","slug":"gabloty-grup","status":"publish","type":"page","link":"https:\/\/bursa3radom.pl\/?page_id=1941","title":{"rendered":"Gabloty grup"},"content":{"rendered":"<p><strong>Konkurs na naj\u0142adniejsz\u0105 gablot\u0119 samorz\u0105du grupy<\/strong><\/p>\n<p><strong>\u00a0<\/strong>M\u0142odzie\u017cowa Rada Bursy w dniu 18.IX.2017r og\u0142osi\u0142a konkurs dla wszystkich grup na wykonanie gabloty swojej grupy. Powo\u0142ane jury konkursowe w sk\u0142adzie: opiekun MRB, przewodnicz\u0105cy MRB oraz 4 przedstawicieli grup b\u0119d\u0105cych cz\u0142onkami sekcji kulturalno \u2013 rozrywkowej dokona\u0142o w dn. 11.X.2017r oceny naj\u0142adniejszej i najciekawszej gabloty. Zwyci\u0119zc\u0105 konkursu zosta\u0142a grupa III. Nagrodzeni zostali wszyscy wychowankowie, kt\u00f3rzy wzi\u0119li udzia\u0142 w konkursie.<\/p>\n\n\t\t<style type=\"text\/css\">\n\t\t\t#gallery-1 {\n\t\t\t\tmargin: auto;\n\t\t\t}\n\t\t\t#gallery-1 .gallery-item {\n\t\t\t\tfloat: left;\n\t\t\t\tmargin-top: 10px;\n\t\t\t\ttext-align: center;\n\t\t\t\twidth: 33%;\n\t\t\t}\n\t\t\t#gallery-1 img {\n\t\t\t\tborder: 2px solid #cfcfcf;\n\t\t\t}\n\t\t\t#gallery-1 .gallery-caption {\n\t\t\t\tmargin-left: 0;\n\t\t\t}\n\t\t\t\/* see gallery_shortcode() in wp-includes\/media.php *\/\n\t\t<\/style>\n\t\t<div id='gallery-1' class='gallery galleryid-1941 gallery-columns-3 gallery-size-thumbnail'><dl class='gallery-item'>\n\t\t\t<dt class='gallery-icon landscape'>\n\t\t\t\t<a href='https:\/\/bursa3radom.pl\/wp-content\/uploads\/2017\/11\/P1080657.jpg'><img loading=\"lazy\" decoding=\"async\" width=\"150\" height=\"150\" src=\"https:\/\/bursa3radom.pl\/wp-content\/uploads\/2017\/11\/P1080657-150x150.jpg\" class=\"attachment-thumbnail size-thumbnail\" alt=\"\" \/><\/a>\n\t\t\t<\/dt><\/dl><dl class='gallery-item'>\n\t\t\t<dt class='gallery-icon landscape'>\n\t\t\t\t<a href='https:\/\/bursa3radom.pl\/wp-content\/uploads\/2017\/11\/P1080653.jpg'><img loading=\"lazy\" decoding=\"async\" width=\"150\" height=\"150\" src=\"https:\/\/bursa3radom.pl\/wp-content\/uploads\/2017\/11\/P1080653-150x150.jpg\" class=\"attachment-thumbnail size-thumbnail\" alt=\"\" \/><\/a>\n\t\t\t<\/dt><\/dl><dl class='gallery-item'>\n\t\t\t<dt class='gallery-icon landscape'>\n\t\t\t\t<a href='https:\/\/bursa3radom.pl\/wp-content\/uploads\/2017\/11\/P1080652.jpg'><img loading=\"lazy\" decoding=\"async\" width=\"150\" height=\"150\" src=\"https:\/\/bursa3radom.pl\/wp-content\/uploads\/2017\/11\/P1080652-150x150.jpg\" class=\"attachment-thumbnail size-thumbnail\" alt=\"\" \/><\/a>\n\t\t\t<\/dt><\/dl><br style=\"clear: both\" \/><dl class='gallery-item'>\n\t\t\t<dt class='gallery-icon landscape'>\n\t\t\t\t<a href='https:\/\/bursa3radom.pl\/wp-content\/uploads\/2017\/11\/P1080647.jpg'><img loading=\"lazy\" decoding=\"async\" width=\"150\" height=\"150\" src=\"https:\/\/bursa3radom.pl\/wp-content\/uploads\/2017\/11\/P1080647-150x150.jpg\" class=\"attachment-thumbnail size-thumbnail\" alt=\"\" \/><\/a>\n\t\t\t<\/dt><\/dl>\n\t\t\t<br style='clear: both' \/>\n\t\t<\/div>\n\n<p><a title=\"Rok szkolny 2017\/2018\" href=\"http:\/\/bursa3radom.pl\/?page_id=1926\">Powr\u00f3t<\/a><\/p>\n","protected":false},"excerpt":{"rendered":"<p>Konkurs na naj\u0142adniejsz\u0105 gablot\u0119 samorz\u0105du grupy \u00a0M\u0142odzie\u017cowa Rada Bursy w dniu 18.IX.2017r og\u0142osi\u0142a konkurs dla wszystkich grup na wykonanie gabloty swojej grupy. Powo\u0142ane jury konkursowe w sk\u0142adzie: opiekun MRB, przewodnicz\u0105cy MRB oraz 4 przedstawicieli grup b\u0119d\u0105cych cz\u0142onkami sekcji kulturalno \u2013 rozrywkowej dokona\u0142o w dn. 11.X.2017r oceny naj\u0142adniejszej i najciekawszej gabloty. Zwyci\u0119zc\u0105 konkursu zosta\u0142a grupa III. Nagrodzeni zostali wszyscy wychowankowie, kt\u00f3rzy wzi\u0119li udzia\u0142 w konkursie. Powr\u00f3t<\/p>\n","protected":false},"author":1,"featured_media":0,"parent":1926,"menu_order":0,"comment_status":"closed","ping_status":"open","template":"","meta":{"footnotes":""},"class_list":["post-1941","page","type-page","status-publish","hentry"],"_links":{"self":[{"href":"https:\/\/bursa3radom.pl\/index.php?rest_route=\/wp\/v2\/pages\/1941","targetHints":{"allow":["GET"]}}],"collection":[{"href":"https:\/\/bursa3radom.pl\/index.php?rest_route=\/wp\/v2\/pages"}],"about":[{"href":"https:\/\/bursa3radom.pl\/index.php?rest_route=\/wp\/v2\/types\/page"}],"author":[{"embeddable":true,"href":"https:\/\/bursa3radom.pl\/index.php?rest_route=\/wp\/v2\/users\/1"}],"replies":[{"embeddable":true,"href":"https:\/\/bursa3radom.pl\/index.php?rest_route=%2Fwp%2Fv2%2Fcomments&post=1941"}],"version-history":[{"count":2,"href":"https:\/\/bursa3radom.pl\/index.php?rest_route=\/wp\/v2\/pages\/1941\/revisions"}],"predecessor-version":[{"id":1950,"href":"https:\/\/bursa3radom.pl\/index.php?rest_route=\/wp\/v2\/pages\/1941\/revisions\/1950"}],"up":[{"embeddable":true,"href":"https:\/\/bursa3radom.pl\/index.php?rest_route=\/wp\/v2\/pages\/1926"}],"wp:attachment":[{"href":"https:\/\/bursa3radom.pl\/index.php?rest_route=%2Fwp%2Fv2%2Fmedia&parent=1941"}],"curies":[{"name":"wp","href":"https:\/\/api.w.org\/{rel}","templated":true}]}}