{"id":1926,"date":"2017-11-18T22:25:22","date_gmt":"2017-11-18T22:25:22","guid":{"rendered":"http:\/\/bursa3radom.pl\/?page_id=1926"},"modified":"2018-06-19T21:23:04","modified_gmt":"2018-06-19T21:23:04","slug":"rok-szkolny-20172018","status":"publish","type":"page","link":"https:\/\/bursa3radom.pl\/?page_id=1926","title":{"rendered":"Rok szkolny 2017\/2018"},"content":{"rendered":"<div id=\"attachment_1930\" style=\"width: 160px\" class=\"wp-caption alignleft\"><a href=\" http:\/\/bursa3radom.pl\/?page_id=1929\"><img loading=\"lazy\" decoding=\"async\" aria-describedby=\"caption-attachment-1930\" class=\"wp-image-1930 size-thumbnail\" src=\"http:\/\/bursa3radom.pl\/wp-content\/uploads\/2017\/11\/Grupa-I-150x150.jpg\" alt=\"Grupy\" width=\"150\" height=\"150\" \/><\/a><p id=\"caption-attachment-1930\" class=\"wp-caption-text\">Grupy<\/p><\/div>\n<div id=\"attachment_1943\" style=\"width: 160px\" class=\"wp-caption alignleft\"><a href=\"http:\/\/bursa3radom.pl\/?page_id=1941\"><img loading=\"lazy\" decoding=\"async\" aria-describedby=\"caption-attachment-1943\" class=\"wp-image-1943 size-thumbnail\" src=\"http:\/\/bursa3radom.pl\/wp-content\/uploads\/2017\/11\/P1080652-150x150.jpg\" alt=\"P1080652\" width=\"150\" height=\"150\" \/><\/a><p id=\"caption-attachment-1943\" class=\"wp-caption-text\">Gabloty grup<\/p><\/div>\n<div id=\"attachment_1956\" style=\"width: 160px\" class=\"wp-caption alignleft\"><a href=\"http:\/\/bursa3radom.pl\/?page_id=1951\"><img loading=\"lazy\" decoding=\"async\" aria-describedby=\"caption-attachment-1956\" class=\"wp-image-1956 size-thumbnail\" src=\"http:\/\/bursa3radom.pl\/wp-content\/uploads\/2017\/11\/DSC_0146-150x150.jpg\" alt=\"DSC_0146\" width=\"150\" height=\"150\" \/><\/a><p id=\"caption-attachment-1956\" class=\"wp-caption-text\">Pasowanie na mieszka\u0144ca Bursy &#8211; Otrz\u0119siny<\/p><\/div>\n<p>&nbsp;<\/p>\n<p>&nbsp;<\/p>\n<p>&nbsp;<\/p>\n<p>&nbsp;<\/p>\n<p>&nbsp;<\/p>\n<p>&nbsp;<\/p>\n<p>&nbsp;<\/p>\n<p>&nbsp;<\/p>\n<div id=\"attachment_1971\" style=\"width: 160px\" class=\"wp-caption alignleft\"><a href=\"http:\/\/bursa3radom.pl\/?page_id=1965\"><img loading=\"lazy\" decoding=\"async\" aria-describedby=\"caption-attachment-1971\" class=\"wp-image-1971 size-thumbnail\" src=\"http:\/\/bursa3radom.pl\/wp-content\/uploads\/2017\/11\/DSC_0341-150x150.jpg\" alt=\"DSC_0341\" width=\"150\" height=\"150\" \/><\/a><p id=\"caption-attachment-1971\" class=\"wp-caption-text\">Dzie\u0144 Edukacji Narodowej<\/p><\/div>\n<div id=\"attachment_1979\" style=\"width: 160px\" class=\"wp-caption alignleft\"><a href=\"http:\/\/bursa3radom.pl\/?page_id=1976\"><img loading=\"lazy\" decoding=\"async\" aria-describedby=\"caption-attachment-1979\" class=\"wp-image-1979 size-thumbnail\" src=\"http:\/\/bursa3radom.pl\/wp-content\/uploads\/2017\/11\/P1080589-150x150.jpg\" alt=\"P1080589\" width=\"150\" height=\"150\" \/><\/a><p id=\"caption-attachment-1979\" class=\"wp-caption-text\">Festyn rodzinny zorganizowany przez CAL<\/p><\/div>\n<div id=\"attachment_1985\" style=\"width: 160px\" class=\"wp-caption alignleft\"><a href=\"http:\/\/bursa3radom.pl\/?page_id=1984\"><img loading=\"lazy\" decoding=\"async\" aria-describedby=\"caption-attachment-1985\" class=\"wp-image-1985 size-thumbnail\" src=\"http:\/\/bursa3radom.pl\/wp-content\/uploads\/2017\/11\/P1080597-150x150.jpg\" alt=\"Wybory do M\u0142odzie\u017cowej Rady Bursy\" width=\"150\" height=\"150\" \/><\/a><p id=\"caption-attachment-1985\" class=\"wp-caption-text\">Wybory do M\u0142odzie\u017cowej Rady Bursy<\/p><\/div>\n<p>&nbsp;<\/p>\n<p>&nbsp;<\/p>\n<p>&nbsp;<\/p>\n<p>&nbsp;<\/p>\n<p>&nbsp;<\/p>\n<p>&nbsp;<\/p>\n<p>&nbsp;<\/p>\n<div id=\"attachment_2003\" style=\"width: 160px\" class=\"wp-caption alignleft\"><a href=\"http:\/\/bursa3radom.pl\/?page_id=2000\" rel=\"attachment wp-att-2003\"><img loading=\"lazy\" decoding=\"async\" aria-describedby=\"caption-attachment-2003\" class=\"wp-image-2003 size-thumbnail\" src=\"http:\/\/bursa3radom.pl\/wp-content\/uploads\/2018\/01\/DSC_1045-150x150.jpg\" alt=\"DSC_1045\" width=\"150\" height=\"150\" \/><\/a><p id=\"caption-attachment-2003\" class=\"wp-caption-text\">Wieczornica z okazji Narodowego \u015awi\u0119ta Niepodleg\u0142o\u015bci<\/p><\/div>\n<div id=\"attachment_2012\" style=\"width: 160px\" class=\"wp-caption alignleft\"><a href=\"http:\/\/bursa3radom.pl\/?page_id=2008\"><img loading=\"lazy\" decoding=\"async\" aria-describedby=\"caption-attachment-2012\" class=\"wp-image-2012 size-thumbnail\" src=\"http:\/\/bursa3radom.pl\/wp-content\/uploads\/2018\/01\/DSC_1268-150x150.jpg\" alt=\"DSC_1268\" width=\"150\" height=\"150\" \/><\/a><p id=\"caption-attachment-2012\" class=\"wp-caption-text\">Miko\u0142aj w Bursie<\/p><\/div>\n<div id=\"attachment_2022\" style=\"width: 160px\" class=\"wp-caption alignleft\"><a href=\"http:\/\/bursa3radom.pl\/?page_id=2017\"><img loading=\"lazy\" decoding=\"async\" aria-describedby=\"caption-attachment-2022\" class=\"wp-image-2022 size-thumbnail\" src=\"http:\/\/bursa3radom.pl\/wp-content\/uploads\/2018\/01\/DSC_0099-150x150.jpg\" alt=\"DSC_0099\" width=\"150\" height=\"150\" \/><\/a><p id=\"caption-attachment-2022\" class=\"wp-caption-text\">Wieczerza Wigilijna<\/p><\/div>\n<p>&nbsp;<\/p>\n<p>&nbsp;<\/p>\n<p>&nbsp;<\/p>\n<p>&nbsp;<\/p>\n<p>&nbsp;<\/p>\n<p>&nbsp;<\/p>\n<p>&nbsp;<\/p>\n<p>&nbsp;<\/p>\n<div id=\"attachment_2046\" style=\"width: 160px\" class=\"wp-caption alignleft\"><a href=\"http:\/\/bursa3radom.pl\/?page_id=2045\"><img loading=\"lazy\" decoding=\"async\" aria-describedby=\"caption-attachment-2046\" class=\"wp-image-2046 size-thumbnail\" src=\"http:\/\/bursa3radom.pl\/wp-content\/uploads\/2018\/03\/DSC_0234-150x150.jpg\" alt=\"DSC_0234\" width=\"150\" height=\"150\" \/><\/a><p id=\"caption-attachment-2046\" class=\"wp-caption-text\">Konkurs wiedzy o Polsce i Ukrainie<\/p><\/div>\n<div id=\"attachment_2054\" style=\"width: 160px\" class=\"wp-caption alignleft\"><a href=\"http:\/\/bursa3radom.pl\/?page_id=2051\"><img loading=\"lazy\" decoding=\"async\" aria-describedby=\"caption-attachment-2054\" class=\"wp-image-2054 size-thumbnail\" src=\"http:\/\/bursa3radom.pl\/wp-content\/uploads\/2018\/03\/DSC_0307-150x150.jpg\" alt=\"DSC_0307\" width=\"150\" height=\"150\" \/><\/a><p id=\"caption-attachment-2054\" class=\"wp-caption-text\">Konkurs kulinarny na \u201e Na najsmaczniejsze nale\u015bniki.\u201d<\/p><\/div>\n<div id=\"attachment_2067\" style=\"width: 160px\" class=\"wp-caption alignleft\"><a href=\"http:\/\/bursa3radom.pl\/?page_id=2063\"><img loading=\"lazy\" decoding=\"async\" aria-describedby=\"caption-attachment-2067\" class=\"wp-image-2067 size-thumbnail\" src=\"http:\/\/bursa3radom.pl\/wp-content\/uploads\/2018\/03\/P1080751-150x150.jpg\" alt=\"P1080751\" width=\"150\" height=\"150\" \/><\/a><p id=\"caption-attachment-2067\" class=\"wp-caption-text\">Dzie\u0144 Kobiet i M\u0119\u017cczyzn<\/p><\/div>\n<p>&nbsp;<\/p>\n<p>&nbsp;<\/p>\n<p>&nbsp;<\/p>\n<p>&nbsp;<\/p>\n<p>&nbsp;<\/p>\n<p>&nbsp;<\/p>\n<p>&nbsp;<\/p>\n<div id=\"attachment_2086\" style=\"width: 160px\" class=\"wp-caption alignleft\"><a href=\" http:\/\/bursa3radom.pl\/?page_id=2079\"><img loading=\"lazy\" decoding=\"async\" aria-describedby=\"caption-attachment-2086\" class=\"size-thumbnail wp-image-2086\" src=\"http:\/\/bursa3radom.pl\/wp-content\/uploads\/2018\/06\/DSC_0716-150x150.jpg\" alt=\"Po\u017cegnanie absolwent\u00f3w\" width=\"150\" height=\"150\" \/><\/a><p id=\"caption-attachment-2086\" class=\"wp-caption-text\">Po\u017cegnanie absolwent\u00f3w<\/p><\/div>\n<div id=\"attachment_2092\" style=\"width: 160px\" class=\"wp-caption alignleft\"><a href=\"http:\/\/bursa3radom.pl\/?page_id=2089\"><img loading=\"lazy\" decoding=\"async\" aria-describedby=\"caption-attachment-2092\" class=\"size-thumbnail wp-image-2092\" src=\"http:\/\/bursa3radom.pl\/wp-content\/uploads\/2018\/06\/P1080790-150x150.jpg\" alt=\"Rocznica Uchwalenia Konstytucji  3 \u2013 Maja\" width=\"150\" height=\"150\" \/><\/a><p id=\"caption-attachment-2092\" class=\"wp-caption-text\">Rocznica Uchwalenia Konstytucji 3 \u2013 Maja<\/p><\/div>\n<div id=\"attachment_2098\" style=\"width: 160px\" class=\"wp-caption alignleft\"><a href=\"http:\/\/bursa3radom.pl\/?page_id=2097\"><img loading=\"lazy\" decoding=\"async\" aria-describedby=\"caption-attachment-2098\" class=\"size-thumbnail wp-image-2098\" src=\"http:\/\/bursa3radom.pl\/wp-content\/uploads\/2018\/06\/P1080801-150x150.jpg\" alt=\"Quiz savoir-vivre\u2019u\" width=\"150\" height=\"150\" \/><\/a><p id=\"caption-attachment-2098\" class=\"wp-caption-text\">Quiz savoir-vivre\u2019u<\/p><\/div>\n<p>&nbsp;<\/p>\n<p>&nbsp;<\/p>\n<p>&nbsp;<\/p>\n<p>&nbsp;<\/p>\n<p>&nbsp;<\/p>\n<p>&nbsp;<\/p>\n<p>&nbsp;<\/p>\n<div id=\"attachment_2112\" style=\"width: 160px\" class=\"wp-caption alignleft\"><a href=\"http:\/\/bursa3radom.pl\/?page_id=2108\"><img loading=\"lazy\" decoding=\"async\" aria-describedby=\"caption-attachment-2112\" class=\"size-thumbnail wp-image-2112\" src=\"http:\/\/bursa3radom.pl\/wp-content\/uploads\/2018\/06\/DSC_0617-150x150.jpg\" alt=\"Zako\u0144czenie roku szkolnego\" width=\"150\" height=\"150\" \/><\/a><p id=\"caption-attachment-2112\" class=\"wp-caption-text\">Zako\u0144czenie roku szkolnego<\/p><\/div>\n<div id=\"attachment_2130\" style=\"width: 160px\" class=\"wp-caption alignleft\"><a href=\"http:\/\/bursa3radom.pl\/?page_id=2120\"><img loading=\"lazy\" decoding=\"async\" aria-describedby=\"caption-attachment-2130\" class=\"size-thumbnail wp-image-2130\" src=\"http:\/\/bursa3radom.pl\/wp-content\/uploads\/2018\/06\/20180616_184005-150x150.jpg\" alt=\"Wycieczka rowerowa\" width=\"150\" height=\"150\" \/><\/a><p id=\"caption-attachment-2130\" class=\"wp-caption-text\">Wycieczka rowerowa<\/p><\/div>\n","protected":false},"excerpt":{"rendered":"<p>&nbsp; &nbsp; &nbsp; &nbsp; &nbsp; &nbsp; &nbsp; &nbsp; &nbsp; &nbsp; &nbsp; &nbsp; &nbsp; &nbsp; &nbsp; &nbsp; &nbsp; &nbsp; &nbsp; &nbsp; &nbsp; &nbsp; &nbsp; &nbsp; &nbsp; &nbsp; &nbsp; &nbsp; &nbsp; &nbsp; &nbsp; &nbsp; &nbsp; &nbsp; &nbsp; &nbsp; &nbsp;<\/p>\n","protected":false},"author":1,"featured_media":0,"parent":0,"menu_order":0,"comment_status":"closed","ping_status":"open","template":"","meta":{"footnotes":""},"class_list":["post-1926","page","type-page","status-publish","hentry"],"_links":{"self":[{"href":"https:\/\/bursa3radom.pl\/index.php?rest_route=\/wp\/v2\/pages\/1926","targetHints":{"allow":["GET"]}}],"collection":[{"href":"https:\/\/bursa3radom.pl\/index.php?rest_route=\/wp\/v2\/pages"}],"about":[{"href":"https:\/\/bursa3radom.pl\/index.php?rest_route=\/wp\/v2\/types\/page"}],"author":[{"embeddable":true,"href":"https:\/\/bursa3radom.pl\/index.php?rest_route=\/wp\/v2\/users\/1"}],"replies":[{"embeddable":true,"href":"https:\/\/bursa3radom.pl\/index.php?rest_route=%2Fwp%2Fv2%2Fcomments&post=1926"}],"version-history":[{"count":26,"href":"https:\/\/bursa3radom.pl\/index.php?rest_route=\/wp\/v2\/pages\/1926\/revisions"}],"predecessor-version":[{"id":2134,"href":"https:\/\/bursa3radom.pl\/index.php?rest_route=\/wp\/v2\/pages\/1926\/revisions\/2134"}],"wp:attachment":[{"href":"https:\/\/bursa3radom.pl\/index.php?rest_route=%2Fwp%2Fv2%2Fmedia&parent=1926"}],"curies":[{"name":"wp","href":"https:\/\/api.w.org\/{rel}","templated":true}]}}