{"id":1770,"date":"2017-03-19T16:56:55","date_gmt":"2017-03-19T16:56:55","guid":{"rendered":"http:\/\/bursa3radom.pl\/?page_id=1770"},"modified":"2026-03-20T20:28:00","modified_gmt":"2026-03-20T20:28:00","slug":"mlodziezowa-rada-bursy","status":"publish","type":"page","link":"https:\/\/bursa3radom.pl\/?page_id=1770","title":{"rendered":"M\u0142odzie\u017cowa Rada Bursy"},"content":{"rendered":"<p>W Bursie dzia\u0142a samorz\u0105d wychowank\u00f3w &#8211; <strong>M\u0142odzie\u017cowa Rada Bursy<\/strong>. Zarz\u0105d M\u0142odzie\u017cowej Rady Bursy wybierany jest raz w roku w demokratycznych wyborach. Samorz\u0105d reprezentuje interesy wychowank\u00f3w. Wybory opiekuna samorz\u0105du odbywaj\u0105 si\u0119 co 2 lata.<\/p>\n<p>Opiekunem M\u0142odzie\u017cowej Rady Bursy zosta\u0142 wybran p. Krzysztof Leszczyk i pe\u0142ni\u0107 t\u0119 funkcj\u0119 b\u0119dzie do czerwca 2027 r.<\/p>\n<p>Sk\u0142ad Samorz\u0105du w roku szkolnym 2025\/2026:<\/p>\n<p>Przewodnicz\u0105cy Maksymilian Molga<\/p>\n<p>Zast\u0119pca przewodnicz\u0105cego Piotr K\u0105cki<\/p>\n<p>Sekretarz Zuzanna Wieczorek<\/p>\n<p>oraz Micha\u0142 Lewandowski i Ma\u0142gorzata Starzyk<\/p>\n<p><strong>UPRAWNIENIA MRB<\/strong><\/p>\n<ol>\n<li><span style=\"font-family: 'EB Garamond';\">prawo do jawnej i umotywowanej oceny\u00a0 zachowania ,<\/span><\/li>\n<li><span style=\"font-family: 'EB Garamond';\">prawo wp\u0142ywania na organizacj\u0119 \u017cycia w Bursie umo\u017cliwiaj\u0105ce zachowanie w\u0142a\u015bciwych proporcji mi\u0119dzy nauk\u0105, a mo\u017cliwo\u015bci\u0105 sp\u0119dzania wolnego czasu, rozwijania w\u0142asnych\u00a0 zainteresowa\u0144,<\/span><\/li>\n<li><span style=\"font-family: 'EB Garamond';\">prawo do organizowania dzia\u0142alno\u015bci kulturalno \u2013 rozrywkowej, o\u015bwiatowej i sportowej ,<\/span><\/li>\n<li><span style=\"font-family: 'EB Garamond';\">M\u0142odzie\u017cowa Rada Bursy bierze udzia\u0142 w tworzeniu Kalendarza Imprez i Uroczysto\u015bci w Bursie,<\/span><\/li>\n<li><span style=\"font-family: 'EB Garamond';\">Samorz\u0105d opiniuje wnioski Rady Pedagogicznej o skre\u015bleniu wychowanka z listy mieszka\u0144c\u00f3w,<\/span><\/li>\n<li><span style=\"font-family: 'EB Garamond';\">Samorz\u0105d opiniuje wnioski o zakup sprz\u0119tu sportowego, ksi\u0105\u017cek i innych pomocy do rozwijania zainteresowa\u0144 i sp\u0119dzania wolnego czasu.<\/span><\/li>\n<\/ol>\n","protected":false},"excerpt":{"rendered":"<p>W Bursie dzia\u0142a samorz\u0105d wychowank\u00f3w &#8211; M\u0142odzie\u017cowa Rada Bursy. Zarz\u0105d M\u0142odzie\u017cowej Rady Bursy wybierany jest raz w roku w demokratycznych wyborach. Samorz\u0105d reprezentuje interesy wychowank\u00f3w. Wybory opiekuna samorz\u0105du odbywaj\u0105 si\u0119 co 2 lata. Opiekunem M\u0142odzie\u017cowej Rady Bursy zosta\u0142 wybran p. Krzysztof Leszczyk i pe\u0142ni\u0107 t\u0119 funkcj\u0119 b\u0119dzie do czerwca 2027 r. Sk\u0142ad Samorz\u0105du w roku szkolnym 2025\/2026: Przewodnicz\u0105cy Maksymilian Molga Zast\u0119pca przewodnicz\u0105cego Piotr K\u0105cki Sekretarz Zuzanna Wieczorek oraz Micha\u0142 Lewandowski&#8230;<\/p>\n","protected":false},"author":1,"featured_media":0,"parent":0,"menu_order":0,"comment_status":"closed","ping_status":"open","template":"","meta":{"footnotes":""},"class_list":["post-1770","page","type-page","status-publish","hentry"],"_links":{"self":[{"href":"https:\/\/bursa3radom.pl\/index.php?rest_route=\/wp\/v2\/pages\/1770","targetHints":{"allow":["GET"]}}],"collection":[{"href":"https:\/\/bursa3radom.pl\/index.php?rest_route=\/wp\/v2\/pages"}],"about":[{"href":"https:\/\/bursa3radom.pl\/index.php?rest_route=\/wp\/v2\/types\/page"}],"author":[{"embeddable":true,"href":"https:\/\/bursa3radom.pl\/index.php?rest_route=\/wp\/v2\/users\/1"}],"replies":[{"embeddable":true,"href":"https:\/\/bursa3radom.pl\/index.php?rest_route=%2Fwp%2Fv2%2Fcomments&post=1770"}],"version-history":[{"count":17,"href":"https:\/\/bursa3radom.pl\/index.php?rest_route=\/wp\/v2\/pages\/1770\/revisions"}],"predecessor-version":[{"id":5603,"href":"https:\/\/bursa3radom.pl\/index.php?rest_route=\/wp\/v2\/pages\/1770\/revisions\/5603"}],"wp:attachment":[{"href":"https:\/\/bursa3radom.pl\/index.php?rest_route=%2Fwp%2Fv2%2Fmedia&parent=1770"}],"curies":[{"name":"wp","href":"https:\/\/api.w.org\/{rel}","templated":true}]}}

Młodzieżowa Rada Bursy

<p>W Bursie działa samorząd wychowanków &#8211; <strong>Młodzieżowa Rada Bursy</strong>. Zarząd Młodzieżowej Rady Bursy wybierany jest raz w roku w demokratycznych wyborach. Samorząd reprezentuje interesy wychowanków. Wybory opiekuna samorządu odbywają się co 2 lata.</p>
<p>Opiekunem Młodzieżowej Rady Bursy został wybran p. Krzysztof Leszczyk i pełnić tę funkcję będzie do czerwca 2027 r.</p>
<p>Skład Samorządu w roku szkolnym 2025/2026:</p>
<p>Przewodniczący Maksymilian Molga</p>
<p>Zastępca przewodniczącego Piotr Kącki</p>
<p>Sekretarz Zuzanna Wieczorek</p>
<p>oraz Michał Lewandowski i Małgorzata Starzyk</p>
<p><strong>UPRAWNIENIA MRB</strong></p>
<ol>
<li><span style="font-family: 'EB Garamond';">prawo do jawnej i umotywowanej oceny  zachowania ,</span></li>
<li><span style="font-family: 'EB Garamond';">prawo wpływania na organizację życia w Bursie umożliwiające zachowanie właściwych proporcji między nauką, a możliwością spędzania wolnego czasu, rozwijania własnych  zainteresowań,</span></li>
<li><span style="font-family: 'EB Garamond';">prawo do organizowania działalności kulturalno – rozrywkowej, oświatowej i sportowej ,</span></li>
<li><span style="font-family: 'EB Garamond';">Młodzieżowa Rada Bursy bierze udział w tworzeniu Kalendarza Imprez i Uroczystości w Bursie,</span></li>
<li><span style="font-family: 'EB Garamond';">Samorząd opiniuje wnioski Rady Pedagogicznej o skreśleniu wychowanka z listy mieszkańców,</span></li>
<li><span style="font-family: 'EB Garamond';">Samorząd opiniuje wnioski o zakup sprzętu sportowego, książek i innych pomocy do rozwijania zainteresowań i spędzania wolnego czasu.</span></li>
</ol>

<p>W Bursie działa samorząd wychowanków &#8211; Młodzieżowa Rada Bursy. Zarząd Młodzieżowej Rady Bursy wybierany jest raz w roku w demokratycznych wyborach. Samorząd reprezentuje interesy wychowanków. Wybory opiekuna samorządu odbywają się co 2 lata. Opiekunem Młodzieżowej Rady Bursy został wybran p. Krzysztof Leszczyk i pełnić tę funkcję będzie do czerwca 2027 r. Skład Samorządu w roku szkolnym 2025/2026: Przewodniczący Maksymilian Molga Zastępca przewodniczącego Piotr Kącki Sekretarz Zuzanna Wieczorek oraz Michał Lewandowski&#8230;</p>
