{"id":1720,"date":"2017-03-01T15:32:13","date_gmt":"2017-03-01T15:32:13","guid":{"rendered":"http:\/\/bursa3radom.pl\/?page_id=1720"},"modified":"2025-08-26T12:34:30","modified_gmt":"2025-08-26T12:34:30","slug":"dokumenty-przy-zakwaterowaniu","status":"publish","type":"page","link":"https:\/\/bursa3radom.pl\/?page_id=1720","title":{"rendered":"DOKUMENTY PRZY ZAKWATEROWANIU"},"content":{"rendered":"\n<p><strong>W celu usprawnienia procesu rekrutacji prosimy wydrukowa\u0107 i wype\u0142ni\u0107 poni\u017csze dokumenty<\/strong>. Ka\u017cdy wychowanek ma obowi\u0105zek przyjecha\u0107 z rodzicem\/opiekunem oraz wype\u0142nionym kompletem dokument\u00f3w, na kt\u00f3ry sk\u0142adaj\u0105 si\u0119: <\/p>\n\n\n\n<p>1. Karta informacyjna wychowanka<\/p>\n\n\n\n<div class=\"wp-block-file\"><a id=\"wp-block-file--media-0f2c7f53-df71-4fb9-93a7-43501a359796\" href=\"http:\/\/bursa3radom.pl\/wp-content\/uploads\/2024\/08\/Karta-informacyjna-wychowanka.docx\">Karta informacyjna wychowanka<\/a><a href=\"http:\/\/bursa3radom.pl\/wp-content\/uploads\/2024\/08\/Karta-informacyjna-wychowanka.docx\" class=\"wp-block-file__button wp-element-button\" download aria-describedby=\"wp-block-file--media-0f2c7f53-df71-4fb9-93a7-43501a359796\">Pobierz<\/a><\/div>\n\n\n\n<div class=\"wp-block-file\"><a id=\"wp-block-file--media-534b2b85-aec4-4c0b-a87d-d9f406ac4195\" href=\"http:\/\/bursa3radom.pl\/wp-content\/uploads\/2024\/08\/Karta-wychowanka-cudzoziemca-aktualna.docx\">Karta wychowanka cudzoziemca<br><\/a><a href=\"http:\/\/bursa3radom.pl\/wp-content\/uploads\/2024\/08\/Karta-wychowanka-cudzoziemca-aktualna.docx\" class=\"wp-block-file__button wp-element-button\" download aria-describedby=\"wp-block-file--media-534b2b85-aec4-4c0b-a87d-d9f406ac4195\">Pobierz<\/a><\/div>\n\n\n\n<p>2. Zobowi\u0105zania do p\u0142atno\u015bci i poszanowania mienia<\/p>\n\n\n\n<div class=\"wp-block-file\"><a id=\"wp-block-file--media-a4b2ce55-c002-4ff8-bdfe-b36559db63e7\" href=\"http:\/\/bursa3radom.pl\/wp-content\/uploads\/2025\/06\/zobowiazania-pomniejszone-scaled.jpg\">zobowiazania pomniejszone<\/a><a href=\"http:\/\/bursa3radom.pl\/wp-content\/uploads\/2025\/06\/zobowiazania-pomniejszone-scaled.jpg\" class=\"wp-block-file__button wp-element-button\" download aria-describedby=\"wp-block-file--media-a4b2ce55-c002-4ff8-bdfe-b36559db63e7\">Pobierz<\/a><\/div>\n\n\n\n<p>3. Obowi\u0105zek informacyjny\/rodo <\/p>\n\n\n\n<div class=\"wp-block-file\"><a id=\"wp-block-file--media-550a69bb-8f78-4bcc-bb9e-98a7f9077f16\" href=\"http:\/\/bursa3radom.pl\/wp-content\/uploads\/2025\/06\/rodo-pomniejszone-scaled.jpg\">rodo pomniejszone<\/a><a href=\"http:\/\/bursa3radom.pl\/wp-content\/uploads\/2025\/06\/rodo-pomniejszone-scaled.jpg\" class=\"wp-block-file__button wp-element-button\" download aria-describedby=\"wp-block-file--media-550a69bb-8f78-4bcc-bb9e-98a7f9077f16\">Pobierz<\/a><\/div>\n\n\n\n<p>4. Zg\u0142oszenie pobytu czasowego<\/p>\n\n\n\n<p><strong>Zg\u0142oszenie pobytu czasowego &#8211; podpisuje wychowanek pe\u0142noletni, a za niepe\u0142noletniego rodzic\/opiekun<\/strong> (miejsce na podpis w sekcji 6: podpis osoby zg\u0142aszaj\u0105cej)<\/p>\n\n\n\n<p><strong>W tym dokumencie nie uzupe\u0142niamy dat. <\/strong><\/p>\n\n\n\n<div data-wp-interactive=\"core\/file\" class=\"wp-block-file\"><object data-wp-bind--hidden=\"!state.hasPdfPreview\" hidden class=\"wp-block-file__embed\" data=\"http:\/\/bursa3radom.pl\/wp-content\/uploads\/2024\/09\/formularz-zgloszenia-pobytu-czasowego.pdf\" type=\"application\/pdf\" style=\"width:100%;height:600px\" aria-label=\"Osadzone z formularz-zgloszenia-pobytu-czasowego.\"><\/object><a id=\"wp-block-file--media-c0db36ff-df47-4a78-a8f7-b19d59f4a931\" href=\"http:\/\/bursa3radom.pl\/wp-content\/uploads\/2024\/09\/formularz-zgloszenia-pobytu-czasowego.pdf\">formularz-zgloszenia-pobytu-czasowego<\/a><a href=\"http:\/\/bursa3radom.pl\/wp-content\/uploads\/2024\/09\/formularz-zgloszenia-pobytu-czasowego.pdf\" class=\"wp-block-file__button wp-element-button\" download aria-describedby=\"wp-block-file--media-c0db36ff-df47-4a78-a8f7-b19d59f4a931\">Pobierz<\/a><\/div>\n\n\n\n<hr class=\"wp-block-separator has-css-opacity\"\/>\n\n\n\n<p>Wa\u017cne: nale\u017cy zapozna\u0107 si\u0119 z niezb\u0119dnikiem wychowanka i wyposa\u017cy\u0107 w potrzebne rzeczy.<\/p>\n\n\n\n<div class=\"wp-block-file\"><a id=\"wp-block-file--media-afe382c7-b7c4-4cfe-a7ab-18001d9d3d0a\" href=\"http:\/\/bursa3radom.pl\/wp-content\/uploads\/2023\/08\/Niezbednik-2023.docx\">Niezbednik<\/a><a href=\"http:\/\/bursa3radom.pl\/wp-content\/uploads\/2023\/08\/Niezbednik-2023.docx\" class=\"wp-block-file__button wp-element-button\" download aria-describedby=\"wp-block-file--media-afe382c7-b7c4-4cfe-a7ab-18001d9d3d0a\">Pobierz<\/a><\/div>\n\n\n\n<p><a href=\"http:\/\/bursa3radom.pl\/wp-content\/uploads\/2020\/05\/kwest_a.pdf\">Kwestionariusz przyj\u0119cia <span style=\"color: #000000;\">( wype\u0142ni\u0107 w przypadku ch\u0119ci zamieszkania w bursie w trakcie roku szkolnego, <\/span><\/a><span style=\"color: #000000;\">ni<\/span>e dotyczy os\u00f3b ju\u017c przyj\u0119tych)<\/p>\n\n\n\n<p><\/p>\n\n\n\n<p><\/p>\n","protected":false},"excerpt":{"rendered":"<p>W celu usprawnienia procesu rekrutacji prosimy wydrukowa\u0107 i wype\u0142ni\u0107 poni\u017csze dokumenty. Ka\u017cdy wychowanek ma obowi\u0105zek przyjecha\u0107 z rodzicem\/opiekunem oraz wype\u0142nionym kompletem dokument\u00f3w, na kt\u00f3ry sk\u0142adaj\u0105 si\u0119: 1. Karta informacyjna wychowanka 2. Zobowi\u0105zania do p\u0142atno\u015bci i poszanowania mienia 3. Obowi\u0105zek informacyjny\/rodo 4. Zg\u0142oszenie pobytu czasowego Zg\u0142oszenie pobytu czasowego &#8211; podpisuje wychowanek pe\u0142noletni, a za niepe\u0142noletniego rodzic\/opiekun (miejsce na podpis w sekcji 6: podpis osoby zg\u0142aszaj\u0105cej) W tym dokumencie nie uzupe\u0142niamy dat&#8230;.<\/p>\n","protected":false},"author":1,"featured_media":0,"parent":0,"menu_order":0,"comment_status":"closed","ping_status":"open","template":"","meta":{"footnotes":""},"class_list":["post-1720","page","type-page","status-publish","hentry"],"_links":{"self":[{"href":"https:\/\/bursa3radom.pl\/index.php?rest_route=\/wp\/v2\/pages\/1720","targetHints":{"allow":["GET"]}}],"collection":[{"href":"https:\/\/bursa3radom.pl\/index.php?rest_route=\/wp\/v2\/pages"}],"about":[{"href":"https:\/\/bursa3radom.pl\/index.php?rest_route=\/wp\/v2\/types\/page"}],"author":[{"embeddable":true,"href":"https:\/\/bursa3radom.pl\/index.php?rest_route=\/wp\/v2\/users\/1"}],"replies":[{"embeddable":true,"href":"https:\/\/bursa3radom.pl\/index.php?rest_route=%2Fwp%2Fv2%2Fcomments&post=1720"}],"version-history":[{"count":36,"href":"https:\/\/bursa3radom.pl\/index.php?rest_route=\/wp\/v2\/pages\/1720\/revisions"}],"predecessor-version":[{"id":5364,"href":"https:\/\/bursa3radom.pl\/index.php?rest_route=\/wp\/v2\/pages\/1720\/revisions\/5364"}],"wp:attachment":[{"href":"https:\/\/bursa3radom.pl\/index.php?rest_route=%2Fwp%2Fv2%2Fmedia&parent=1720"}],"curies":[{"name":"wp","href":"https:\/\/api.w.org\/{rel}","templated":true}]}}