{"id":1651,"date":"2016-11-20T22:16:39","date_gmt":"2016-11-20T22:16:39","guid":{"rendered":"http:\/\/bursa3radom.pl\/?page_id=1651"},"modified":"2016-11-20T22:39:55","modified_gmt":"2016-11-20T22:39:55","slug":"otrzesiny","status":"publish","type":"page","link":"https:\/\/bursa3radom.pl\/?page_id=1651","title":{"rendered":"Otrz\u0119siny"},"content":{"rendered":"<p><a href=\"http:\/\/bursa3radom.pl\/?page_id=1630\">Powr\u00f3t<\/a><\/p>\n<p><strong>Otrz\u0119siny, Dzie\u0144 Edukacji Narodowej<\/strong><\/p>\n<p>M\u0142odzie\u017cowa Rada Bursy przygotowa\u0142a pierwsz\u0105 w tym roku szkolnym imprez\u0119, kt\u00f3rej g\u0142\u00f3wnym celem by\u0142o w\u0142\u0105czenie pierwszoklasist\u00f3w do spo\u0142eczno\u015bci bursy. Starsi koledzy przybli\u017cyli tegorocznym \u201ekotkom\u201d kilka wa\u017cnych informacji zwi\u0105zanych z pobytem w bursie oraz z panuj\u0105cymi tradycjami. Nast\u0119pnie pierwszaki zosta\u0142y zaproszone do wykonania kilku zada\u0144, kt\u00f3re sprawdza\u0142y ich wiedz\u0119 o bursie a tak\u017ce determinacj\u0119 w zostaniu \u201epe\u0142noprawnym\u201d mieszka\u0144cem Bursy. Ca\u0142a uroczysto\u015b\u0107 mia\u0142a charakter zabawy. Ostatnim elementem imprezy by\u0142o z\u0142o\u017cenie przez pierwszak\u00f3w \u201eprzysi\u0119gi kota\u201d , po kt\u00f3rej zostali pasowani na mieszka\u0144c\u00f3w Bursy.<\/p>\n<p>Z okazji nadchodz\u0105cego \u015bwi\u0119ta \u2013 Dnia Edukacji Narodowej, M\u0142odzie\u017cowa Rada Bursy, w imieniu swoim i wszystkich mieszka\u0144c\u00f3w z\u0142o\u017cy\u0142a \u017cyczenia p. Dyrektor, wychowawcom<br \/>\noraz pracownikom Bursy . Wychowankowie podzi\u0119kowali r\u00f3wnie\u017c za przekazywan\u0105 opiek\u0119 i wychowanie oraz za trud w\u0142o\u017cony w kszta\u0142towanie ich serc i umys\u0142\u00f3w. M\u0142odzie\u017c wr\u0119czy\u0142a drobne upominki i zaprosi\u0142a do wsp\u00f3lnej zabawy na dyskotece.<\/p>\n\n\t\t<style type=\"text\/css\">\n\t\t\t#gallery-1 {\n\t\t\t\tmargin: auto;\n\t\t\t}\n\t\t\t#gallery-1 .gallery-item {\n\t\t\t\tfloat: left;\n\t\t\t\tmargin-top: 10px;\n\t\t\t\ttext-align: center;\n\t\t\t\twidth: 33%;\n\t\t\t}\n\t\t\t#gallery-1 img {\n\t\t\t\tborder: 2px solid #cfcfcf;\n\t\t\t}\n\t\t\t#gallery-1 .gallery-caption {\n\t\t\t\tmargin-left: 0;\n\t\t\t}\n\t\t\t\/* see gallery_shortcode() in wp-includes\/media.php *\/\n\t\t<\/style>\n\t\t<div id='gallery-1' class='gallery galleryid-1651 gallery-columns-3 gallery-size-thumbnail'><dl class='gallery-item'>\n\t\t\t<dt class='gallery-icon landscape'>\n\t\t\t\t<a href='https:\/\/bursa3radom.pl\/wp-content\/uploads\/2016\/11\/1617_3_01.jpg'><img loading=\"lazy\" decoding=\"async\" width=\"150\" height=\"150\" src=\"https:\/\/bursa3radom.pl\/wp-content\/uploads\/2016\/11\/1617_3_01-150x150.jpg\" class=\"attachment-thumbnail size-thumbnail\" alt=\"\" \/><\/a>\n\t\t\t<\/dt><\/dl><dl class='gallery-item'>\n\t\t\t<dt class='gallery-icon landscape'>\n\t\t\t\t<a href='https:\/\/bursa3radom.pl\/wp-content\/uploads\/2016\/11\/1617_3_03.jpg'><img loading=\"lazy\" decoding=\"async\" width=\"150\" height=\"150\" src=\"https:\/\/bursa3radom.pl\/wp-content\/uploads\/2016\/11\/1617_3_03-150x150.jpg\" class=\"attachment-thumbnail size-thumbnail\" alt=\"\" \/><\/a>\n\t\t\t<\/dt><\/dl><dl class='gallery-item'>\n\t\t\t<dt class='gallery-icon landscape'>\n\t\t\t\t<a href='https:\/\/bursa3radom.pl\/wp-content\/uploads\/2016\/11\/1617_3_04.jpg'><img loading=\"lazy\" decoding=\"async\" width=\"150\" height=\"150\" src=\"https:\/\/bursa3radom.pl\/wp-content\/uploads\/2016\/11\/1617_3_04-150x150.jpg\" class=\"attachment-thumbnail size-thumbnail\" alt=\"\" \/><\/a>\n\t\t\t<\/dt><\/dl><br style=\"clear: both\" \/><dl class='gallery-item'>\n\t\t\t<dt class='gallery-icon landscape'>\n\t\t\t\t<a href='https:\/\/bursa3radom.pl\/wp-content\/uploads\/2016\/11\/1617_3_05.jpg'><img loading=\"lazy\" decoding=\"async\" width=\"150\" height=\"150\" src=\"https:\/\/bursa3radom.pl\/wp-content\/uploads\/2016\/11\/1617_3_05-150x150.jpg\" class=\"attachment-thumbnail size-thumbnail\" alt=\"\" \/><\/a>\n\t\t\t<\/dt><\/dl><dl class='gallery-item'>\n\t\t\t<dt class='gallery-icon portrait'>\n\t\t\t\t<a href='https:\/\/bursa3radom.pl\/wp-content\/uploads\/2016\/11\/1617_3_06.jpg'><img loading=\"lazy\" decoding=\"async\" width=\"150\" height=\"150\" src=\"https:\/\/bursa3radom.pl\/wp-content\/uploads\/2016\/11\/1617_3_06-150x150.jpg\" class=\"attachment-thumbnail size-thumbnail\" alt=\"\" \/><\/a>\n\t\t\t<\/dt><\/dl><dl class='gallery-item'>\n\t\t\t<dt class='gallery-icon landscape'>\n\t\t\t\t<a href='https:\/\/bursa3radom.pl\/wp-content\/uploads\/2016\/11\/1617_3_07.jpg'><img loading=\"lazy\" decoding=\"async\" width=\"150\" height=\"150\" src=\"https:\/\/bursa3radom.pl\/wp-content\/uploads\/2016\/11\/1617_3_07-150x150.jpg\" class=\"attachment-thumbnail size-thumbnail\" alt=\"\" \/><\/a>\n\t\t\t<\/dt><\/dl><br style=\"clear: both\" \/><dl class='gallery-item'>\n\t\t\t<dt class='gallery-icon landscape'>\n\t\t\t\t<a href='https:\/\/bursa3radom.pl\/wp-content\/uploads\/2016\/11\/1617_3_08.jpg'><img loading=\"lazy\" decoding=\"async\" width=\"150\" height=\"150\" src=\"https:\/\/bursa3radom.pl\/wp-content\/uploads\/2016\/11\/1617_3_08-150x150.jpg\" class=\"attachment-thumbnail size-thumbnail\" alt=\"\" aria-describedby=\"gallery-1-1659\" \/><\/a>\n\t\t\t<\/dt>\n\t\t\t\t<dd class='wp-caption-text gallery-caption' id='gallery-1-1659'>\n\t\t\t\tOtrz\u0119siny\n\t\t\t\t<\/dd><\/dl><dl class='gallery-item'>\n\t\t\t<dt class='gallery-icon landscape'>\n\t\t\t\t<a href='https:\/\/bursa3radom.pl\/wp-content\/uploads\/2016\/11\/1617_3_09.jpg'><img loading=\"lazy\" decoding=\"async\" width=\"150\" height=\"150\" src=\"https:\/\/bursa3radom.pl\/wp-content\/uploads\/2016\/11\/1617_3_09-150x150.jpg\" class=\"attachment-thumbnail size-thumbnail\" alt=\"\" \/><\/a>\n\t\t\t<\/dt><\/dl><dl class='gallery-item'>\n\t\t\t<dt class='gallery-icon portrait'>\n\t\t\t\t<a href='https:\/\/bursa3radom.pl\/wp-content\/uploads\/2016\/11\/1617_3_10.jpg'><img loading=\"lazy\" decoding=\"async\" width=\"150\" height=\"150\" src=\"https:\/\/bursa3radom.pl\/wp-content\/uploads\/2016\/11\/1617_3_10-150x150.jpg\" class=\"attachment-thumbnail size-thumbnail\" alt=\"\" \/><\/a>\n\t\t\t<\/dt><\/dl><br style=\"clear: both\" \/><dl class='gallery-item'>\n\t\t\t<dt class='gallery-icon landscape'>\n\t\t\t\t<a href='https:\/\/bursa3radom.pl\/wp-content\/uploads\/2016\/11\/1617_3_11.jpg'><img loading=\"lazy\" decoding=\"async\" width=\"150\" height=\"150\" src=\"https:\/\/bursa3radom.pl\/wp-content\/uploads\/2016\/11\/1617_3_11-150x150.jpg\" class=\"attachment-thumbnail size-thumbnail\" alt=\"\" \/><\/a>\n\t\t\t<\/dt><\/dl><dl class='gallery-item'>\n\t\t\t<dt class='gallery-icon portrait'>\n\t\t\t\t<a href='https:\/\/bursa3radom.pl\/wp-content\/uploads\/2016\/11\/1617_3_12.jpg'><img loading=\"lazy\" decoding=\"async\" width=\"150\" height=\"150\" src=\"https:\/\/bursa3radom.pl\/wp-content\/uploads\/2016\/11\/1617_3_12-150x150.jpg\" class=\"attachment-thumbnail size-thumbnail\" alt=\"\" \/><\/a>\n\t\t\t<\/dt><\/dl>\n\t\t\t<br style='clear: both' \/>\n\t\t<\/div>\n\n<p><a href=\"http:\/\/bursa3radom.pl\/?page_id=1630\">Powr\u00f3t<\/a><\/p>\n<p>&nbsp;<\/p>\n","protected":false},"excerpt":{"rendered":"<p>Powr\u00f3t Otrz\u0119siny, Dzie\u0144 Edukacji Narodowej M\u0142odzie\u017cowa Rada Bursy przygotowa\u0142a pierwsz\u0105 w tym roku szkolnym imprez\u0119, kt\u00f3rej g\u0142\u00f3wnym celem by\u0142o w\u0142\u0105czenie pierwszoklasist\u00f3w do spo\u0142eczno\u015bci bursy. Starsi koledzy przybli\u017cyli tegorocznym \u201ekotkom\u201d kilka wa\u017cnych informacji zwi\u0105zanych z pobytem w bursie oraz z panuj\u0105cymi tradycjami. Nast\u0119pnie pierwszaki zosta\u0142y zaproszone do wykonania kilku zada\u0144, kt\u00f3re sprawdza\u0142y ich wiedz\u0119 o bursie a tak\u017ce determinacj\u0119 w zostaniu \u201epe\u0142noprawnym\u201d mieszka\u0144cem Bursy. Ca\u0142a uroczysto\u015b\u0107 mia\u0142a charakter zabawy. Ostatnim elementem&#8230;<\/p>\n","protected":false},"author":1,"featured_media":0,"parent":1630,"menu_order":0,"comment_status":"closed","ping_status":"open","template":"","meta":{"footnotes":""},"class_list":["post-1651","page","type-page","status-publish","hentry"],"_links":{"self":[{"href":"https:\/\/bursa3radom.pl\/index.php?rest_route=\/wp\/v2\/pages\/1651","targetHints":{"allow":["GET"]}}],"collection":[{"href":"https:\/\/bursa3radom.pl\/index.php?rest_route=\/wp\/v2\/pages"}],"about":[{"href":"https:\/\/bursa3radom.pl\/index.php?rest_route=\/wp\/v2\/types\/page"}],"author":[{"embeddable":true,"href":"https:\/\/bursa3radom.pl\/index.php?rest_route=\/wp\/v2\/users\/1"}],"replies":[{"embeddable":true,"href":"https:\/\/bursa3radom.pl\/index.php?rest_route=%2Fwp%2Fv2%2Fcomments&post=1651"}],"version-history":[{"count":2,"href":"https:\/\/bursa3radom.pl\/index.php?rest_route=\/wp\/v2\/pages\/1651\/revisions"}],"predecessor-version":[{"id":1698,"href":"https:\/\/bursa3radom.pl\/index.php?rest_route=\/wp\/v2\/pages\/1651\/revisions\/1698"}],"up":[{"embeddable":true,"href":"https:\/\/bursa3radom.pl\/index.php?rest_route=\/wp\/v2\/pages\/1630"}],"wp:attachment":[{"href":"https:\/\/bursa3radom.pl\/index.php?rest_route=%2Fwp%2Fv2%2Fmedia&parent=1651"}],"curies":[{"name":"wp","href":"https:\/\/api.w.org\/{rel}","templated":true}]}}