{"id":1540,"date":"2016-07-03T10:26:44","date_gmt":"2016-07-03T10:26:44","guid":{"rendered":"http:\/\/bursa3radom.pl\/?page_id=1540"},"modified":"2016-07-03T10:26:44","modified_gmt":"2016-07-03T10:26:44","slug":"wizyta-w-domu-pomocy-spolecznej","status":"publish","type":"page","link":"https:\/\/bursa3radom.pl\/?page_id=1540","title":{"rendered":"Wizyta w Domu Pomocy Spo\u0142ecznej"},"content":{"rendered":"<p><a title=\"rok szkolny 2015\/2016\" href=\"http:\/\/bursa3radom.pl\/?page_id=1149\">Powr\u00f3t<\/a><\/p>\n<p>M\u0142odzie\u017c wraz z opiekunami przygotowa\u0142a program artystyczny dla mieszka\u0144c\u00f3w Domu Pomocy Spo\u0142ecznej. Wychowankowie recytowali wiersze i \u015bpiewali nastrojowe piosenki. Wyst\u0119powi towarzyszy\u0142a prezentacja multimedialna. Na zako\u0144czenie mieszka\u0144cy Domu Pomocy Spo\u0142ecznej, wychowankowie i wychowawcy Bursy wsp\u00f3lnie \u015bpiewali przy akordeonowym akompaniamencie wychowawcy p. Wojciecha Chmielewskiego.<\/p>\n\n\t\t<style type=\"text\/css\">\n\t\t\t#gallery-1 {\n\t\t\t\tmargin: auto;\n\t\t\t}\n\t\t\t#gallery-1 .gallery-item {\n\t\t\t\tfloat: left;\n\t\t\t\tmargin-top: 10px;\n\t\t\t\ttext-align: center;\n\t\t\t\twidth: 33%;\n\t\t\t}\n\t\t\t#gallery-1 img {\n\t\t\t\tborder: 2px solid #cfcfcf;\n\t\t\t}\n\t\t\t#gallery-1 .gallery-caption {\n\t\t\t\tmargin-left: 0;\n\t\t\t}\n\t\t\t\/* see gallery_shortcode() in wp-includes\/media.php *\/\n\t\t<\/style>\n\t\t<div id='gallery-1' class='gallery galleryid-1540 gallery-columns-3 gallery-size-thumbnail'><dl class='gallery-item'>\n\t\t\t<dt class='gallery-icon landscape'>\n\t\t\t\t<a href='https:\/\/bursa3radom.pl\/wp-content\/uploads\/2016\/07\/1516_19_1.jpg'><img loading=\"lazy\" decoding=\"async\" width=\"150\" height=\"150\" src=\"https:\/\/bursa3radom.pl\/wp-content\/uploads\/2016\/07\/1516_19_1-150x150.jpg\" class=\"attachment-thumbnail size-thumbnail\" alt=\"\" aria-describedby=\"gallery-1-1541\" \/><\/a>\n\t\t\t<\/dt>\n\t\t\t\t<dd class='wp-caption-text gallery-caption' id='gallery-1-1541'>\n\t\t\t\tWizyta w Domu Pomocy Spo\u0142ecznej\n\t\t\t\t<\/dd><\/dl><dl class='gallery-item'>\n\t\t\t<dt class='gallery-icon portrait'>\n\t\t\t\t<a href='https:\/\/bursa3radom.pl\/wp-content\/uploads\/2016\/07\/1516_19_2.jpg'><img loading=\"lazy\" decoding=\"async\" width=\"150\" height=\"150\" src=\"https:\/\/bursa3radom.pl\/wp-content\/uploads\/2016\/07\/1516_19_2-150x150.jpg\" class=\"attachment-thumbnail size-thumbnail\" alt=\"\" \/><\/a>\n\t\t\t<\/dt><\/dl><dl class='gallery-item'>\n\t\t\t<dt class='gallery-icon landscape'>\n\t\t\t\t<a href='https:\/\/bursa3radom.pl\/wp-content\/uploads\/2016\/07\/1516_19_3.jpg'><img loading=\"lazy\" decoding=\"async\" width=\"150\" height=\"150\" src=\"https:\/\/bursa3radom.pl\/wp-content\/uploads\/2016\/07\/1516_19_3-150x150.jpg\" class=\"attachment-thumbnail size-thumbnail\" alt=\"\" \/><\/a>\n\t\t\t<\/dt><\/dl><br style=\"clear: both\" \/><dl class='gallery-item'>\n\t\t\t<dt class='gallery-icon landscape'>\n\t\t\t\t<a href='https:\/\/bursa3radom.pl\/wp-content\/uploads\/2016\/07\/1516_19_4.jpg'><img loading=\"lazy\" decoding=\"async\" width=\"150\" height=\"150\" src=\"https:\/\/bursa3radom.pl\/wp-content\/uploads\/2016\/07\/1516_19_4-150x150.jpg\" class=\"attachment-thumbnail size-thumbnail\" alt=\"\" \/><\/a>\n\t\t\t<\/dt><\/dl><dl class='gallery-item'>\n\t\t\t<dt class='gallery-icon landscape'>\n\t\t\t\t<a href='https:\/\/bursa3radom.pl\/wp-content\/uploads\/2016\/07\/1516_19_5.jpg'><img loading=\"lazy\" decoding=\"async\" width=\"150\" height=\"150\" src=\"https:\/\/bursa3radom.pl\/wp-content\/uploads\/2016\/07\/1516_19_5-150x150.jpg\" class=\"attachment-thumbnail size-thumbnail\" alt=\"\" \/><\/a>\n\t\t\t<\/dt><\/dl><dl class='gallery-item'>\n\t\t\t<dt class='gallery-icon landscape'>\n\t\t\t\t<a href='https:\/\/bursa3radom.pl\/wp-content\/uploads\/2016\/07\/1516_19_6.jpg'><img loading=\"lazy\" decoding=\"async\" width=\"150\" height=\"150\" src=\"https:\/\/bursa3radom.pl\/wp-content\/uploads\/2016\/07\/1516_19_6-150x150.jpg\" class=\"attachment-thumbnail size-thumbnail\" alt=\"\" \/><\/a>\n\t\t\t<\/dt><\/dl><br style=\"clear: both\" \/>\n\t\t<\/div>\n\n<p><a title=\"rok szkolny 2015\/2016\" href=\"http:\/\/bursa3radom.pl\/?page_id=1149\">Powr\u00f3t<\/a><\/p>\n","protected":false},"excerpt":{"rendered":"<p>Powr\u00f3t M\u0142odzie\u017c wraz z opiekunami przygotowa\u0142a program artystyczny dla mieszka\u0144c\u00f3w Domu Pomocy Spo\u0142ecznej. Wychowankowie recytowali wiersze i \u015bpiewali nastrojowe piosenki. Wyst\u0119powi towarzyszy\u0142a prezentacja multimedialna. Na zako\u0144czenie mieszka\u0144cy Domu Pomocy Spo\u0142ecznej, wychowankowie i wychowawcy Bursy wsp\u00f3lnie \u015bpiewali przy akordeonowym akompaniamencie wychowawcy p. Wojciecha Chmielewskiego. Powr\u00f3t<\/p>\n","protected":false},"author":1,"featured_media":0,"parent":1149,"menu_order":0,"comment_status":"closed","ping_status":"open","template":"","meta":{"footnotes":""},"class_list":["post-1540","page","type-page","status-publish","hentry"],"_links":{"self":[{"href":"https:\/\/bursa3radom.pl\/index.php?rest_route=\/wp\/v2\/pages\/1540","targetHints":{"allow":["GET"]}}],"collection":[{"href":"https:\/\/bursa3radom.pl\/index.php?rest_route=\/wp\/v2\/pages"}],"about":[{"href":"https:\/\/bursa3radom.pl\/index.php?rest_route=\/wp\/v2\/types\/page"}],"author":[{"embeddable":true,"href":"https:\/\/bursa3radom.pl\/index.php?rest_route=\/wp\/v2\/users\/1"}],"replies":[{"embeddable":true,"href":"https:\/\/bursa3radom.pl\/index.php?rest_route=%2Fwp%2Fv2%2Fcomments&post=1540"}],"version-history":[{"count":1,"href":"https:\/\/bursa3radom.pl\/index.php?rest_route=\/wp\/v2\/pages\/1540\/revisions"}],"predecessor-version":[{"id":1547,"href":"https:\/\/bursa3radom.pl\/index.php?rest_route=\/wp\/v2\/pages\/1540\/revisions\/1547"}],"up":[{"embeddable":true,"href":"https:\/\/bursa3radom.pl\/index.php?rest_route=\/wp\/v2\/pages\/1149"}],"wp:attachment":[{"href":"https:\/\/bursa3radom.pl\/index.php?rest_route=%2Fwp%2Fv2%2Fmedia&parent=1540"}],"curies":[{"name":"wp","href":"https:\/\/api.w.org\/{rel}","templated":true}]}}

Wizyta w Domu Pomocy Społecznej

<p><a title="rok szkolny 2015/2016" href="http://bursa3radom.pl/?page_id=1149">Powrót</a></p>
<p>Młodzież wraz z opiekunami przygotowała program artystyczny dla mieszkańców Domu Pomocy Społecznej. Wychowankowie recytowali wiersze i śpiewali nastrojowe piosenki. Występowi towarzyszyła prezentacja multimedialna. Na zakończenie mieszkańcy Domu Pomocy Społecznej, wychowankowie i wychowawcy Bursy wspólnie śpiewali przy akordeonowym akompaniamencie wychowawcy p. Wojciecha Chmielewskiego.</p>

		<style type="text/css">
			#gallery-1 {
				margin: auto;
			}
			#gallery-1 .gallery-item {
				float: left;
				margin-top: 10px;
				text-align: center;
				width: 33%;
			}
			#gallery-1 img {
				border: 2px solid #cfcfcf;
			}
			#gallery-1 .gallery-caption {
				margin-left: 0;
			}
			/* see gallery_shortcode() in wp-includes/media.php */
		</style>
		<div id='gallery-1' class='gallery galleryid-1540 gallery-columns-3 gallery-size-thumbnail'><dl class='gallery-item'>
			<dt class='gallery-icon landscape'>
				<a href='https://bursa3radom.pl/wp-content/uploads/2016/07/1516_19_1.jpg'><img loading="lazy" decoding="async" width="150" height="150" src="https://bursa3radom.pl/wp-content/uploads/2016/07/1516_19_1-150x150.jpg" class="attachment-thumbnail size-thumbnail" alt="" aria-describedby="gallery-1-1541" /></a>
			</dt>
				<dd class='wp-caption-text gallery-caption' id='gallery-1-1541'>
				Wizyta w Domu Pomocy Społecznej
				</dd></dl><dl class='gallery-item'>
			<dt class='gallery-icon portrait'>
				<a href='https://bursa3radom.pl/wp-content/uploads/2016/07/1516_19_2.jpg'><img loading="lazy" decoding="async" width="150" height="150" src="https://bursa3radom.pl/wp-content/uploads/2016/07/1516_19_2-150x150.jpg" class="attachment-thumbnail size-thumbnail" alt="" /></a>
			</dt></dl><dl class='gallery-item'>
			<dt class='gallery-icon landscape'>
				<a href='https://bursa3radom.pl/wp-content/uploads/2016/07/1516_19_3.jpg'><img loading="lazy" decoding="async" width="150" height="150" src="https://bursa3radom.pl/wp-content/uploads/2016/07/1516_19_3-150x150.jpg" class="attachment-thumbnail size-thumbnail" alt="" /></a>
			</dt></dl><br style="clear: both" /><dl class='gallery-item'>
			<dt class='gallery-icon landscape'>
				<a href='https://bursa3radom.pl/wp-content/uploads/2016/07/1516_19_4.jpg'><img loading="lazy" decoding="async" width="150" height="150" src="https://bursa3radom.pl/wp-content/uploads/2016/07/1516_19_4-150x150.jpg" class="attachment-thumbnail size-thumbnail" alt="" /></a>
			</dt></dl><dl class='gallery-item'>
			<dt class='gallery-icon landscape'>
				<a href='https://bursa3radom.pl/wp-content/uploads/2016/07/1516_19_5.jpg'><img loading="lazy" decoding="async" width="150" height="150" src="https://bursa3radom.pl/wp-content/uploads/2016/07/1516_19_5-150x150.jpg" class="attachment-thumbnail size-thumbnail" alt="" /></a>
			</dt></dl><dl class='gallery-item'>
			<dt class='gallery-icon landscape'>
				<a href='https://bursa3radom.pl/wp-content/uploads/2016/07/1516_19_6.jpg'><img loading="lazy" decoding="async" width="150" height="150" src="https://bursa3radom.pl/wp-content/uploads/2016/07/1516_19_6-150x150.jpg" class="attachment-thumbnail size-thumbnail" alt="" /></a>
			</dt></dl><br style="clear: both" />
		</div>

<p><a title="rok szkolny 2015/2016" href="http://bursa3radom.pl/?page_id=1149">Powrót</a></p>

<p>Powrót Młodzież wraz z opiekunami przygotowała program artystyczny dla mieszkańców Domu Pomocy Społecznej. Wychowankowie recytowali wiersze i śpiewali nastrojowe piosenki. Występowi towarzyszyła prezentacja multimedialna. Na zakończenie mieszkańcy Domu Pomocy Społecznej, wychowankowie i wychowawcy Bursy wspólnie śpiewali przy akordeonowym akompaniamencie wychowawcy p. Wojciecha Chmielewskiego. Powrót</p>
