{"id":1237,"date":"2016-01-17T18:31:19","date_gmt":"2016-01-17T18:31:19","guid":{"rendered":"http:\/\/bursa3radom.pl\/?page_id=1237"},"modified":"2016-01-17T18:31:19","modified_gmt":"2016-01-17T18:31:19","slug":"przekazanie-wladzy-mrb","status":"publish","type":"page","link":"https:\/\/bursa3radom.pl\/?page_id=1237","title":{"rendered":"Przekazanie w\u0142adzy MRB"},"content":{"rendered":"<p><a title=\"rok szkolny 2015\/2016\" href=\"http:\/\/bursa3radom.pl\/?page_id=1149\">Powr\u00f3t<\/a><\/p>\n<p>W obecno\u015bci dyrektora bursy, grona pedagogicznego i przedstawicieli grup przewodnicz\u0105ca ust\u0119puj\u0105cego samorz\u0105du podzi\u0119kowa\u0142a swoim kolegom i kole\u017cankom za zaanga\u017cowanie w \u017cycie bursy \u017cycz\u0105c powodzenia w dzia\u0142aniu nowej radzie.<\/p>\n\n\t\t<style type=\"text\/css\">\n\t\t\t#gallery-1 {\n\t\t\t\tmargin: auto;\n\t\t\t}\n\t\t\t#gallery-1 .gallery-item {\n\t\t\t\tfloat: left;\n\t\t\t\tmargin-top: 10px;\n\t\t\t\ttext-align: center;\n\t\t\t\twidth: 33%;\n\t\t\t}\n\t\t\t#gallery-1 img {\n\t\t\t\tborder: 2px solid #cfcfcf;\n\t\t\t}\n\t\t\t#gallery-1 .gallery-caption {\n\t\t\t\tmargin-left: 0;\n\t\t\t}\n\t\t\t\/* see gallery_shortcode() in wp-includes\/media.php *\/\n\t\t<\/style>\n\t\t<div id='gallery-1' class='gallery galleryid-1237 gallery-columns-3 gallery-size-thumbnail'><dl class='gallery-item'>\n\t\t\t<dt class='gallery-icon landscape'>\n\t\t\t\t<a href='https:\/\/bursa3radom.pl\/wp-content\/uploads\/2016\/01\/1516_06_1.jpg'><img loading=\"lazy\" decoding=\"async\" width=\"150\" height=\"150\" src=\"https:\/\/bursa3radom.pl\/wp-content\/uploads\/2016\/01\/1516_06_1-150x150.jpg\" class=\"attachment-thumbnail size-thumbnail\" alt=\"\" \/><\/a>\n\t\t\t<\/dt><\/dl><dl class='gallery-item'>\n\t\t\t<dt class='gallery-icon landscape'>\n\t\t\t\t<a href='https:\/\/bursa3radom.pl\/wp-content\/uploads\/2016\/01\/1516_06_2.jpg'><img loading=\"lazy\" decoding=\"async\" width=\"150\" height=\"150\" src=\"https:\/\/bursa3radom.pl\/wp-content\/uploads\/2016\/01\/1516_06_2-150x150.jpg\" class=\"attachment-thumbnail size-thumbnail\" alt=\"\" \/><\/a>\n\t\t\t<\/dt><\/dl><dl class='gallery-item'>\n\t\t\t<dt class='gallery-icon landscape'>\n\t\t\t\t<a href='https:\/\/bursa3radom.pl\/wp-content\/uploads\/2016\/01\/1516_06_3.jpg'><img loading=\"lazy\" decoding=\"async\" width=\"150\" height=\"150\" src=\"https:\/\/bursa3radom.pl\/wp-content\/uploads\/2016\/01\/1516_06_3-150x150.jpg\" class=\"attachment-thumbnail size-thumbnail\" alt=\"\" aria-describedby=\"gallery-1-1240\" \/><\/a>\n\t\t\t<\/dt>\n\t\t\t\t<dd class='wp-caption-text gallery-caption' id='gallery-1-1240'>\n\t\t\t\tPrzekazanie w\u0142adzy MRB\n\t\t\t\t<\/dd><\/dl><br style=\"clear: both\" \/><dl class='gallery-item'>\n\t\t\t<dt class='gallery-icon landscape'>\n\t\t\t\t<a href='https:\/\/bursa3radom.pl\/wp-content\/uploads\/2016\/01\/1516_06_4.jpg'><img loading=\"lazy\" decoding=\"async\" width=\"150\" height=\"150\" src=\"https:\/\/bursa3radom.pl\/wp-content\/uploads\/2016\/01\/1516_06_4-150x150.jpg\" class=\"attachment-thumbnail size-thumbnail\" alt=\"\" \/><\/a>\n\t\t\t<\/dt><\/dl><dl class='gallery-item'>\n\t\t\t<dt class='gallery-icon landscape'>\n\t\t\t\t<a href='https:\/\/bursa3radom.pl\/wp-content\/uploads\/2016\/01\/1516_06_5.jpg'><img loading=\"lazy\" decoding=\"async\" width=\"150\" height=\"150\" src=\"https:\/\/bursa3radom.pl\/wp-content\/uploads\/2016\/01\/1516_06_5-150x150.jpg\" class=\"attachment-thumbnail size-thumbnail\" alt=\"\" \/><\/a>\n\t\t\t<\/dt><\/dl><dl class='gallery-item'>\n\t\t\t<dt class='gallery-icon landscape'>\n\t\t\t\t<a href='https:\/\/bursa3radom.pl\/wp-content\/uploads\/2016\/01\/1516_06_6.jpg'><img loading=\"lazy\" decoding=\"async\" width=\"150\" height=\"150\" src=\"https:\/\/bursa3radom.pl\/wp-content\/uploads\/2016\/01\/1516_06_6-150x150.jpg\" class=\"attachment-thumbnail size-thumbnail\" alt=\"\" \/><\/a>\n\t\t\t<\/dt><\/dl><br style=\"clear: both\" \/>\n\t\t<\/div>\n\n<p><a title=\"rok szkolny 2015\/2016\" href=\"http:\/\/bursa3radom.pl\/?page_id=1149\">Powr\u00f3t<\/a><\/p>\n","protected":false},"excerpt":{"rendered":"<p>Powr\u00f3t W obecno\u015bci dyrektora bursy, grona pedagogicznego i przedstawicieli grup przewodnicz\u0105ca ust\u0119puj\u0105cego samorz\u0105du podzi\u0119kowa\u0142a swoim kolegom i kole\u017cankom za zaanga\u017cowanie w \u017cycie bursy \u017cycz\u0105c powodzenia w dzia\u0142aniu nowej radzie. Powr\u00f3t<\/p>\n","protected":false},"author":1,"featured_media":0,"parent":1149,"menu_order":0,"comment_status":"closed","ping_status":"open","template":"","meta":{"footnotes":""},"class_list":["post-1237","page","type-page","status-publish","hentry"],"_links":{"self":[{"href":"https:\/\/bursa3radom.pl\/index.php?rest_route=\/wp\/v2\/pages\/1237","targetHints":{"allow":["GET"]}}],"collection":[{"href":"https:\/\/bursa3radom.pl\/index.php?rest_route=\/wp\/v2\/pages"}],"about":[{"href":"https:\/\/bursa3radom.pl\/index.php?rest_route=\/wp\/v2\/types\/page"}],"author":[{"embeddable":true,"href":"https:\/\/bursa3radom.pl\/index.php?rest_route=\/wp\/v2\/users\/1"}],"replies":[{"embeddable":true,"href":"https:\/\/bursa3radom.pl\/index.php?rest_route=%2Fwp%2Fv2%2Fcomments&post=1237"}],"version-history":[{"count":1,"href":"https:\/\/bursa3radom.pl\/index.php?rest_route=\/wp\/v2\/pages\/1237\/revisions"}],"predecessor-version":[{"id":1244,"href":"https:\/\/bursa3radom.pl\/index.php?rest_route=\/wp\/v2\/pages\/1237\/revisions\/1244"}],"up":[{"embeddable":true,"href":"https:\/\/bursa3radom.pl\/index.php?rest_route=\/wp\/v2\/pages\/1149"}],"wp:attachment":[{"href":"https:\/\/bursa3radom.pl\/index.php?rest_route=%2Fwp%2Fv2%2Fmedia&parent=1237"}],"curies":[{"name":"wp","href":"https:\/\/api.w.org\/{rel}","templated":true}]}}

Przekazanie władzy MRB

<p><a title="rok szkolny 2015/2016" href="http://bursa3radom.pl/?page_id=1149">Powrót</a></p>
<p>W obecności dyrektora bursy, grona pedagogicznego i przedstawicieli grup przewodnicząca ustępującego samorządu podziękowała swoim kolegom i koleżankom za zaangażowanie w życie bursy życząc powodzenia w działaniu nowej radzie.</p>

		<style type="text/css">
			#gallery-1 {
				margin: auto;
			}
			#gallery-1 .gallery-item {
				float: left;
				margin-top: 10px;
				text-align: center;
				width: 33%;
			}
			#gallery-1 img {
				border: 2px solid #cfcfcf;
			}
			#gallery-1 .gallery-caption {
				margin-left: 0;
			}
			/* see gallery_shortcode() in wp-includes/media.php */
		</style>
		<div id='gallery-1' class='gallery galleryid-1237 gallery-columns-3 gallery-size-thumbnail'><dl class='gallery-item'>
			<dt class='gallery-icon landscape'>
				<a href='https://bursa3radom.pl/wp-content/uploads/2016/01/1516_06_1.jpg'><img loading="lazy" decoding="async" width="150" height="150" src="https://bursa3radom.pl/wp-content/uploads/2016/01/1516_06_1-150x150.jpg" class="attachment-thumbnail size-thumbnail" alt="" /></a>
			</dt></dl><dl class='gallery-item'>
			<dt class='gallery-icon landscape'>
				<a href='https://bursa3radom.pl/wp-content/uploads/2016/01/1516_06_2.jpg'><img loading="lazy" decoding="async" width="150" height="150" src="https://bursa3radom.pl/wp-content/uploads/2016/01/1516_06_2-150x150.jpg" class="attachment-thumbnail size-thumbnail" alt="" /></a>
			</dt></dl><dl class='gallery-item'>
			<dt class='gallery-icon landscape'>
				<a href='https://bursa3radom.pl/wp-content/uploads/2016/01/1516_06_3.jpg'><img loading="lazy" decoding="async" width="150" height="150" src="https://bursa3radom.pl/wp-content/uploads/2016/01/1516_06_3-150x150.jpg" class="attachment-thumbnail size-thumbnail" alt="" aria-describedby="gallery-1-1240" /></a>
			</dt>
				<dd class='wp-caption-text gallery-caption' id='gallery-1-1240'>
				Przekazanie władzy MRB
				</dd></dl><br style="clear: both" /><dl class='gallery-item'>
			<dt class='gallery-icon landscape'>
				<a href='https://bursa3radom.pl/wp-content/uploads/2016/01/1516_06_4.jpg'><img loading="lazy" decoding="async" width="150" height="150" src="https://bursa3radom.pl/wp-content/uploads/2016/01/1516_06_4-150x150.jpg" class="attachment-thumbnail size-thumbnail" alt="" /></a>
			</dt></dl><dl class='gallery-item'>
			<dt class='gallery-icon landscape'>
				<a href='https://bursa3radom.pl/wp-content/uploads/2016/01/1516_06_5.jpg'><img loading="lazy" decoding="async" width="150" height="150" src="https://bursa3radom.pl/wp-content/uploads/2016/01/1516_06_5-150x150.jpg" class="attachment-thumbnail size-thumbnail" alt="" /></a>
			</dt></dl><dl class='gallery-item'>
			<dt class='gallery-icon landscape'>
				<a href='https://bursa3radom.pl/wp-content/uploads/2016/01/1516_06_6.jpg'><img loading="lazy" decoding="async" width="150" height="150" src="https://bursa3radom.pl/wp-content/uploads/2016/01/1516_06_6-150x150.jpg" class="attachment-thumbnail size-thumbnail" alt="" /></a>
			</dt></dl><br style="clear: both" />
		</div>

<p><a title="rok szkolny 2015/2016" href="http://bursa3radom.pl/?page_id=1149">Powrót</a></p>

<p>Powrót W obecności dyrektora bursy, grona pedagogicznego i przedstawicieli grup przewodnicząca ustępującego samorządu podziękowała swoim kolegom i koleżankom za zaangażowanie w życie bursy życząc powodzenia w działaniu nowej radzie. Powrót</p>
